000
CXUS55 KLKN 011902
CLMWMC


CLIMATE REPORT
NATIONAL WEATHER SERVICE ELKO NV
1047 AM PST MON JAN 1 2018

...................................

...THE WINNEMUCCA AIRPORT NV CLIMATE SUMMARY FOR THE MONTH OF DECEMBER 2017...

CLIMATE NORMAL PERIOD 1981 TO 2010
CLIMATE RECORD PERIOD 1877 TO 2017

WEATHER         OBSERVED          NORMAL  DEPART  LAST YEAR`S
                 VALUE   DATE(S)  VALUE   FROM    VALUE  DATE(S)
                                          NORMAL
................................................................
TEMPERATURE (F)
RECORD
 HIGH              70   12/10/1939
 LOW              -37   12/22/1990
HIGHEST            59   12/30        58       1       51  12/09
                        12/29
LOWEST              1   12/13        -3       4       -4  12/26
AVG. MAXIMUM     46.6              41.3     5.3     37.2
AVG. MINIMUM     13.0              17.4    -4.4     14.8
MEAN             29.8              29.4     0.4     26.0
DAYS MAX >= 90      0               0.0     0.0        0
DAYS MAX <= 32      0               4.3    -4.3        9
DAYS MIN <= 32     31              28.1     2.9       30
DAYS MIN <= 0       0               2.0    -2.0        3

PRECIPITATION (INCHES)
RECORD
 MAXIMUM         3.66   1983
 MINIMUM            T   1877
TOTALS           0.31              0.93   -0.62     2.20
DAILY AVG.       0.01              0.03   -0.02     0.07
DAYS >= .01         4               8.0    -4.0       12
DAYS >= .10         2               3.1    -1.1        8
DAYS >= .50         0               0.2    -0.2        1
DAYS >= 1.00        0               0.0     0.0        0
GREATEST
 24 HR. TOTAL    0.13   12/20 TO 12/20              0.69

SNOWFALL (INCHES)
RECORDS
 TOTAL           26.0   1889
TOTALS            3.1               5.3    -2.2      6.2
SINCE 7/1         3.1               8.8    -5.7      6.8
SNOWDEPTH AVG.      0                                  1
DAYS >= TRACE       4               4.6    -0.6        9
DAYS >= 1.0         2               1.8     0.2        2
GREATEST
 SNOW DEPTH         1   12/22                          3
                        12/21
                        12/20
 24 HR TOTAL      1.1   12/16 TO 12/16               2.2

DEGREE_DAYS
HEATING TOTAL    1082              1105     -23     1200
 SINCE 7/1       2518              2673    -155     2535
COOLING TOTAL       0                 0       0        0
 SINCE 1/1        927               541     386      577
.................................................................

WIND (MPH)
AVERAGE WIND SPEED              4.8
HIGHEST WIND SPEED/DIRECTION    32/210    DATE  12/19
HIGHEST GUST SPEED/DIRECTION    43/210    DATE  12/20

AVERAGE RH (PERCENT)     60

WEATHER CONDITIONS. NUMBER OF DAYS WITH
THUNDERSTORM              0     MIXED PRECIP               0
HEAVY RAIN                0     RAIN                       1
LIGHT RAIN                1     FREEZING RAIN              0
LT FREEZING RAIN          0     HAIL                       0
HEAVY SNOW                0     SNOW                       0
LIGHT SNOW                4     SLEET                      0
FOG                       4     FOG W/VIS <= 1/4 MILE      0
HAZE                      2

-  INDICATES NEGATIVE NUMBERS.
R  INDICATES RECORD WAS SET OR TIED.
MM INDICATES DATA IS MISSING.
T  INDICATES TRACE AMOUNT.

&&

=====================================================================

$$

DS
