000
CXUS55 KLKN 091924
CLMWMC

CLIMATE REPORT...EDITED
NATIONAL WEATHER SERVICE ELKO NV
1200 PM PDT MON OCT 9 2017

...................................

...THE WINNEMUCCA AIRPORT NV CLIMATE SUMMARY FOR THE MONTH OF
SEPTEMBER 2017...

CLIMATE NORMAL PERIOD 1981 TO 2010
CLIMATE RECORD PERIOD 1877 TO 2017

WEATHER         OBSERVED          NORMAL  DEPART  LAST YEAR`S
                 VALUE   DATE(S)  VALUE   FROM    VALUE  DATE(S)
                                          NORMAL
................................................................
TEMPERATURE (F)
RECORD
 HIGH             103   09/03/2017
                        09/02/1950
                        07/18/1998
 LOW               12   09/24/1958
HIGHEST           103R  09/03        95       8       91  09/11
LOWEST             20   09/23        26      -6       30  09/23
                                                          09/16
AVG. MAXIMUM     80.8              80.9    -0.1     80.1
AVG. MINIMUM     41.5              39.6     1.9     39.0
MEAN             61.2              60.3     0.9     59.5
DAYS MAX >= 90     10               5.5     4.5        1
DAYS MAX <= 32      0               0.0     0.0        0
DAYS MIN <= 32      8               4.9     3.1        7
DAYS MIN <= 0       0               0.0     0.0        0

PRECIPITATION (INCHES)
RECORD
 MAXIMUM         2.80   1998
 MINIMUM         0.00   1974
                        1968
                        1926
TOTALS           0.16              0.44   -0.28     0.24
DAILY AVG.       0.01              0.01    0.00     0.01
DAYS >= .01         4               3.2     0.8        1
DAYS >= .10         0               1.3    -1.3        1
DAYS >= .50         0               0.1    -0.1        0
DAYS >= 1.00        0               0.0     0.0        0
GREATEST
 24 HR. TOTAL    0.06   09/21 TO 09/21              0.24
                        09/20 TO 09/20

SNOWFALL (INCHES)
RECORDS
 TOTAL            1.0   1986
TOTALS            0.0                 T     0.0      0.0
SINCE 7/1         0.0                 T     0.0      0.0
SNOWDEPTH AVG.      0                                  0
DAYS >= TRACE       0               0.0     0.0        0
DAYS >= 1.0         0               0.0     0.0        0
GREATEST
 SNOW DEPTH         0   MM                             0
 24 HR TOTAL      0.0   09/30 TO 09/30               0.0

DEGREE_DAYS
HEATING TOTAL     228               174      54      169
 SINCE 7/1        228               204      24      189
COOLING TOTAL     120                31      89       12
 SINCE 1/1        927               541     386      577
.................................................................

WIND (MPH)
AVERAGE WIND SPEED              6.8
HIGHEST WIND SPEED/DIRECTION    43/140    DATE  09/06
HIGHEST GUST SPEED/DIRECTION    57/130    DATE  09/06

AVERAGE RH (PERCENT)     44

WEATHER CONDITIONS. NUMBER OF DAYS WITH
THUNDERSTORM              0     MIXED PRECIP               0
HEAVY RAIN                0     RAIN                       0
LIGHT RAIN                6     FREEZING RAIN              0
LT FREEZING RAIN          0     HAIL                       0
HEAVY SNOW                0     SNOW                       0
LIGHT SNOW                0     SLEET                      0
FOG                       2     FOG W/VIS <= 1/4 MILE      0
HAZE                      5

-  INDICATES NEGATIVE NUMBERS.
R  INDICATES RECORD WAS SET OR TIED.
MM INDICATES DATA IS MISSING.
T  INDICATES TRACE AMOUNT.

&&

=====================================================================

A RECORD DAILY MAXIMUM TEMP OF 103 WAS SET ON THE 3RD.
THIS TIED THE ALL TIME WARMEST SEPTEMBER HIGH ON RECORD.
A RECORD DAILY MAXIMUM TEMP OF 102 WAS SET ON THE 4TH.
A RECORD DAILY MAXIMUM TEMP OF 102 WAS SET ON THE 5TH.
A RECORD DAILY MAXIMUM TEMP OF 98 WAS TIED ON THE 6TH.
A RECORD DAILY MAXIMUM TEMP OF 96 WAS TIED ON THE 11TH.

$$

DS
