462
CXUS56 KPDT 011642
CLMYKM

CLIMATE REPORT
NATIONAL WEATHER SERVICE PENDLETON OREGON
936 AM PDT THU SEP 01 2016

....................................

...THE YAKIMA WA CLIMATE SUMMARY FOR THE MONTH OF AUGUST 2016...

CLIMATE NORMAL PERIOD 1981 TO 2010
CLIMATE RECORD PERIOD 1909 TO 2016

WEATHER         OBSERVED          NORMAL  DEPART  LAST YEAR`S
                 VALUE   DATE(S)  VALUE   FROM    VALUE  DATE(S)
                                          NORMAL

................................................................

TEMPERATURE (F)
RECORD
 HIGH             110   8/10/1971
 LOW               35   8/22/1960
HIGHEST           100   8/18       99         1           105   8/ 1
LOWEST             46   8/23       41         5            47   8/22
AVG. MAXIMUM     91.0            86.8       4.2          90.8
AVG. MINUMUM     54.6            51.8       2.8          56.4
MEAN             72.8            69.3       3.5          73.6
DAYS MAX >= 90     20              12         8            17
DAYS MAX <= 32      0               0         0             0
DAYS MIN <= 32      0               0         0             0
DAYS MIN <= 0       0               0         0             0


PRECIPITATION (INCHES)
RECORD
 MAXIMUM          2.10   1975
 MINIMUM          0.00   1955
TOTALS               T            0.26     -0.26          0.01
DAILY AVG.        0.00            0.01     -0.01          0.00
DAYS >=  0.01        0               2        -2             1
DAYS >=  0.10        0               1        -1             0
DAYS >=  0.50        0               0         0             0
DAYS >=  1.00        0               0         0             0
GREATEST
 24 HR. TOTAL        T   8/ 8



SNOWFALL (INCHES)
RECORD
 MAXIMUM           0.0   1953
 MINIMUM           0.0   2015
TOTALS             0.0             0.0       0.0           0.0
SINCE 7/1          0.0             0.0       0.0           0.0
DAYS >=  TRACE                       0         0
DAYS >=  1.0         0               0         0             0
GREATEST
 24 HR. TOTAL      0.0   8/31


DEGREE DAYS
HEATING TOTAL        3              28       -25             1
 SINCE 7/1           3              47       -44             1
COOLING TOTAL      255             159        96           276
 SINCE 1/1         753             432       321          1057

.............................................................

WIND (MPH)
AVERAGE WIND SPEED                     6.5
RESULTANT WIND SPEED/DIRECTION         3/270
HIGHEST WIND SPEED/DIRECTION          31/280      DATE          08/02
HIGHEST GUST SPEED/DIRECTION          40/280      DATE          08/02


WEATHER CONDITIONS. NUMBER OF DAYS WITH
THUNDERSTORM               0    MIXED PRECIP                        0
HEAVY RAIN                 0    RAIN                                0
LIGHT RAIN                 1    FREEZING RAIN                       0
LT FREEZING RAIN           0    HAIL                                0
HEAVY SNOW                 0    SNOW                                0
LIGHT SNOW                 0    SLEET                               0
FOG                        0    FOG W/VIS <=1/4 MILE                0
HAZE                       1

-  INDICATES NEGATIVE NUMBERS.
R  INDICATES RECORD WAS SET OR TIED.
MM INDICATES DATA IS MISSING.
T  INDICATES TRACE AMOUNT.

$$
