000
CXUS51 KGYX 040433
CLSAUG

PWMCLMAUG 000
TTAA00 KGYX 021024


CLIMATE REPORT
NATIONAL WEATHER SERVICE GRAY ME
1233 AM EDT MON SEP 4 2017

...................................

...THE AUGUSTA CLIMATE SUMMARY FOR THE SUMMER SEASON, FROM
6/1/2017 TO 8/31/2017...

CLIMATE NORMAL PERIOD 1981 TO 2010
CLIMATE RECORD PERIOD 1948 TO 2017

WEATHER         OBSERVED          NORMAL  DEPART  LAST YEAR`S
                 VALUE   DATE(S)  VALUE   FROM    VALUE  DATE(S)
                                          NORMAL
................................................................
TEMPERATURE (F)
RECORD
 HIGH             100   08/05/1955
 LOW               36   06/09/1955
HIGHEST            91   06/12        93      -2       94  08/11
                        06/11
LOWEST             46   06/06        44       2       47  06/11
AVG. MAXIMUM     77.0              77.1    -0.1     78.6
AVG. MINIMUM     57.4              57.6    -0.2     58.1
MEAN             67.2              67.3    -0.1     68.3
DAYS MAX >= 90      2               4.0    -2.0        5
DAYS MAX <= 32      0               0.0     0.0        0
DAYS MIN <= 32      0               0.0     0.0        0
DAYS MIN <= 0       0               0.0     0.0        0

PRECIPITATION (INCHES)
RECORD
 MAXIMUM        18.94   2009
 MINIMUM         4.76   1949
TOTALS           6.24             10.29   -4.05     8.01
DAILY AVG.       0.07              0.11   -0.04     0.08
DAYS >= .01        34              34.9    -0.9       29
DAYS >= .10        20              19.6     0.4       17
DAYS >= .50         4               6.3    -2.3        4
DAYS >= 1.00        1               2.1    -1.1        3
GREATEST
 24 HR. TOTAL    1.12   08/18

DEGREE_DAYS
HEATING TOTAL     119               137     -18      103
 SINCE 7/1         41                42      -1       25
COOLING TOTAL     349               348       1      442
 SINCE 1/1        360               357       3      457
.................................................................

WIND (MPH)
AVERAGE WIND SPEED              5.8
HIGHEST WIND SPEED/DIRECTION    23/020    DATE  07/20
HIGHEST GUST SPEED/DIRECTION    33/280    DATE  08/06

SKY COVER
AVERAGE SKY COVER           0.40

AVERAGE RH (PERCENT)     69

WEATHER CONDITIONS. NUMBER OF DAYS WITH
THUNDERSTORM             10     HEAVY RAIN                 7
RAIN                     12     LIGHT RAIN                35
FREEZING RAIN             0     LT FREEZING RAIN           0
HEAVY SNOW                0     SNOW                       0
LIGHT SNOW                0     FOG                       45
FOG W/VIS <= 1/4 MILE    13     HAZE                       3

-  INDICATES NEGATIVE NUMBERS.
R  INDICATES RECORD WAS SET OR TIED.
MM INDICATES DATA IS MISSING.
T  INDICATES TRACE AMOUNT.

&&

THE SUMMER BEGAN WITH A PERIOD OF COOL, WET WEATHER. RAIN WAS
OBSERVED ON THE FIRST 6 DAYS OF THE MONTH, THOUGH IT DID NOT
ACCUMULATE TO MUCH. THE LOW TEMPERATURE OF 46 DEGREES ON JUNE 6 WAS
THE COOLEST OF THE SUMMER. BUT A SHIFT TOWARD WARMER WEATHER SOON
OCCURRED, AND JUST 5 DAYS LATER THE HOTTEST TEMPERATURE OF THE
SUMMER WAS RECORDED WHEN AUGUSTA REACHED 91 DEGREES ON JUNE 11 AND
12. THE NEXT SEVERAL WEEKS FEATURED ALTERNATING PERIODS OF WARMER
AND COOLER WEATHER, WITH THE MOST PERSISTENT WARMTH COMING IN MID
JULY. A COLD FRONT BROUGHT ABOUT A WEEK OF COOLER WEATHER BEGINNING
ON JULY 23. AUGUST BROUGHT A FEW MORE STRETCHES OF WARM WEATHER,
PERIODICALLY BROKEN UP BY A FEW DAYS OF COOLER WEATHER AND SHOWERS.
A FRONTAL SYSTEM ON AUGUST 18 BROUGHT MORE THAN AN INCH OF RAINFALL,
THE HEAVIEST RAIN OF THE SUMMER. MORE FALL-LIKE WEATHER BEGAN
ARRIVING TOWARD THE END OF AUGUST WITH COOL AND DRY CONDITIONS IN
PLACE FOR THE FINAL WEEK OF THE MONTH.

THE AVERAGE TEMPERATURE FOR THE SUMMER WAS 67.2 DEGREES WHICH WAS
ONLY 0.1 DEGREES BELOW NORMAL. THE COOLEST SUMMER ON RECORD WAS IN
1968 WHEN THE AVERAGE TEMPERATURE WAS ONLY 63.7 DEGREES. THE WARMEST
WAS IN 1973 WHEN IT WAS 71.2 DEGREES.

A TOTAL OF 6.24 INCHES OF RAIN FELL WHICH WAS 4.05 INCHES BELOW
NORMAL AND THE DRIEST SUMMER SINCE 1999. THE HEAVIEST RAIN WAS ON
AUGUST 18 WHEN 1.12 INCHES WAS RECORDED. THE DRIEST SUMMER ON RECORD
WAS IN 1949 WHEN ONLY 4.76 INCHES OF RAIN WAS RECORDED. THE WETTEST
WAS IN 2009 WITH 18.94 INCHES. THE FOLLOWING TABLE LISTS THE DRIEST
SUMMERS ON RECORD AT AUGUSTA.

DRIEST SUMMERS IN AUGUSTA (SINCE 1948)...
RANK  RAIN  YEAR
1     4.76  1949
2     4.89  1999
3     5.25  1995
4     5.78  1994
5     6.15  1952
6     6.24  2017 <===
7     6.31  1978
8     6.48  1948
9     6.62  1980
      6.62  1965

THE FOLLOWING DAILY RECORDS WERE SET OR TIED IN SUMMER 2017...
DATE    RECORD                               PREVIOUS
JUN 5   57   - COOLEST HIGH TEMPERATURE      57 IN 1992 /TIED/
JUN 11  91   - WARMEST HIGH TEMPERATURE      91 IN 1984 /TIED/
JUN 12  91   - WARMEST HIGH TEMPERATURE      88 IN 1996, 1973, 1956
AUG 18  63   - COOLEST HIGH TEMPERATURE      65 IN 1979

$$

KIMBLE
