000
CXUS51 KBGM 021422
CLSAVP


CLIMATE REPORT
NATIONAL WEATHER SERVICE BINGHAMTON NY
915 AM EST SUN MAR 2 2014

...................................

...THE AVOCA PA CLIMATE SUMMARY FOR THE SEASON, FROM
12/1/2013 TO 2/28/2014...

CLIMATE NORMAL PERIOD 1981 TO 2010
CLIMATE RECORD PERIOD 1901 TO 2014

WEATHER         OBSERVED          NORMAL  DEPART  LAST YEAR`S
                 VALUE   DATE(S)  VALUE   FROM    VALUE  DATE(S)
                                          NORMAL
................................................................
TEMPERATURE (F)
RECORD
 HIGH              71   12/01/2006
                        02/24/1985
 LOW              -21   01/21/1994
HIGHEST            66   12/22        34      32       63  01/30
                                                          12/04
LOWEST             -6   02/12        20     -26        0  01/24
AVG. MAXIMUM     33.4              35.8    -2.4     37.9
AVG. MINIMUM     17.2              21.0    -3.8     24.9
MEAN             25.3              28.4    -3.1     31.4
DAYS MAX >= 90      0               0.0     0.0        0
DAYS MAX <= 32     47              32.2    14.8       25
DAYS MIN <= 32     79              76.6     2.4       73
DAYS MIN <= 0       8               2.9     5.1        1

PRECIPITATION (INCHES)
RECORD
 MAXIMUM        12.47   2008
 MINIMUM         2.78   1979
TOTALS           8.22              7.08    1.14     7.25
DAILY AVG.       0.09              0.08    0.01     0.08
DAYS >= .01        41              34.5     6.5       43
DAYS >= .10        20              16.7     3.3       20
DAYS >= .50         6               4.0     2.0        1
DAYS >= 1.00        0               1.0    -1.0        1
GREATEST
 24 HR. TOTAL    0.99   12/06 TO 12/06

SNOWFALL (INCHES)
RECORDS
 TOTAL           64.5   1993
 24 HR TOTAL     18.3   01/13/1964 TO 01/13/1964
TOTALS           53.1              30.9    22.2     24.9
SINCE 7/1        55.8              33.9    21.9     26.9
DAYS >= TRACE      53              24.1    28.9       46
DAYS >= 1.0        16               8.7     7.3        8
GREATEST
 24 HR TOTAL      8.3   02/13 TO 02/13

DEGREE_DAYS
HEATING TOTAL    3547              3293     254     2997
 SINCE 7/1       4823              4606     217     4224
COOLING TOTAL       0                 0       0        0
 SINCE 1/1          0                 0       0        0

FREEZE DATES
RECORD
 EARLIEST     09/21/1956
 LATEST       05/25/1956
EARLIEST                        10/15
LATEST                          04/26
..........................................................

WIND (MPH)
AVERAGE WIND SPEED              7.5
RESULTANT WIND SPEED/DIRECTION   4/256
HIGHEST WIND SPEED/DIRECTION    30/240    DATE  02/22
HIGHEST GUST SPEED/DIRECTION    43/190    DATE  01/11

SKY COVER
POSSIBLE SUNSHINE (PERCENT)   MM
AVERAGE SKY COVER           0.60
NUMBER OF DAYS FAIR           22
NUMBER OF DAYS PC             35
NUMBER OF DAYS CLOUDY         33

AVERAGE RH (PERCENT)     68

WEATHER CONDITIONS. NUMBER OF DAYS WITH
THUNDERSTORM              0     MIXED PRECIP               0
HEAVY RAIN                5     RAIN                       9
LIGHT RAIN               18     FREEZING RAIN              1
LT FREEZING RAIN          5     HAIL                       0
HEAVY SNOW                6     SNOW                      20
LIGHT SNOW               43     SLEET                      0
FOG                      52     FOG W/VIS <= 1/4 MILE     13
HAZE                     40

-  INDICATES NEGATIVE NUMBERS.
R  INDICATES RECORD WAS SET OR TIED.
MM INDICATES DATA IS MISSING.
T  INDICATES TRACE AMOUNT.

&&

8TH SNOWIEST DECEMBER TO FEBRUARY

$$

TAC
