321
CXUS51 KCTP 011144
CLSBFD

CLIMATE REPORT
NATIONAL WEATHER SERVICE STATE COLLEGE PA
720 AM EDT FRI SEP 1 2017

...................................

...THE BRADFORD CLIMATE SUMMARY FOR THE SEASON, FROM
6/1/2017 TO 8/31/2017...

CLIMATE NORMAL PERIOD 1981 TO 2010
CLIMATE RECORD PERIOD 1957 TO 2017

WEATHER         OBSERVED          NORMAL  DEPART  LAST YEAR`S
                 VALUE   DATE(S)  VALUE   FROM    VALUE  DATE(S)
                                          NORMAL
................................................................
TEMPERATURE (F)
RECORD
 HIGH              97   07/22/2011
                        07/16/1988
 LOW               25   08/29/1986
                        06/11/1972
HIGHEST            87   06/13        MM      MM       87  07/23
LOWEST             37   06/02        MM      MM       36  06/10
                                                          06/09
AVG. MAXIMUM     75.7              75.5     0.2     78.5
AVG. MINIMUM     53.0              51.6     1.4     54.7

MEAN             64.3              63.6     0.7     66.6
DAYS MAX >= 90      0                MM      MM        0
DAYS MAX <= 32      0                MM      MM        0
DAYS MIN <= 32      0                MM      MM        0
DAYS MIN <= 0       0                MM      MM        0

PRECIPITATION (INCHES)
RECORD
 MAXIMUM        21.21   1994
 MINIMUM         5.77   1966

TOTALS          13.95             13.21    0.74    14.57
DAILY AVG.       0.15              0.14    0.01     0.16
DAYS >= .01        35                MM      MM       37
DAYS >= .10        25                MM      MM       27
DAYS >= .50         9                MM      MM        7
DAYS >= 1.00        5                MM      MM        5
GREATEST
 24 HR. TOTAL    1.84   07/23
 STORM TOTAL       MM
 (MM/DD(HH))            MM

DEGREE_DAYS
HEATING TOTAL     241               298     -57      135
 SINCE 7/1        109               153     -44       43
COOLING TOTAL     205               167      38      306
 SINCE 1/1        224               177      47      325

FREEZE DATES
RECORD
 EARLIEST     08/05/1972
 LATEST       06/30/1961
EARLIEST                        MM
LATEST                          MM
..................................................

WIND (MPH)
AVERAGE WIND SPEED              5.3
RESULTANT WIND SPEED/DIRECTION   2/258
HIGHEST WIND SPEED/DIRECTION    30/280    DATE  08/22
HIGHEST GUST SPEED/DIRECTION    46/280    DATE  08/22

SKY COVER
POSSIBLE SUNSHINE (PERCENT)   MM
AVERAGE SKY COVER           0.40
NUMBER OF DAYS FAIR           39
NUMBER OF DAYS PC             44
NUMBER OF DAYS CLOUDY          9

AVERAGE RH (PERCENT)     77

WEATHER CONDITIONS. NUMBER OF DAYS WITH
THUNDERSTORM             23     MIXED PRECIP               0
HEAVY RAIN               22     RAIN                      26
LIGHT RAIN               49     FREEZING RAIN              0
LT FREEZING RAIN          0     HAIL                       0
HEAVY SNOW                0     SNOW                       0
LIGHT SNOW                0     SLEET                      0
FOG                      75     FOG W/VIS <= 1/4 MILE     17
HAZE                      1

-  INDICATES NEGATIVE NUMBERS.
R  INDICATES RECORD WAS SET OR TIED.
MM INDICATES DATA IS MISSING.
T  INDICATES TRACE AMOUNT.

$$

LA CORTE
