000
CXUS53 KBIS 011657
CLSBIS

CLIMATE REPORT
NATIONAL WEATHER SERVICE BISMARCK ND
1137 AM CDT MON JUN 1 2015

...................................

...THE BISMARCK ND CLIMATE SUMMARY FOR THE SEASON, FROM
3/1/2015 TO 5/31/2015...

CLIMATE NORMAL PERIOD 1981 TO 2010
CLIMATE RECORD PERIOD 1875 TO 2015

WEATHER       OBSERVED         NORMAL  DEPART  LAST YEAR`S
                 VALUE   DATE(S)  VALUE   FROM    VALUE  DATE(S)
                                          NORMAL
................................................................
TEMPERATURE (F)
RECORD
 HIGH             102   05/30/1934
                        05/28/1934
 LOW              -36   03/15/1897
HIGHEST            87   05/02        MM      MM       92  05/29
LOWEST             -8   03/05        MM      MM      -14  03/01
AVG. MAXIMUM     58.8              55.3     3.5     53.6
AVG. MINIMUM     31.4              30.9     0.5     29.2
MEAN             45.1              43.1     2.0     41.4
DAYS MAX >= 90      0               0.5    -0.5        1
DAYS MAX <= 32      3               9.0    -6.0       13
DAYS MIN <= 32     51              49.4     1.6       57
DAYS MIN <= 0       2               2.4    -0.4        2

PRECIPITATION (INCHES)
RECORD
 MAXIMUM           MM   MM
 MINIMUM           MM   MM
TOTALS           6.13              4.53    1.60     3.62
DAILY AVG.       0.06              0.05    0.01     0.04
DAYS >= .01        22              25.4    -3.4       22
DAYS >= .10        10              11.3    -1.3        8
DAYS >= .50         4               2.2     1.8        3
DAYS >= 1.00        2               0.5     1.5        0
GREATEST
 24 HR. TOTAL    2.46              05/16 TO 5/17

SNOWFALL (INCHES)
RECORDS
 TOTAL             MM   MM
TOTALS            1.2              13.7

DEGREE_DAYS
HEATING TOTAL    1810
COOLING TOTAL       6
..................................................

WIND (MPH)
HIGHEST WIND SPEED/DIRECTION    43/280    DATE  04/02
HIGHEST GUST SPEED/DIRECTION    54/290    DATE  04/02

SKY COVER
POSSIBLE SUNSHINE (PERCENT)   MM
NUMBER OF DAYS FAIR           49
NUMBER OF DAYS PC             26
NUMBER OF DAYS CLOUDY         17

AVERAGE RH (PERCENT)     61

WEATHER CONDITIONS. NUMBER OF DAYS WITH
THUNDERSTORM              0     MIXED PRECIP               0
HEAVY RAIN                6     RAIN                       8
LIGHT RAIN               25     FREEZING RAIN              0
LT FREEZING RAIN          0     HAIL                       0
HEAVY SNOW                0     SNOW                       1
LIGHT SNOW               14     SLEET                      0
FOG                      27     FOG W/VIS <= 1/4 MILE      3
HAZE                     10

-  INDICATES NEGATIVE NUMBERS.
R  INDICATES RECORD WAS SET OR TIED.
MM INDICATES DATA IS MISSING.
T  INDICATES TRACE AMOUNT.
