312
CXUS53 KDVN 011620
CLSCID


CLIMATE REPORT
NATIONAL WEATHER SERVICE QUAD CITIES IA IL
1016 AM CST TUE MAR 1 2016

...................................

...THE CEDAR RAPIDS IA CLIMATE SUMMARY FOR THE SEASON, FROM
12/1/2015 TO 2/29/2016...

CLIMATE NORMAL PERIOD 1981 TO 2010
CLIMATE RECORD PERIOD 1891 TO 2016

WEATHER         OBSERVED          NORMAL  DEPART
                 VALUE   DATE(S)  VALUE   FROM
                                          NORMAL
................................................
TEMPERATURE (F)
RECORD
 HIGH              73   02/15/1921
 LOW              -29   01/15/2009
HIGHEST            64   02/27        39      25
LOWEST             -9   01/17        11     -20
AVG. MAXIMUM     35.6              31.0     4.6
AVG. MINIMUM     21.8              13.7     8.1
MEAN             28.7              22.4     6.3
DAYS MAX >= 90      0
DAYS MAX <= 32     33
DAYS MIN <= 32     75
DAYS MIN <= 0       6

PRECIPITATION (INCHES)
TOTALS           4.67R             3.56    1.11
DAILY AVG.       0.05              0.04    0.01
DAYS >= .01        19
DAYS >= .10         8
DAYS >= .50         2
DAYS >= 1.00        2
GREATEST
 24 HR. TOTAL    2.12   12/13 TO 12/14

DEGREE_DAYS
HEATING TOTAL    3280              3837    -557
 SINCE 7/1       4311              5318   -1007
COOLING TOTAL       0                 0       0
 SINCE 1/1          0                 0       0
.................................................

WIND (MPH)
AVERAGE WIND SPEED              11.4
HIGHEST WIND SPEED/DIRECTION    46/270    DATE  02/19
HIGHEST GUST SPEED/DIRECTION    59/270    DATE  02/19

SKY COVER
POSSIBLE SUNSHINE (PERCENT)   MM
AVERAGE SKY COVER           0.60
NUMBER OF DAYS FAIR           26
NUMBER OF DAYS PC             33
NUMBER OF DAYS CLOUDY         32

AVERAGE RH (PERCENT)     83

WEATHER CONDITIONS. NUMBER OF DAYS WITH
THUNDERSTORM              2     HAIL                       0
SLEET                     1     FOG                       59
FOG W/VIS <= 1/4 MILE    12     HAZE                      12

-  INDICATES NEGATIVE NUMBERS.
R  INDICATES RECORD WAS SET OR TIED.
MM INDICATES DATA IS MISSING.
T  INDICATES TRACE AMOUNT.

$$
