000
CXUS55 KPUB 041603 CCA
CLSCOS

CLIMATE REPORT
NATIONAL WEATHER SERVICE PUEBLO
1038 AM MDT WED SEP 3 2014

...................................

...THE COLORADO SPRINGS CO CLIMATE SUMMARY FOR THE SEASON, FROM
6/1/2014 TO 8/31/2014...

CLIMATE NORMAL PERIOD 1981 TO 2010
CLIMATE RECORD PERIOD 1872 TO 2014

WEATHER         OBSERVED          NORMAL  DEPART  LAST YEAR`S
                 VALUE   DATE(S)  VALUE   FROM    VALUE  DATE(S)
                                          NORMAL
................................................................
TEMPERATURE (F)
RECORD
 HIGH             101   06/26/2012
 LOW               27   06/01/1903
HIGHEST            96   06/29                         98  06/27
                                                          06/10
LOWEST             41   06/10                         45  06/02
                                                          06/01
AVG. MAXIMUM     82.3              81.8     0.5     84.6
AVG. MINIMUM     54.7              54.7     0.0     56.8
MEAN             68.5              68.3     0.2     70.7
DAYS MAX >= 90     16              13.9     2.1
DAYS MAX <= 32      0               0.0     0.0
DAYS MIN <= 32      0               0.0     0.0
DAYS MIN <= 0       0               0.0     0.0

PRECIPITATION (INCHES)
RECORD
 MAXIMUM        16.85   1965
 MINIMUM         2.47   1939
TOTALS           8.26              8.68   -0.42    10.93
DAILY AVG.       0.09              0.09    0.00
DAYS >= .01        32              35.3    -3.3
DAYS >= .10        17              18.0    -1.0
DAYS >= .50         8               4.9     3.1
DAYS >= 1.00        0               1.7    -1.7
GREATEST
 24 HR. TOTAL    1.37   07/29 TO 07/30

SNOWFALL (INCHES)
RECORDS
 TOTAL            2.0   1917
TOTALS              T               0.0     0.0        T
SINCE 7/1           T               0.0     0.0        T
SNOWDEPTH AVG.      0
DAYS >= 1.0         0               0.0     0.0
GREATEST
 SNOW DEPTH         0   MM                             0
 24 HR TOTAL        T   08/25 TO 08/25               0.0
                        07/16 TO 07/16
                        06/30 TO 06/30

DEGREE_DAYS
HEATING TOTAL      69               110     -41       35
 SINCE 7/1         30                31      -1       10
COOLING TOTAL     414               409       5      580
 SINCE 1/1        427               418       9      602
.................................................................

WIND (MPH)
AVERAGE WIND SPEED              9.1
HIGHEST WIND SPEED/DIRECTION    48/350    DATE  08/17
HIGHEST GUST SPEED/DIRECTION    58/350    DATE  08/17

SKY COVER
POSSIBLE SUNSHINE (PERCENT)   MM
AVERAGE SKY COVER           0.50
NUMBER OF DAYS FAIR           14
NUMBER OF DAYS PC             64
NUMBER OF DAYS CLOUDY         14

AVERAGE RH (PERCENT)     53

WEATHER CONDITIONS. NUMBER OF DAYS WITH
THUNDERSTORM             49     MIXED PRECIP               0
HEAVY RAIN               12     RAIN                      20
LIGHT RAIN               56     FREEZING RAIN              0
LT FREEZING RAIN          0     HAIL                       8
HEAVY SNOW                0     SNOW                       0
LIGHT SNOW                0     SLEET                      0
FOG                      21     FOG W/VIS <= 1/4 MILE      4
HAZE                     10

-  INDICATES NEGATIVE NUMBERS.
R  INDICATES RECORD WAS SET OR TIED.
MM INDICATES DATA IS MISSING.
T  INDICATES TRACE AMOUNT.

$$
