000
CXUS53 KGRR 020418
CLSGRR

WRKCLMGRR 000
TTAA00 KGRR 020416


CLIMATE REPORT
NATIONAL WEATHER SERVICE GRAND RAPIDS, MI
1218 AM EDT TUE SEP 2 2014

...................................

...THE GRAND RAPIDS MI CLIMATE SUMMARY FOR THE SEASON, FROM
6/1/2014 TO 8/31/2014...

CLIMATE NORMAL PERIOD 1981 TO 2010
CLIMATE RECORD PERIOD 1892 TO 2014

WEATHER         OBSERVED          NORMAL  DEPART  LAST YEAR`S
                 VALUE   DATE(S)  VALUE   FROM    VALUE  DATE(S)
                                          NORMAL
................................................................
TEMPERATURE (F)
RECORD
 HIGH             108   07/13/1936
 LOW               32   06/04/1945
HIGHEST            89   07/22        93      -4       96  07/19
LOWEST             44   06/14        41       3       41  06/03
AVG. MAXIMUM     79.6              80.8    -1.2     80.6
AVG. MINIMUM     60.1              60.3    -0.2     60.2
MEAN             69.8              70.6    -0.8     70.4
DAYS MAX >= 90      0               7.8    -7.8        7
DAYS MAX <= 32      0               0.0     0.0        0
DAYS MIN <= 32      0               0.0     0.0        0
DAYS MIN <= 0       0               0.0     0.0        0

PRECIPITATION (INCHES)
RECORD
 MAXIMUM        22.63   1994
 MINIMUM         3.18   1918
TOTALS          13.25             11.14    2.11     9.63
DAILY AVG.       0.14              0.12    0.02     0.10
DAYS >= .01        37              29.4     7.6       31
DAYS >= .10        22              18.2     3.8       19
DAYS >= .50         8               7.6     0.4        7
DAYS >= 1.00        3               3.0     0.0        2
GREATEST
 24 HR. TOTAL    2.08   06/18 TO 06/18

SNOWFALL (INCHES)
RECORDS
 TOTAL            0.0   MM
TOTALS            0.0               0.0     0.0      0.0
SINCE 7/1         0.0
SNOWDEPTH AVG.      0                MM      MM        0
DAYS >= 1.0         0               0.0     0.0
GREATEST
 SNOW DEPTH         0   MM                             0  MM
 24 HR TOTAL      0.0   MM

DEGREE_DAYS
HEATING TOTAL      32                65     -33       66
 SINCE 7/1         19                20      -1       26
COOLING TOTAL     507               578     -71      588
 SINCE 1/1        560               625     -65      670

FREEZE DATES
EARLIEST                        10/13
LATEST                          05/02
.................................................................

WIND (MPH)
AVERAGE WIND SPEED              7.7
HIGHEST WIND SPEED/DIRECTION    38/150    DATE  06/28
HIGHEST GUST SPEED/DIRECTION    50/190    DATE  06/02

SKY COVER
POSSIBLE SUNSHINE (PERCENT)   63
AVERAGE SKY COVER           0.50
NUMBER OF DAYS FAIR           14
NUMBER OF DAYS PC             64
NUMBER OF DAYS CLOUDY         14

AVERAGE RH (PERCENT)     72

WEATHER CONDITIONS. NUMBER OF DAYS WITH
THUNDERSTORM             24     MIXED PRECIP               0
HEAVY RAIN               16     RAIN                      22
LIGHT RAIN               40     FREEZING RAIN              0
LT FREEZING RAIN          0     HAIL                       0
HEAVY SNOW                0     SNOW                       0
LIGHT SNOW                0     SLEET                      0
FOG                      58     FOG W/VIS <= 1/4 MILE      5
HAZE                     16

-  INDICATES NEGATIVE NUMBERS.
R  INDICATES RECORD WAS SET OR TIED.
MM INDICATES DATA IS MISSING.
T  INDICATES TRACE AMOUNT.

$$

EBW
