000
CXUS54 KLZK 020020
CLSHRO


CLIMATE REPORT
NATIONAL WEATHER SERVICE LITTLE ROCK AR
715 PM CDT THU SEP 1 2016

...................................

...THE HARRISON CLIMATE SUMMARY FOR THE SEASON, FROM
6/1/2016 TO 8/31/2016...

CLIMATE NORMAL PERIOD 1981 TO 2010
CLIMATE RECORD PERIOD 1891 TO 2016

WEATHER         OBSERVED          NORMAL  DEPART  LAST YEAR`S
                 VALUE   DATE(S)  VALUE   FROM    VALUE  DATE(S)
                                          NORMAL
................................................................
TEMPERATURE (F)
RECORD
 HIGH             112   08/03/2011
                        07/18/1936
                        08/09/1934
 LOW               40   06/12/1903
HIGHEST            97   07/24        87      10       97  08/09
LOWEST             55   08/22        67     -12       52  08/20
                        06/08
AVG. MAXIMUM     87.6              87.5     0.1     86.5
AVG. MINIMUM     68.3              65.7     2.6     66.9
MEAN             77.9              76.6     1.3     76.7
DAYS MAX >= 90     32              33.4    -1.4       28
DAYS MAX <= 32      0               0.0     0.0        0
DAYS MIN <= 32      0               0.0     0.0        0
DAYS MIN <= 0       0               0.0     0.0        0

PRECIPITATION (INCHES)
RECORD
 MAXIMUM        25.55   1915
 MINIMUM         2.99   2006
TOTALS          15.45             10.96    4.49    17.27
DAILY AVG.       0.17              0.12    0.05     0.19
DAYS >= .01        36              29.9     6.1       27
DAYS >= .10        23                                 21
DAYS >= .50        10                                 11
DAYS >= 1.00        5               2.9     2.1        6
GREATEST
 24 HR. TOTAL    2.16   08/05 TO 08/05

SNOWFALL (INCHES)
TOTALS            0.0               0.0     0.0      0.0
 LIQUID EQUIV    0.00              0.00    0.00     0.00
SINCE 7/1         0.0
 LIQUID 7/1      0.00              0.00    0.00     0.00
SNOWDEPTH AVG.      0                 0       0        0
DAYS >= TRACE       0               0.0     0.0        0
DAYS >= 1.0         0               0.0     0.0        0
GREATEST
 SNOW DEPTH         0
 24 HR TOTAL      0.0

DEGREE_DAYS
HEATING TOTAL       0                 7      -7        1
 SINCE 7/1          0                 1      -1        1
COOLING TOTAL    1206              1072     134     1096
 SINCE 1/1       1311              1211     100     1220

FREEZE DATES
RECORD
 EARLIEST     09/13/1902
 LATEST       05/17/1912
EARLIEST                        10/29
LATEST                          04/04
.................................................

WIND (MPH)
AVERAGE WIND SPEED              4.8
HIGHEST WIND SPEED/DIRECTION    39/020    DATE  08/05
HIGHEST GUST SPEED/DIRECTION    54/030    DATE  08/05

SKY COVER
POSSIBLE SUNSHINE (PERCENT)   MM
AVERAGE SKY COVER           0.20
NUMBER OF DAYS FAIR           68
NUMBER OF DAYS PC             19
NUMBER OF DAYS CLOUDY          5

AVERAGE RH (PERCENT)     77

WEATHER CONDITIONS. NUMBER OF DAYS WITH
THUNDERSTORM              0     MIXED PRECIP               0
HEAVY RAIN               21     RAIN                      18
LIGHT RAIN               42     FREEZING RAIN              0
LT FREEZING RAIN          0     HAIL                       0
HEAVY SNOW                0     SNOW                       0
LIGHT SNOW                0     SLEET                      0
FOG                      59     FOG W/VIS <= 1/4 MILE     16
HAZE                      1

-  INDICATES NEGATIVE NUMBERS.
R  INDICATES RECORD WAS SET OR TIED.
MM INDICATES DATA IS MISSING.
T  INDICATES TRACE AMOUNT.

&&

...DATA FOR HARRISON FOR SUMMER OF 2016...

.SEASONAL TEMPERATURES...
THE AVERAGE HIGH TEMPERATURE WAS THE WARMEST SINCE 2012. THE AVERAGE LOW
TEMPERATURE WAS THE WARMEST SINCE 2011...AND THE 7TH WARMEST ON RECORD.
THE AVERAGE SEASONAL TEMPERATURE WAS THE WARMES SINCE 2012.

.SEASONAL RAINFALL...
SUMMER RAINFALL WAS ABOVE AVERAGE. HOWEVER...IT WAS THE DRIEST SUMMER SINCE 2014.

$$

57
