000
CXUS51 KCTP 011407
CLSMDT

CLIMATE REPORT
NATIONAL WEATHER SERVICE STATE COLLEGE PA
904 AM EST SAT MAR 1 2014

...................................

...THE HARRISBURG PA CLIMATE SUMMARY FOR THE SEASON, FROM
12/1/2013 TO 2/28/2014...

CLIMATE NORMAL PERIOD 1981 TO 2010
CLIMATE RECORD PERIOD 1888 TO 2014

WEATHER         OBSERVED          NORMAL  DEPART  LAST YEAR`S
                 VALUE   DATE(S)  VALUE   FROM    VALUE  DATE(S)
                                          NORMAL
................................................................
TEMPERATURE (F)
RECORD
 HIGH              78   02/27/1997
 LOW              -22   01/21/1994
HIGHEST            70   12/22         0      70       67  12/04
LOWEST              0   01/07         0       0       10  01/27

AVG. MAXIMUM     36.4              39.6    -3.2     41.4
AVG. MINIMUM     19.8              24.8    -5.0     27.5
MEAN             28.1              32.2    -4.1     34.4
DAYS MAX >= 90      0               0.0     0.0        0
DAYS MAX <= 32     33              19.0    14.0       11
DAYS MIN <= 32     83              72.5    10.5       68
DAYS MIN <= 0       1               0.4     0.6        0

PRECIPITATION (INCHES)
RECORD
 MAXIMUM        16.70   1978
 MINIMUM         3.18   1979

TOTALS          10.45              8.50    1.95     8.74
DAILY AVG.       0.12              0.09    0.03     0.09
DAYS >= .01        31              30.2     0.8       36
DAYS >= .10        23              17.3     5.7       22
DAYS >= .50         7               6.5     0.5        5
DAYS >= 1.00        3               1.6     1.4        1
GREATEST
 24 HR. TOTAL    1.38   MM

 STORM TOTAL       MM
 (MM/DD(HH))            MM


SNOWFALL (INCHES)
RECORDS
 TOTAL           74.8   1960
 24 HR TOTAL       MM
 SNOW DEPTH        MM   MM
TOTALS           42.6              24.4    18.2     12.2
 LIQUID EQUIV      MM              0.00      MM     1.22
SINCE 7/1        42.6              25.0    17.6     13.3
 LIQUID 7/1      0.00              2.50   -2.50     1.33
SNOWDEPTH AVG.      2                MM      MM        0
DAYS >= TRACE      32              13.0    19.0       32
DAYS >= 1.0        12               6.4     5.6        6
GREATEST
 SNOW DEPTH         9   02/16

 24 HR TOTAL      9.0   MM

 STORM TOTAL       MM
 (MM/DD(HH))            MM


DEGREE_DAYS
HEATING TOTAL    3291              2949     342     2726
 SINCE 7/1         MM              3988      MM       MM
COOLING TOTAL       0                 0       0        0
 SINCE 1/1          0                 0       0        0

FREEZE DATES
RECORD
 EARLIEST     09/24/1963
 LATEST       05/11/1966
EARLIEST                        09/24
LATEST                          05/11
.........................................................

WIND (MPH)
AVERAGE WIND SPEED              6.3
RESULTANT WIND SPEED/DIRECTION   4/301
HIGHEST WIND SPEED/DIRECTION    33/310    DATE  02/19
HIGHEST GUST SPEED/DIRECTION    43/310    DATE  02/19

SKY COVER
POSSIBLE SUNSHINE (PERCENT)   MM
AVERAGE SKY COVER           0.60
NUMBER OF DAYS FAIR           18
NUMBER OF DAYS PC             38
NUMBER OF DAYS CLOUDY         34

AVERAGE RH (PERCENT)     66

WEATHER CONDITIONS. NUMBER OF DAYS WITH
THUNDERSTORM              0     MIXED PRECIP               0
HEAVY RAIN                2     RAIN                       7
LIGHT RAIN               20     FREEZING RAIN              5
LT FREEZING RAIN          9     HAIL                       0
HEAVY SNOW                8     SNOW                      17
LIGHT SNOW               30     SLEET                      6
FOG                      54     FOG W/VIS <= 1/4 MILE     17
HAZE                     47

-  INDICATES NEGATIVE NUMBERS.
R  INDICATES RECORD WAS SET OR TIED.
MM INDICATES DATA IS MISSING.
T  INDICATES TRACE AMOUNT.

$$

LA CORTE
