000
CXUS53 KEAX 031536
CLSOJC

CLIMATE REPORT
NATIONAL WEATHER SERVICE KANSAS CITY/PLEASANT HILL MO
1030 AM CDT FRI JUN 3 2016

...................................

...THE JOHNSON COUNTY EXECUTIVE CLIMATE SUMMARY FOR THE SEASON, FROM
3/1/2016 TO 5/31/2016...

CLIMATE NORMAL PERIOD 1981 TO 2010
CLIMATE RECORD PERIOD 9999 TO 9999

WEATHER         OBSERVED          NORMAL  DEPART  LAST YEAR`S
                 VALUE   DATE(S)  VALUE   FROM    VALUE  DATE(S)
                                          NORMAL
................................................................
TEMPERATURE (F)
HIGHEST            84   05/07        87      -3       84  04/07
LOWEST             22   03/02        16       6       11  03/05
AVG. MAXIMUM     67.0              65.0     2.0     66.7
AVG. MINIMUM     46.2              44.8     1.4     46.3
MEAN             56.6              54.9     1.7     56.5
DAYS MAX >= 90      0               0.4    -0.4        0
DAYS MAX <= 32      0               0.8    -0.8        1
DAYS MIN <= 32     11              15.4    -4.4        8
DAYS MIN <= 0       0               0.1    -0.1        0

PRECIPITATION (INCHES)
TOTALS          14.15             12.05    2.10    14.63
DAILY AVG.       0.15              0.13    0.02     0.16
DAYS >= .01        35              30.5     4.5       39
DAYS >= .10        26              20.0     6.0       29
DAYS >= .50        10               8.0     2.0        8
DAYS >= 1.00        4               3.1     0.9        3
GREATEST
 24 HR. TOTAL    2.46   MM

DEGREE_DAYS
HEATING TOTAL     794              1033    -239      842
COOLING TOTAL      54               103     -49       77
.................................................................

WIND (MPH)
AVERAGE WIND SPEED              9.3
HIGHEST WIND SPEED/DIRECTION    38/180    DATE  05/30
HIGHEST GUST SPEED/DIRECTION    51/170    DATE  05/30

SKY COVER
POSSIBLE SUNSHINE (PERCENT)   MM
AVERAGE SKY COVER           0.40
NUMBER OF DAYS FAIR           46
NUMBER OF DAYS PC             35
NUMBER OF DAYS CLOUDY         11

AVERAGE RH (PERCENT)     65

WEATHER CONDITIONS. NUMBER OF DAYS WITH
THUNDERSTORM             22     MIXED PRECIP               0
HEAVY RAIN               15     RAIN                      18
LIGHT RAIN               42     FREEZING RAIN              0
LT FREEZING RAIN          0     HAIL                       0
HEAVY SNOW                0     SNOW                       0
LIGHT SNOW                5     SLEET                      0
FOG                      43     FOG W/VIS <= 1/4 MILE      2
HAZE                      5

-  INDICATES NEGATIVE NUMBERS.
R  INDICATES RECORD WAS SET OR TIED.
MM INDICATES DATA IS MISSING.
T  INDICATES TRACE AMOUNT.

$$
