000
CXUS54 KLZK 011356
CLSPBF


CLIMATE REPORT
NATIONAL WEATHER SERVICE LITTLE ROCK AR
848 AM CDT THU JUN 1 2017

...................................

...THE PINE BLUFF CLIMATE SUMMARY FOR THE SEASON, FROM
3/1/2017 TO 5/31/2017...

CLIMATE NORMAL PERIOD 1981 TO 2010
CLIMATE RECORD PERIOD 1883 TO 2017

WEATHER         OBSERVED          NORMAL  DEPART  LAST YEAR`S
                 VALUE   DATE(S)  VALUE   FROM    VALUE  DATE(S)
                                          NORMAL
................................................................
TEMPERATURE (F)
RECORD
 HIGH             100   05/29/1926
 LOW               11   03/09/1932
HIGHEST            89   05/27        73      16       89  05/29
                        05/19
LOWEST             30   03/15        52     -22       32  03/21
AVG. MAXIMUM     75.3              73.6     1.7     73.7
AVG. MINIMUM     54.2              52.3     1.9     54.0
MEAN             64.7              63.0     1.7     63.9
DAYS MAX >= 90      0               3.2    -3.2        0
DAYS MAX <= 32      0               0.0     0.0        0
DAYS MIN <= 32      1               2.8    -1.8        1
DAYS MIN <= 0       0               0.0     0.0        0

PRECIPITATION (INCHES)
RECORD
 MAXIMUM        34.46   1905
 MINIMUM         4.79   1925
TOTALS          18.82             15.38    3.44    24.95
DAILY AVG.       0.20              0.17    0.03     0.27
DAYS >= .01        29              31.0    -2.0       31
DAYS >= .10        23                                 26
DAYS >= .50        15                                 16
DAYS >= 1.00        8               5.0     3.0        6
GREATEST
 24 HR. TOTAL    1.96   05/28 TO 05/28

SNOWFALL (INCHES)
RECORDS
 TOTAL           14.0   1892
 24 HR TOTAL     14.0   03/17/1892 TO 03/17/1892
 SNOW DEPTH        14   03/17/1892
TOTALS            0.0               0.0     0.0      0.0
 LIQUID EQUIV    0.00              0.00    0.00     0.00
SINCE 7/1         1.5               3.1    -1.6      3.6
 LIQUID 7/1      0.15              0.30   -0.15     0.36
SNOWDEPTH AVG.      0                 0       0        0
DAYS >= TRACE       0               0.0     0.0        0
DAYS >= 1.0         0               0.0     0.0        0
GREATEST
 SNOW DEPTH         0   MM                             0  MM
 24 HR TOTAL      0.0   MM

DEGREE_DAYS
HEATING TOTAL     323               493    -170      327
 SINCE 7/1       2034              2881    -847     2234
COOLING TOTAL     322               304      18      244
 SINCE 1/1        343               307      36      248

FREEZE DATES
RECORD
 EARLIEST     10/10/2000
 LATEST       04/25/1910
EARLIEST                        11/12
LATEST                          03/16
..........................................................

WIND (MPH)
AVERAGE WIND SPEED              8.5
HIGHEST WIND SPEED/DIRECTION    35/360    DATE  03/07
HIGHEST GUST SPEED/DIRECTION    46/150    DATE  04/29

SKY COVER
POSSIBLE SUNSHINE (PERCENT)   MM
AVERAGE SKY COVER           0.30
NUMBER OF DAYS FAIR           50
NUMBER OF DAYS PC             29
NUMBER OF DAYS CLOUDY         13

AVERAGE RH (PERCENT)     70

WEATHER CONDITIONS. NUMBER OF DAYS WITH
THUNDERSTORM              0     MIXED PRECIP               0
HEAVY RAIN               18     RAIN                      18
LIGHT RAIN               38     FREEZING RAIN              0
LT FREEZING RAIN          0     HAIL                       0
HEAVY SNOW                0     SNOW                       0
LIGHT SNOW                0     SLEET                      0
FOG                      35     FOG W/VIS <= 1/4 MILE      2
HAZE                      2

-  INDICATES NEGATIVE NUMBERS.
R  INDICATES RECORD WAS SET OR TIED.
MM INDICATES DATA IS MISSING.
T  INDICATES TRACE AMOUNT.

&&

...Date for Pine Bluff for Spring 2017...

.Summary...
Over all, spring was a little over a degree and a half above
average. This was the third spring in a row with no 90-degree
temperatures.

Even though rainfall was above average, it was still the driest
spring in three years.

.Seasonal Temperatures...
The average high, low, and seasonal temperatures were the warmest
since 2012.

.Seasonal Rainfall...
It was the driest spring since 2014.

.Seasonal Snowfall...
This was the second spring in a row with absolutely no snowfall.

$$

57
