000
CXUS53 KEAX 032211
CLSSTJ

STLCLMWS2 000
TTAA00 KEAX 032209


CLIMATE REPORT
NATIONAL WEATHER SERVICE KANSAS CITY/PLEASANT HILL MO
501 PM CDT WED SEP 3 2014

...................................

...THE ST. JOSEPH MO CLIMATE SUMMARY FOR THE SEASON, FROM
6/1/2014 TO 8/31/2014...

CLIMATE NORMAL PERIOD 1981 TO 2010
CLIMATE RECORD PERIOD 1892 TO 2014

WEATHER         OBSERVED          NORMAL  DEPART  LAST YEAR`S
                 VALUE   DATE(S)  VALUE   FROM    VALUE  DATE(S)
                                          NORMAL
................................................................
TEMPERATURE (F)
RECORD
 HIGH             110   08/13/1936
                        08/10/1934
 LOW               41   08/28/1986
                        06/01/1982
                        07/05/1972
HIGHEST            95   08/24        98      -3      100  07/09
                        07/25
                        07/22
LOWEST             48   07/03        50      -2       44  06/03
AVG. MAXIMUM     84.6              85.8    -1.2     85.8
AVG. MINIMUM     64.1              64.9    -0.8     63.9
MEAN             74.4              75.3    -0.9     74.8
DAYS MAX >= 90     17              31.2   -14.2       28
DAYS MAX <= 32      0               0.0     0.0        0
DAYS MIN <= 32      0               0.0     0.0        0
DAYS MIN <= 0       0               0.0     0.0        0

PRECIPITATION (INCHES)
RECORD
 MAXIMUM        28.88   1951
 MINIMUM         3.94   1901
TOTALS          14.78             13.35    1.43     5.62
DAILY AVG.       0.16              0.15    0.01     0.06
DAYS >= .01        31              26.4     4.6       21
DAYS >= .10        20              16.4     3.6       12
DAYS >= .50        10               8.2     1.8        4
DAYS >= 1.00        4               3.9     0.1        1
GREATEST
 24 HR. TOTAL    2.67   MM

DEGREE_DAYS
HEATING TOTAL       7                13      -6       17
COOLING TOTAL     888               965     -77      944
.................................................................

WIND (MPH)
AVERAGE WIND SPEED              7.5
HIGHEST WIND SPEED/DIRECTION    44/270    DATE  08/31
HIGHEST GUST SPEED/DIRECTION    57/260    DATE  08/31

SKY COVER
POSSIBLE SUNSHINE (PERCENT)    0
AVERAGE SKY COVER           0.30
NUMBER OF DAYS FAIR           66
NUMBER OF DAYS PC             23
NUMBER OF DAYS CLOUDY          3

AVERAGE RH (PERCENT)     74

WEATHER CONDITIONS. NUMBER OF DAYS WITH
THUNDERSTORM              0     MIXED PRECIP               0
HEAVY RAIN               17     RAIN                      19
LIGHT RAIN               37     FREEZING RAIN              0
LT FREEZING RAIN          0     HAIL                       0
HEAVY SNOW                0     SNOW                       0
LIGHT SNOW                0     SLEET                      0
FOG                      58     FOG W/VIS <= 1/4 MILE     11
HAZE                      6

-  INDICATES NEGATIVE NUMBERS.
R  INDICATES RECORD WAS SET OR TIED.
MM INDICATES DATA IS MISSING.
T  INDICATES TRACE AMOUNT.

$$
