000
CXUS54 KJAN 291414
CF6GLH
PRELIMINARY LOCAL CLIMATOLOGICAL DATA (WS FORM: F-6)

                                          STATION:   GREENVILLE
                                          MONTH:     JUNE
                                          YEAR:      2016
                                          LATITUDE:   33 29 N
                                          LONGITUDE:  90 59 W

  TEMPERATURE IN F:       :PCPN:    SNOW:  WIND      :SUNSHINE: SKY     :PK WND
================================================================================
1   2   3   4   5  6A  6B    7    8   9   10  11  12  13   14  15   16   17  18
                                     12Z  AVG MX 2MIN
DY MAX MIN AVG DEP HDD CDD  WTR  SNW DPTH SPD SPD DIR MIN PSBL S-S WX    SPD DR
================================================================================

 1  87  69  78   2   0  13 0.25  0.0    0  3.8 20 230   M    M   2 138    25 230
 2  85  68  77   1   0  12 0.16  0.0    0  3.1 29 130   M    M   3 138    39 150
 3  80  72  76  -1   0  11 0.44  0.0    0  5.3 15 140   M    M   4 13     20 140
 4  85  70  78   1   0  13    T  0.0    0  4.7 12 230   M    M   4 1      15 230
 5  88  72  80   3   0  15 0.00  0.0    0  4.9 12  10   M    M   3 1      15  10
 6  88  68  78   1   0  13 0.00  0.0    0  5.8 15 350   M    M   1        19  10
 7  92  62  77   0   0  12 0.00  0.0    0  4.0 12 320   M    M   0 1      14 330
 8  90  66  78   0   0  13 0.00  0.0    0  4.6 13  30   M    M   0        16  70
 9  91  64  78   0   0  13 0.00  0.0    0  3.0 12 110   M    M   0        15 130
10  93  66  80   2   0  15 0.00  0.0    0  2.9 10 170   M    M   0        13 180
11  94  71  83   5   0  18    T  0.0    0  4.5 13 180   M    M   1        15 160
12  91  74  83   4   0  18    T  0.0    0  5.6 23 190   M    M   0 3      27 200
13  94  70  82   3   0  17 0.00  0.0    0  7.5 21 210   M    M   0 1      25 210
14  84  74  79   0   0  14 0.33  0.0    0  9.0 26 200   M    M   5 13     32 200
15  94  74  84   5   0  19 0.00  0.0    0  8.8 20 220   M    M   3 1      24 220
16  96  76  86   7   0  21 0.00  0.0    0  7.0 15 200   M    M   1 18     19 200
17  97  73  85   5   0  20    T  0.0    0  8.7 23 240   M    M   1 3      32 240
18  91  72  82   2   0  17 0.00  0.0    0  6.2 12  60   M    M   2        18  70
19  90  74  82   2   0  17 0.07  0.0    0  8.4 15 220   M    M   5 1      20 340
20  90  73  82   2   0  17 0.00  0.0    0  4.9 12 230   M    M   3        15 180
21  93  73  83   3   0  18 0.00  0.0    0  4.5 10 290   M    M   1 1      14 300
22  94  77  86   6   0  21 0.00  0.0    0  7.8 15 200   M    M   1        19 190
23  95  75  85   4   0  20 0.00  0.0    0  9.2 16 240   M    M   0        20 250
24  96  76  86   5   0  21 0.00  0.0    0  7.6 14 260   M    M   0        23 170
25  96  75  86   5   0  21 0.00  0.0    0  4.7 12 230   M    M   1        15 240
26  98  74  86   5   0  21 0.00  0.0    0  3.3  9 240   M    M   0        12 280
27  96  75  86   5   0  21 0.00  0.0    0  6.2 22  30   M    M   0        28  30
28  91  73  82   1   0  17 0.00  0.0    0  7.2 16  60   M    M   5        21  30
================================================================================
SM 2559 2006         0 468  1.25     0.0 163.2          M       46
================================================================================
AV 91.4 71.6                               5.8 FASTST   M    M   2    MAX(MPH)
                                 MISC ---->  # 29 130               # 39  150
================================================================================
NOTES:
# LAST OF SEVERAL OCCURRENCES

COLUMN 17 PEAK WIND IN M.P.H.

PRELIMINARY LOCAL CLIMATOLOGICAL DATA (WS FORM: F-6) , PAGE 2

                                          STATION:  GREENVILLE
                                          MONTH:    JUNE
                                          YEAR:     2016
                                          LATITUDE:   33 29 N
                                          LONGITUDE:  90 59 W

[TEMPERATURE DATA]      [PRECIPITATION DATA]       SYMBOLS USED IN COLUMN 16

AVERAGE MONTHLY: 81.5   TOTAL FOR MONTH:   1.25    1 = FOG OR MIST
DPTR FM NORMAL:   2.6   DPTR FM NORMAL:   -2.43    2 = FOG REDUCING VISIBILITY
HIGHEST:    98 ON 26    GRTST 24HR  0.50 ON  2- 3      TO 1/4 MILE OR LESS
LOWEST:     62 ON  7                               3 = THUNDER
                        SNOW, ICE PELLETS, HAIL    4 = ICE PELLETS
                        TOTAL MONTH:   0.0 INCH    5 = HAIL
                        GRTST 24HR     0.0         6 = FREEZING RAIN OR DRIZZLE
                        GRTST DEPTH:   0           7 = DUSTSTORM OR SANDSTORM:
                                                       VSBY 1/2 MILE OR LESS
                                                   8 = SMOKE OR HAZE
[NO. OF DAYS WITH]      [WEATHER - DAYS WITH]      9 = BLOWING SNOW
                                                   X = TORNADO
MAX 32 OR BELOW:   0    0.01 INCH OR MORE:   5
MAX 90 OR ABOVE:  21    0.10 INCH OR MORE:   4
MIN 32 OR BELOW:   0    0.50 INCH OR MORE:   0
MIN  0 OR BELOW:   0    1.00 INCH OR MORE:   0

[HDD (BASE 65) ]
TOTAL THIS MO.     0    CLEAR  (SCALE 0-3)  21
DPTR FM NORMAL     0    PTCLDY (SCALE 4-7)   7
TOTAL FM JUL 1  1925    CLOUDY (SCALE 8-10)  0
DPTR FM NORMAL  -849

[CDD (BASE 65) ]
TOTAL THIS MO.   468
DPTR FM NORMAL    81    [PRESSURE DATA]
TOTAL FM JAN 1   810    HIGHEST SLP M ON M
DPTR FM NORMAL   101    LOWEST  SLP 29.74 ON  6

[REMARKS]
