000
CXUS54 KJAN 311000
CF6GLH
PRELIMINARY LOCAL CLIMATOLOGICAL DATA (WS FORM: F-6)

                                          STATION:   GREENVILLE
                                          MONTH:     JANUARY
                                          YEAR:      2015
                                          LATITUDE:   33 29 N
                                          LONGITUDE:  90 59 W

  TEMPERATURE IN F:       :PCPN:    SNOW:  WIND      :SUNSHINE: SKY     :PK WND
================================================================================
1   2   3   4   5  6A  6B    7    8   9   10  11  12  13   14  15   16   17  18
                                     12Z  AVG MX 2MIN
DY MAX MIN AVG DEP HDD CDD  WTR  SNW DPTH SPD SPD DIR MIN PSBL S-S WX    SPD DR
================================================================================

 1  40  34  37  -6  28   0 0.57    M    0  5.5 13  60   M    M   9 1      17  80
 2  51  40  46   3  19   0 0.82  0.0    0  7.0 13  50   M    M  10 123    15  50
 3  66  50  58  15   7   0 0.46  0.0    0 10.3 31 230   M    M  10 12     43 240
 4  50  31  41  -2  24   0 0.00  0.0    0 12.7 24 320   M    M   5 1      31 310
 5  38  26  32 -10  33   0 0.00  0.0    0  8.8 18  10   M    M   0        23 360
 6  53  24  39  -3  26   0 0.00  0.0    0  6.4 15  30   M    M   0        19  30
 7  39  19  29 -13  36   0 0.00  0.0    0 16.6 31  10   M    M   2        40  10
 8  29  13  21 -21  44   0 0.00  0.0    0  7.2 16  40   M    M   0        20  30
 9  42  23  33  -9  32   0 0.00  0.0    0  7.6 17  10   M    M   0        21  10
10  38  20  29 -13  36   0 0.00  0.0    0  4.6 13  70   M    M   3        17  80
11  48  34  41  -1  24   0    T  0.0    0  5.8 13 100   M    M   9 1      15 100
12  51  37  44   2  21   0 0.24  0.0    0 12.7 25  20   M    M  10 128    31 360
13  37  31  34  -8  31   0 0.00  0.0    0 14.1 21  20   M    M  10 18     26  20
14  39  30  35  -7  30   0    T    M    M  7.0 13  20   M    M   6 18     15 340
15  46  29  38  -4  27   0    T    M    0  3.5 12 350   M    M   6 148    13 340
16  54  26  40  -2  25   0 0.00  0.0    0  3.9 10 220   M    M   0 12     13 180
17  59  31  45   3  20   0 0.00  0.0    0 10.3 25 200   M    M   0        30 200
18  64  32  48   6  17   0 0.00  0.0    0  6.5 15 190   M    M   0        20 100
19  66  34  50   8  15   0 0.00  0.0    0 10.9 23 220   M    M   0        28 220
20  65  38  52  10  13   0 0.00  0.0    0  6.7 13  10   M    M   0 18     15  10
21  61  35  48   6  17   0 0.00  0.0    0  8.1 14  20   M    M   0        18  20
22  49  39  44   2  21   0 0.46  0.0    0 13.8 28  40   M    M  10 1      33  30
23  42  36  39  -3  26   0 0.04    M    0 14.8 23 360   M    M  10 18     29 360
24  56  31  44   2  21   0 0.00  0.0    0  9.2 16 230   M    M   0 1      21 220
25  62  39  51   9  14   0    T  0.0    0 13.8 25 320   M    M   4 8      35 290
26  54  43  49   7  16   0 0.00  0.0    0 10.4 21 320   M    M   4        28 320
27  63  39  51   8  14   0 0.00  0.0    0  7.5 16  10   M    M   0        22 360
28  64  35  50   7  15   0 0.00  0.0    0  8.4 15 140   M    M   0        19 130
29  71  43  57  14   8   0 0.00  0.0    0 16.1 29  10   M    M   1        36  10
30  52  34  43   0  22   0 0.00  0.0    0  9.2 17  20   M    M   0        22  30
================================================================================
SM 1549  976       682   0  2.59     0.0 279.4          M      109
================================================================================
AV 51.6 32.5                               9.3 FASTST   M    M   4    MAX(MPH)
                                 MISC ---->  # 31 230               # 43  240
================================================================================
NOTES:
# LAST OF SEVERAL OCCURRENCES

COLUMN 17 PEAK WIND IN M.P.H.

PRELIMINARY LOCAL CLIMATOLOGICAL DATA (WS FORM: F-6) , PAGE 2

                                          STATION:  GREENVILLE
                                          MONTH:    JANUARY
                                          YEAR:     2015
                                          LATITUDE:   33 29 N
                                          LONGITUDE:  90 59 W

[TEMPERATURE DATA]      [PRECIPITATION DATA]       SYMBOLS USED IN COLUMN 16

AVERAGE MONTHLY: 42.1   TOTAL FOR MONTH:   2.59    1 = FOG OR MIST
DPTR FM NORMAL:  -0.2   DPTR FM NORMAL:   -2.21    2 = FOG REDUCING VISIBILITY
HIGHEST:    71 ON 29    GRTST 24HR  1.39 ON  1- 2      TO 1/4 MILE OR LESS
LOWEST:     13 ON  8                               3 = THUNDER
                        SNOW, ICE PELLETS, HAIL    4 = ICE PELLETS
                        TOTAL MONTH:   0.0 INCH    5 = HAIL
                        GRTST 24HR     0.0         6 = FREEZING RAIN OR DRIZZLE
                        GRTST DEPTH:   0           7 = DUSTSTORM OR SANDSTORM:
                                                       VSBY 1/2 MILE OR LESS
                                                   8 = SMOKE OR HAZE
[NO. OF DAYS WITH]      [WEATHER - DAYS WITH]      9 = BLOWING SNOW
                                                   X = TORNADO
MAX 32 OR BELOW:   1    0.01 INCH OR MORE:   6
MAX 90 OR ABOVE:   0    0.10 INCH OR MORE:   5
MIN 32 OR BELOW:  14    0.50 INCH OR MORE:   2
MIN  0 OR BELOW:   0    1.00 INCH OR MORE:   0

[HDD (BASE 65) ]
TOTAL THIS MO.   682    CLEAR  (SCALE 0-3)  17
DPTR FM NORMAL    -2    PTCLDY (SCALE 4-7)   5
TOTAL FM JUL 1  1749    CLOUDY (SCALE 8-10)  8
DPTR FM NORMAL   -19

[CDD (BASE 65) ]
TOTAL THIS MO.     0
DPTR FM NORMAL     0    [PRESSURE DATA]
TOTAL FM JAN 1     0    HIGHEST SLP M ON M
DPTR FM NORMAL     0    LOWEST  SLP 29.74 ON 25

[REMARKS]
