000
CDUS44 KJAN 210806
CLIGLH


CLIMATE REPORT
NATIONAL WEATHER SERVICE JACKSON MS
304 AM CDT TUE OCT 21 2014


...................................

...THE GREENVILLE CLIMATE SUMMARY FOR OCTOBER 20 2014...

CLIMATE NORMAL PERIOD 1981 TO 2010
CLIMATE RECORD PERIOD 1920 TO 2014


WEATHER ITEM   OBSERVED TIME   RECORD YEAR NORMAL DEPARTURE LAST
                VALUE   (LST)  VALUE       VALUE  FROM      YEAR
                                                  NORMAL
..................................................................
TEMPERATURE (F)
 YESTERDAY
  MAXIMUM         74    328 PM  90    1941  76     -2       68
  MINIMUM         45    606 AM  32    1925  51     -6       40
  AVERAGE         60                        63     -3       54

PRECIPITATION (IN)
  YESTERDAY        0.00          2.05 1988   0.16  -0.16     0.00
  MONTH TO DATE    5.67                      2.95   2.72     5.71
  SINCE SEP 1      6.44                      6.03   0.41    13.44
  SINCE JAN 1     46.16                     40.59   5.57    42.42

SNOWFALL (IN)
  YESTERDAY        0.0

DEGREE DAYS
 HEATING
  YESTERDAY        5                         4      1       11
  MONTH TO DATE   25                        46    -21       34
  SINCE SEP 1     25                        52    -27       34
  SINCE JUL 1     25                        52    -27       34

 COOLING
  YESTERDAY        0                         2     -2        0
  MONTH TO DATE  106                        73     33      105
  SINCE SEP 1    487                       374    113      497
  SINCE JAN 1   2154                      2153      1     2224
..................................................................


WIND (MPH)
  HIGHEST WIND SPEED     9   HIGHEST WIND DIRECTION    NW (320)
  HIGHEST GUST SPEED    15   HIGHEST GUST DIRECTION    NW (320)
  AVERAGE WIND SPEED     1.5


SKY COVER
  POSSIBLE SUNSHINE  MM
  AVERAGE SKY COVER 0.2


WEATHER CONDITIONS
 THE FOLLOWING WEATHER WAS RECORDED YESTERDAY.
  FOG
  FOG W/VISIBILITY <= 1/4 MILE


RELATIVE HUMIDITY (PERCENT)
 HIGHEST   100          1200 AM
 LOWEST     38           200 PM
 AVERAGE    69

..........................................................


THE GREENVILLE CLIMATE NORMALS FOR TODAY
                         NORMAL    RECORD    YEAR
 MAXIMUM TEMPERATURE (F)   75        90      2003
 MINIMUM TEMPERATURE (F)   51        32      1976
                                             1952


SUNRISE AND SUNSET
OCTOBER 21 2014.......SUNRISE   713 AM CDT   SUNSET   623 PM CDT
OCTOBER 22 2014.......SUNRISE   714 AM CDT   SUNSET   622 PM CDT


-  INDICATES NEGATIVE NUMBERS.
R  INDICATES RECORD WAS SET OR TIED.
MM INDICATES DATA IS MISSING.
T  INDICATES TRACE AMOUNT.




$$
