000
CDUS44 KJAN 310737
CLIGLH


CLIMATE REPORT
NATIONAL WEATHER SERVICE JACKSON MS
233 AM CDT THU JUL 31 2014


...................................

...THE GREENVILLE CLIMATE SUMMARY FOR JULY 30 2014...

CLIMATE NORMAL PERIOD 1981 TO 2010
CLIMATE RECORD PERIOD 1920 TO 2014


WEATHER ITEM   OBSERVED TIME   RECORD YEAR NORMAL DEPARTURE LAST
                VALUE   (LST)  VALUE       VALUE  FROM      YEAR
                                                  NORMAL
..................................................................
TEMPERATURE (F)
 YESTERDAY
  MAXIMUM         85    201 PM 108    1986  92     -7       94
  MINIMUM         61R   548 AM  64    1994  72    -11       74
                                      1984
                                      1965
  AVERAGE         73                        82     -9       84

PRECIPITATION (IN)
  YESTERDAY        T             2.20 1996   0.09  -0.09      T
  MONTH TO DATE    5.20                      3.72   1.48     1.99
  SINCE JUN 1     11.57                      7.76   3.81     3.24
  SINCE JAN 1     35.70                     32.02   3.68    28.20

SNOWFALL (IN)
  YESTERDAY        0.0

DEGREE DAYS
 HEATING
  YESTERDAY        0                         0      0        0
  MONTH TO DATE    0                         0      0        0
  SINCE JUN 1      0                         0      0        0
  SINCE JUL 1      0                         0      0        0

 COOLING
  YESTERDAY        8                        17     -9       19
  MONTH TO DATE  391                       508   -117      460
  SINCE JUN 1    853                       928    -75      919
  SINCE JAN 1   1168                      1250    -82     1202
..................................................................


WIND (MPH)
  HIGHEST WIND SPEED     7   HIGHEST WIND DIRECTION    NW (320)
  HIGHEST GUST SPEED     9   HIGHEST GUST DIRECTION    NE (30)
  AVERAGE WIND SPEED     2.3


SKY COVER
  POSSIBLE SUNSHINE  MM
  AVERAGE SKY COVER 0.1


WEATHER CONDITIONS
 THE FOLLOWING WEATHER WAS RECORDED YESTERDAY.
  LIGHT RAIN


RELATIVE HUMIDITY (PERCENT)
 HIGHEST    97           500 AM
 LOWEST     43           200 PM
 AVERAGE    70

..........................................................


THE GREENVILLE CLIMATE NORMALS FOR TODAY
                         NORMAL    RECORD    YEAR
 MAXIMUM TEMPERATURE (F)   92       104      1980
 MINIMUM TEMPERATURE (F)   72        58      1971


SUNRISE AND SUNSET
JULY 31 2014..........SUNRISE   616 AM CDT   SUNSET   804 PM CDT
AUGUST  1 2014........SUNRISE   616 AM CDT   SUNSET   804 PM CDT


-  INDICATES NEGATIVE NUMBERS.
R  INDICATES RECORD WAS SET OR TIED.
MM INDICATES DATA IS MISSING.
T  INDICATES TRACE AMOUNT.




$$
