000
CDUS44 KJAN 250641
CLIGLH


CLIMATE REPORT
NATIONAL WEATHER SERVICE JACKSON MS
139 AM CDT SAT JUN 25 2016


...................................

...THE GREENVILLE CLIMATE SUMMARY FOR JUNE 24 2016...

CLIMATE NORMAL PERIOD 1981 TO 2010
CLIMATE RECORD PERIOD 1920 TO 2016


WEATHER ITEM   OBSERVED TIME   RECORD YEAR NORMAL DEPARTURE LAST
                VALUE   (LST)  VALUE       VALUE  FROM      YEAR
                                                  NORMAL
..................................................................
TEMPERATURE (F)
 YESTERDAY
  MAXIMUM         96    234 PM  99    1984  91      5       98
                                      1977
                                      1954
  MINIMUM         76    148 AM  60    1958  71      5       74
  AVERAGE         86                        81      5       86

PRECIPITATION (IN)
  YESTERDAY        0.00          2.83 1980   0.16  -0.16     0.11
  MONTH TO DATE    1.25                      3.04  -1.79     0.33
  SINCE JUN 1      1.25                      3.04  -1.79     0.33
  SINCE JAN 1     29.78                     27.30   2.48    20.30

SNOWFALL (IN)
  YESTERDAY        0.0

DEGREE DAYS
 HEATING
  YESTERDAY        0                         0      0        0
  MONTH TO DATE    0                         0      0        0
  SINCE JUN 1      0                         0      0        0
  SINCE JUL 1   1925                      2774   -849     2869

 COOLING
  YESTERDAY       21                        16      5       21
  MONTH TO DATE  388                       323     65      386
  SINCE JUN 1    388                       323     65      386
  SINCE JAN 1    730                       645     85      767
..................................................................


WIND (MPH)
  HIGHEST WIND SPEED    14   HIGHEST WIND DIRECTION     W (260)
  HIGHEST GUST SPEED    23   HIGHEST GUST DIRECTION     S (170)
  AVERAGE WIND SPEED     7.6


SKY COVER
  POSSIBLE SUNSHINE  MM
  AVERAGE SKY COVER 0.0


WEATHER CONDITIONS
 THE FOLLOWING WEATHER WAS RECORDED YESTERDAY.
  NO SIGNIFICANT WEATHER WAS OBSERVED.


RELATIVE HUMIDITY (PERCENT)
 HIGHEST    85          1200 AM
 LOWEST     46           200 PM
 AVERAGE    66

..........................................................


THE GREENVILLE CLIMATE NORMALS FOR TODAY
                         NORMAL    RECORD    YEAR
 MAXIMUM TEMPERATURE (F)   91       100      1930
 MINIMUM TEMPERATURE (F)   71        55      1974


SUNRISE AND SUNSET
JUNE 25 2016..........SUNRISE   556 AM CDT   SUNSET   818 PM CDT
JUNE 26 2016..........SUNRISE   556 AM CDT   SUNSET   818 PM CDT


-  INDICATES NEGATIVE NUMBERS.
R  INDICATES RECORD WAS SET OR TIED.
MM INDICATES DATA IS MISSING.
T  INDICATES TRACE AMOUNT.




$$
