000
CDUS44 KJAN 280632
CLIGLH


CLIMATE REPORT
NATIONAL WEATHER SERVICE JACKSON MS
129 AM CDT TUE MAR 28 2017


...................................

...THE GREENVILLE CLIMATE SUMMARY FOR MARCH 27 2017...

CLIMATE NORMAL PERIOD 1981 TO 2010
CLIMATE RECORD PERIOD 1920 TO 2017


WEATHER ITEM   OBSERVED TIME   RECORD YEAR NORMAL DEPARTURE LAST
                VALUE   (LST)  VALUE       VALUE  FROM      YEAR
                                                  NORMAL
..................................................................
TEMPERATURE (F)
 YESTERDAY
  MAXIMUM         81    350 PM  90    1950  69     12       74
  MINIMUM         66    626 AM  21    1955  47     19       55
  AVERAGE         74                        58     16       65

PRECIPITATION (IN)
  YESTERDAY        T             2.49 1944   0.17  -0.17     0.00
  MONTH TO DATE    1.36                      3.80  -2.44    14.89
  SINCE MAR 1      1.36                      3.80  -2.44    14.89
  SINCE JAN 1      9.39                     13.79  -4.40    21.40

SNOWFALL (IN)
  YESTERDAY        0.0

DEGREE DAYS
 HEATING
  YESTERDAY        0                         8     -8        0
  MONTH TO DATE  231                       305    -74      172
  SINCE MAR 1    231                       305    -74      172
  SINCE JUL 1   1764                      2614   -850     1852

 COOLING
  YESTERDAY        9                         1      8        0
  MONTH TO DATE   33                        13     20       22
  SINCE MAR 1     33                        13     20       22
  SINCE JAN 1     62                        18     44       26
..................................................................


WIND (MPH)
  HIGHEST WIND SPEED    25   HIGHEST WIND DIRECTION    SW (220)
  HIGHEST GUST SPEED    31   HIGHEST GUST DIRECTION    SW (210)
  AVERAGE WIND SPEED    13.7


SKY COVER
  POSSIBLE SUNSHINE  MM
  AVERAGE SKY COVER 0.3


WEATHER CONDITIONS
 THE FOLLOWING WEATHER WAS RECORDED YESTERDAY.
  THUNDERSTORM
  LIGHT RAIN
  FOG
  HAZE


RELATIVE HUMIDITY (PERCENT)
 HIGHEST    87           500 AM
 LOWEST     58           200 PM
 AVERAGE    73

..........................................................


THE GREENVILLE CLIMATE NORMALS FOR TODAY
                         NORMAL    RECORD    YEAR
 MAXIMUM TEMPERATURE (F)   69        84      2007
                                             1928
                                             1922
 MINIMUM TEMPERATURE (F)   47        26      1955


SUNRISE AND SUNSET
MARCH 28 2017.........SUNRISE   657 AM CDT   SUNSET   722 PM CDT
MARCH 29 2017.........SUNRISE   655 AM CDT   SUNSET   722 PM CDT


-  INDICATES NEGATIVE NUMBERS.
R  INDICATES RECORD WAS SET OR TIED.
MM INDICATES DATA IS MISSING.
T  INDICATES TRACE AMOUNT.




$$
