000
CDUS44 KJAN 260721
CLIGLH


CLIMATE REPORT
NATIONAL WEATHER SERVICE JACKSON MS
119 AM CST SUN FEB 26 2017


...................................

...THE GREENVILLE CLIMATE SUMMARY FOR FEBRUARY 25 2017...

CLIMATE NORMAL PERIOD 1981 TO 2010
CLIMATE RECORD PERIOD 1920 TO 2017


WEATHER ITEM   OBSERVED TIME   RECORD YEAR NORMAL DEPARTURE LAST
                VALUE   (LST)  VALUE       VALUE  FROM      YEAR
                                                  NORMAL
..................................................................
TEMPERATURE (F)
 YESTERDAY
  MAXIMUM         53   1212 AM  82    1930  60     -7       54
  MINIMUM         34   1158 PM  17    1965  39     -5       34
  AVERAGE         44                        50     -6       44

PRECIPITATION (IN)
  YESTERDAY        0.00          1.75 1957   0.15  -0.15     0.00
  MONTH TO DATE    2.19                      4.60  -2.41     3.44
  SINCE DEC 1     10.16                     15.19  -5.03    10.32
  SINCE JAN 1      7.30                      9.57  -2.27     6.51

SNOWFALL (IN)
  YESTERDAY        0.0

DEGREE DAYS
 HEATING
  YESTERDAY       21                        16      5       21
  MONTH TO DATE  259                       476   -217      371
  SINCE DEC 1   1239                      1803   -564     1378
  SINCE JUL 1   1508                      2265   -757     1628

 COOLING
  YESTERDAY        0                         0      0        0
  MONTH TO DATE   12                         0     12        4
  SINCE DEC 1     35                         4     31       39
  SINCE JAN 1     23                         1     22        4
..................................................................


WIND (MPH)
  HIGHEST WIND SPEED    24   HIGHEST WIND DIRECTION    NW (320)
  HIGHEST GUST SPEED    32   HIGHEST GUST DIRECTION    NW (310)
  AVERAGE WIND SPEED     9.4


SKY COVER
  POSSIBLE SUNSHINE  MM
  AVERAGE SKY COVER 0.0


WEATHER CONDITIONS
 THE FOLLOWING WEATHER WAS RECORDED YESTERDAY.
  NO SIGNIFICANT WEATHER WAS OBSERVED.


RELATIVE HUMIDITY (PERCENT)
 HIGHEST    70          1100 PM
 LOWEST     33           500 PM
 AVERAGE    52

..........................................................


THE GREENVILLE CLIMATE NORMALS FOR TODAY
                         NORMAL    RECORD    YEAR
 MAXIMUM TEMPERATURE (F)   60        82      1977
 MINIMUM TEMPERATURE (F)   40        19      1965


SUNRISE AND SUNSET
FEBRUARY 26 2017......SUNRISE   635 AM CST   SUNSET   558 PM CST
FEBRUARY 27 2017......SUNRISE   634 AM CST   SUNSET   559 PM CST


-  INDICATES NEGATIVE NUMBERS.
R  INDICATES RECORD WAS SET OR TIED.
MM INDICATES DATA IS MISSING.
T  INDICATES TRACE AMOUNT.




$$
