000
CDUS44 KJAN 290649
CLIGLH


CLIMATE REPORT
NATIONAL WEATHER SERVICE JACKSON MS
137 AM CDT SAT AUG 29 2015


...................................

...THE GREENVILLE CLIMATE SUMMARY FOR AUGUST 28 2015...

CLIMATE NORMAL PERIOD 1981 TO 2010
CLIMATE RECORD PERIOD 1920 TO 2015


WEATHER ITEM   OBSERVED TIME   RECORD YEAR NORMAL DEPARTURE LAST
                VALUE   (LST)  VALUE       VALUE  FROM      YEAR
                                                  NORMAL
..................................................................
TEMPERATURE (F)
 YESTERDAY
  MAXIMUM         86        MM 102    1936  91     -5       95
                                      1924
  MINIMUM         57        MM  54    1986  69    -12       65
  AVERAGE         72                        80     -8       80

PRECIPITATION (IN)
  YESTERDAY        0.00          1.65 1978   0.10  -0.10     0.00
  MONTH TO DATE    1.76                      2.15  -0.39     2.71
  SINCE JUN 1      7.36                      9.99  -2.63    14.40
  SINCE JAN 1     27.33                     34.25  -6.92    38.53

SNOWFALL (IN)
  YESTERDAY        0.0

DEGREE DAYS
 HEATING
  YESTERDAY        0                         0      0        0
  MONTH TO DATE    0                         0      0        0
  SINCE JUN 1      0                         0      0        0
  SINCE JUL 1      0                         0      0        0

 COOLING
  YESTERDAY        7                        15     -8       15
  MONTH TO DATE  456                       465     -9      442
  SINCE JUN 1   1532                      1412    120     1306
  SINCE JAN 1   1913                      1734    179     1621
..................................................................


WIND (MPH)
  HIGHEST WIND SPEED    MM   HIGHEST WIND DIRECTION     N (360)
  HIGHEST GUST SPEED    MM   HIGHEST GUST DIRECTION    MM
  AVERAGE WIND SPEED     2.7


SKY COVER
  POSSIBLE SUNSHINE  MM
  AVERAGE SKY COVER 0.0


WEATHER CONDITIONS
 THE FOLLOWING WEATHER WAS RECORDED YESTERDAY.
  FOG
  HAZE


RELATIVE HUMIDITY (PERCENT)
 HIGHEST    93           600 AM
 LOWEST     40          1100 AM
 AVERAGE    67

..........................................................


THE GREENVILLE CLIMATE NORMALS FOR TODAY
                         NORMAL    RECORD    YEAR
 MAXIMUM TEMPERATURE (F)   91       105      1924
 MINIMUM TEMPERATURE (F)   69        55      1986


SUNRISE AND SUNSET
AUGUST 29 2015........SUNRISE   636 AM CDT   SUNSET   733 PM CDT
AUGUST 30 2015........SUNRISE   636 AM CDT   SUNSET   732 PM CDT


-  INDICATES NEGATIVE NUMBERS.
R  INDICATES RECORD WAS SET OR TIED.
MM INDICATES DATA IS MISSING.
T  INDICATES TRACE AMOUNT.




$$
