000
CDUS44 KJAN 242122
CLIGLH


CLIMATE REPORT
NATIONAL WEATHER SERVICE JACKSON MS
419 PM CDT SUN SEP 24 2017


...................................

...THE GREENVILLE CLIMATE SUMMARY FOR SEPTEMBER 24 2017...
VALID TODAY AS OF 0400 PM LOCAL TIME.

CLIMATE NORMAL PERIOD 1981 TO 2010
CLIMATE RECORD PERIOD 1903 TO 2017


WEATHER ITEM   OBSERVED TIME   RECORD YEAR NORMAL DEPARTURE LAST
                VALUE   (LST)  VALUE       VALUE  FROM      YEAR
                                                  NORMAL
..................................................................
TEMPERATURE (F)
 TODAY
  MAXIMUM         92    251 PM  99    1931  84      8       96
                                      1921
  MINIMUM         66    616 AM  44    1983  60      6       70
  AVERAGE         79                        72      7       83

PRECIPITATION (IN)
  TODAY            0.00          3.69 2005   0.09  -0.09      T
  MONTH TO DATE    1.72                      2.41  -0.69     0.20
  SINCE SEP 1      1.72                      2.41  -0.69     0.20
  SINCE JAN 1     30.91                     36.97  -6.06    42.09

SNOWFALL (IN)
  TODAY            0.0

DEGREE DAYS
 HEATING
  TODAY            0                         0      0        0
  MONTH TO DATE    3                         0      3        0
  SINCE SEP 1      3                         0      3        0
  SINCE JUL 1      3                         0      3        0

 COOLING
  TODAY           14                         7      7       18
  MONTH TO DATE  241                       264    -23      410
  SINCE SEP 1    241                       264    -23      410
  SINCE JAN 1   1984                      2043    -59     2422
..................................................................


WIND (MPH)
  HIGHEST WIND SPEED    13   HIGHEST WIND DIRECTION     E (100)
  HIGHEST GUST SPEED    20   HIGHEST GUST DIRECTION     E (110)
  AVERAGE WIND SPEED     3.8


SKY COVER
  POSSIBLE SUNSHINE  MM
  AVERAGE SKY COVER 0.1


WEATHER CONDITIONS
 THE FOLLOWING WEATHER WAS RECORDED TODAY.
  NO SIGNIFICANT WEATHER WAS OBSERVED.


RELATIVE HUMIDITY (PERCENT)
 HIGHEST    93           500 AM
 LOWEST     36           300 PM
 AVERAGE    65

..........................................................


THE GREENVILLE CLIMATE NORMALS FOR TOMORROW
                         NORMAL    RECORD    YEAR
 MAXIMUM TEMPERATURE (F)   84        98      1931
 MINIMUM TEMPERATURE (F)   59        43      2001
                                             1965


SUNRISE AND SUNSET
SEPTEMBER 24 2017.....SUNRISE   654 AM CDT   SUNSET   657 PM CDT
SEPTEMBER 25 2017.....SUNRISE   654 AM CDT   SUNSET   656 PM CDT


-  INDICATES NEGATIVE NUMBERS.
R  INDICATES RECORD WAS SET OR TIED.
MM INDICATES DATA IS MISSING.
T  INDICATES TRACE AMOUNT.




$$
