382
CDUS44 KJAN 040641
CLIGLH


CLIMATE REPORT
NATIONAL WEATHER SERVICE JACKSON MS
139 AM CDT WED MAY 4 2016


...................................

...THE GREENVILLE CLIMATE SUMMARY FOR MAY 3 2016...

CLIMATE NORMAL PERIOD 1981 TO 2010
CLIMATE RECORD PERIOD 1920 TO 2016


WEATHER ITEM   OBSERVED TIME   RECORD YEAR NORMAL DEPARTURE LAST
                VALUE   (LST)  VALUE       VALUE  FROM      YEAR
                                                  NORMAL
..................................................................
TEMPERATURE (F)
 YESTERDAY
  MAXIMUM         71    207 PM  92    1943  79     -8       83
  MINIMUM         54   1152 PM  39    2013  58     -4       52
  AVERAGE         63                        69     -6       68

PRECIPITATION (IN)
  YESTERDAY        0.00          2.95 2000   0.18  -0.18     0.00
  MONTH TO DATE    0.17                      0.53  -0.36     0.00
  SINCE MAR 1     20.46                      9.89  10.57     8.89
  SINCE JAN 1     26.97                     19.88   7.09    15.34

SNOWFALL (IN)
  YESTERDAY        0.0

DEGREE DAYS
 HEATING
  YESTERDAY        2                         1      1        0
  MONTH TO DATE    2                         3     -1        3
  SINCE MAR 1    240                       455   -215      377
  SINCE JUL 1   1920                      2764   -844     2864

 COOLING
  YESTERDAY        0                         5     -5        3
  MONTH TO DATE   11                        14     -3        3
  SINCE MAR 1    133                        95     38      101
  SINCE JAN 1    137                       100     37      101
..................................................................


WIND (MPH)
  HIGHEST WIND SPEED    18   HIGHEST WIND DIRECTION    NW (330)
  HIGHEST GUST SPEED    22   HIGHEST GUST DIRECTION    NW (320)
  AVERAGE WIND SPEED     7.7


SKY COVER
  POSSIBLE SUNSHINE  MM
  AVERAGE SKY COVER 0.3


WEATHER CONDITIONS
 THE FOLLOWING WEATHER WAS RECORDED YESTERDAY.
  NO SIGNIFICANT WEATHER WAS OBSERVED.


RELATIVE HUMIDITY (PERCENT)
 HIGHEST    93          1200 AM
 LOWEST     47           400 PM
 AVERAGE    70

..........................................................


THE GREENVILLE CLIMATE NORMALS FOR TODAY
                         NORMAL    RECORD    YEAR
 MAXIMUM TEMPERATURE (F)   79        92      1943
 MINIMUM TEMPERATURE (F)   59        36      2013


SUNRISE AND SUNSET
MAY  4 2016...........SUNRISE   612 AM CDT   SUNSET   750 PM CDT
MAY  5 2016...........SUNRISE   611 AM CDT   SUNSET   750 PM CDT


-  INDICATES NEGATIVE NUMBERS.
R  INDICATES RECORD WAS SET OR TIED.
MM INDICATES DATA IS MISSING.
T  INDICATES TRACE AMOUNT.




$$
