865
CDUS44 KJAN 030642
CLIGLH


CLIMATE REPORT
NATIONAL WEATHER SERVICE JACKSON MS
1241 AM CST SAT DEC 3 2016


...................................

...THE GREENVILLE CLIMATE SUMMARY FOR DECEMBER 2 2016...

CLIMATE NORMAL PERIOD 1981 TO 2010
CLIMATE RECORD PERIOD 1920 TO 2016


WEATHER ITEM   OBSERVED TIME   RECORD YEAR NORMAL DEPARTURE LAST
                VALUE   (LST)  VALUE       VALUE  FROM      YEAR
                                                  NORMAL
..................................................................
TEMPERATURE (F)
 YESTERDAY
  MAXIMUM         62    215 PM  80    1950  58      4       58
  MINIMUM         34    723 AM  18    1960  38     -4       40
  AVERAGE         48                        48      0       49

PRECIPITATION (IN)
  YESTERDAY        0.00          2.00 1934   0.21  -0.21     0.00
  MONTH TO DATE    0.00                      0.42  -0.42     0.02
  SINCE DEC 1      0.00                      0.42  -0.42     0.02
  SINCE JAN 1     47.26                     47.44  -0.18    40.35

SNOWFALL (IN)
  YESTERDAY        0.0

DEGREE DAYS
 HEATING
  YESTERDAY       17                        17      0       16
  MONTH TO DATE   35                        34      1       29
  SINCE DEC 1     35                        34      1       29
  SINCE JUL 1    304                       496   -192      279

 COOLING
  YESTERDAY        0                         0      0        0
  MONTH TO DATE    0                         0      0        0
  SINCE DEC 1      0                         0      0        0
  SINCE JAN 1   2672                      2186    486     2504
..................................................................


WIND (MPH)
  HIGHEST WIND SPEED     9   HIGHEST WIND DIRECTION    NE (60)
  HIGHEST GUST SPEED    12   HIGHEST GUST DIRECTION    SE (120)
  AVERAGE WIND SPEED     3.9


SKY COVER
  POSSIBLE SUNSHINE  MM
  AVERAGE SKY COVER 0.0


WEATHER CONDITIONS
 THE FOLLOWING WEATHER WAS RECORDED YESTERDAY.
  NO SIGNIFICANT WEATHER WAS OBSERVED.


RELATIVE HUMIDITY (PERCENT)
 HIGHEST    89           600 AM
 LOWEST     27           200 PM
 AVERAGE    58

..........................................................


THE GREENVILLE CLIMATE NORMALS FOR TODAY
                         NORMAL    RECORD    YEAR
 MAXIMUM TEMPERATURE (F)   58        83      1982
 MINIMUM TEMPERATURE (F)   38        15      1929


SUNRISE AND SUNSET
DECEMBER  3 2016......SUNRISE   652 AM CST   SUNSET   456 PM CST
DECEMBER  4 2016......SUNRISE   653 AM CST   SUNSET   456 PM CST


-  INDICATES NEGATIVE NUMBERS.
R  INDICATES RECORD WAS SET OR TIED.
MM INDICATES DATA IS MISSING.
T  INDICATES TRACE AMOUNT.




$$
