000
CDUS44 KJAN 240630
CLIGLH


CLIMATE REPORT
NATIONAL WEATHER SERVICE JACKSON MS
127 AM CDT SUN SEP 24 2017


...................................

...THE GREENVILLE CLIMATE SUMMARY FOR SEPTEMBER 23 2017...

CLIMATE NORMAL PERIOD 1981 TO 2010
CLIMATE RECORD PERIOD 1903 TO 2017


WEATHER ITEM   OBSERVED TIME   RECORD YEAR NORMAL DEPARTURE LAST
                VALUE   (LST)  VALUE       VALUE  FROM      YEAR
                                                  NORMAL
..................................................................
TEMPERATURE (F)
 YESTERDAY
  MAXIMUM         94    208 PM  99    1931  84     10       97
  MINIMUM         67    606 AM  42    1983  60      7       67
                                      1918
  AVERAGE         81                        72      9       82

PRECIPITATION (IN)
  YESTERDAY        T             2.18 2006   0.09  -0.09     0.00
  MONTH TO DATE    1.72                      2.32  -0.60     0.20
  SINCE SEP 1      1.72                      2.32  -0.60     0.20
  SINCE JAN 1     30.91                     36.88  -5.97    42.09

SNOWFALL (IN)
  YESTERDAY        0.0

DEGREE DAYS
 HEATING
  YESTERDAY        0                         0      0        0
  MONTH TO DATE    3                         0      3        0
  SINCE SEP 1      3                         0      3        0
  SINCE JUL 1      3                         0      3        0

 COOLING
  YESTERDAY       16                         8      8       17
  MONTH TO DATE  227                       257    -30      392
  SINCE SEP 1    227                       257    -30      392
  SINCE JAN 1   1970                      2036    -66     2404
..................................................................


WIND (MPH)
  HIGHEST WIND SPEED    12   HIGHEST WIND DIRECTION     E (80)
  HIGHEST GUST SPEED    15   HIGHEST GUST DIRECTION    NE (50)
  AVERAGE WIND SPEED     3.0


SKY COVER
  POSSIBLE SUNSHINE  MM
  AVERAGE SKY COVER 0.1


WEATHER CONDITIONS
 THE FOLLOWING WEATHER WAS RECORDED YESTERDAY.
  THUNDERSTORM
  LIGHT RAIN


RELATIVE HUMIDITY (PERCENT)
 HIGHEST    97           500 AM
 LOWEST     36           200 PM
 AVERAGE    67

..........................................................


THE GREENVILLE CLIMATE NORMALS FOR TODAY
                         NORMAL    RECORD    YEAR
 MAXIMUM TEMPERATURE (F)   84        99      1931
                                             1921
 MINIMUM TEMPERATURE (F)   60        44      1983


SUNRISE AND SUNSET
SEPTEMBER 24 2017.....SUNRISE   654 AM CDT   SUNSET   657 PM CDT
SEPTEMBER 25 2017.....SUNRISE   654 AM CDT   SUNSET   656 PM CDT


-  INDICATES NEGATIVE NUMBERS.
R  INDICATES RECORD WAS SET OR TIED.
MM INDICATES DATA IS MISSING.
T  INDICATES TRACE AMOUNT.




$$
