000
CDUS44 KJAN 250711
CLIGLH


CLIMATE REPORT
NATIONAL WEATHER SERVICE JACKSON MS
209 AM CDT SAT OCT 25 2014


...................................

...THE GREENVILLE CLIMATE SUMMARY FOR OCTOBER 24 2014...

CLIMATE NORMAL PERIOD 1981 TO 2010
CLIMATE RECORD PERIOD 1920 TO 2014


WEATHER ITEM   OBSERVED TIME   RECORD YEAR NORMAL DEPARTURE LAST
                VALUE   (LST)  VALUE       VALUE  FROM      YEAR
                                                  NORMAL
..................................................................
TEMPERATURE (F)
 YESTERDAY
  MAXIMUM         75    353 PM  91    1927  74      1       73
  MINIMUM         43   1230 AM  31    1981  50     -7       45
  AVERAGE         59                        62     -3       59

PRECIPITATION (IN)
  YESTERDAY        0.00          2.77 2010   0.14  -0.14     0.00
  MONTH TO DATE    5.67                      3.56   2.11     5.71
  SINCE SEP 1      6.44                      6.64  -0.20    13.44
  SINCE JAN 1     46.16                     41.20   4.96    42.42

SNOWFALL (IN)
  YESTERDAY        0.0

DEGREE DAYS
 HEATING
  YESTERDAY        6                         5      1        6
  MONTH TO DATE   46                        65    -19       57
  SINCE SEP 1     46                        71    -25       57
  SINCE JUL 1     46                        71    -25       57

 COOLING
  YESTERDAY        0                         2     -2        0
  MONTH TO DATE  108                        81     27      105
  SINCE SEP 1    489                       382    107      497
  SINCE JAN 1   2156                      2161     -5     2224
..................................................................


WIND (MPH)
  HIGHEST WIND SPEED     9   HIGHEST WIND DIRECTION     N (350)
  HIGHEST GUST SPEED    14   HIGHEST GUST DIRECTION     N (350)
  AVERAGE WIND SPEED     2.5


SKY COVER
  POSSIBLE SUNSHINE  MM
  AVERAGE SKY COVER 0.0


WEATHER CONDITIONS
 THE FOLLOWING WEATHER WAS RECORDED YESTERDAY.
  FOG
  HAZE


RELATIVE HUMIDITY (PERCENT)
 HIGHEST   100           500 AM
 LOWEST     38           100 PM
 AVERAGE    69

..........................................................


THE GREENVILLE CLIMATE NORMALS FOR TODAY
                         NORMAL    RECORD    YEAR
 MAXIMUM TEMPERATURE (F)   74        91      1931
                                             1927
 MINIMUM TEMPERATURE (F)   50        31      1926


SUNRISE AND SUNSET
OCTOBER 25 2014.......SUNRISE   717 AM CDT   SUNSET   619 PM CDT
OCTOBER 26 2014.......SUNRISE   718 AM CDT   SUNSET   618 PM CDT


-  INDICATES NEGATIVE NUMBERS.
R  INDICATES RECORD WAS SET OR TIED.
MM INDICATES DATA IS MISSING.
T  INDICATES TRACE AMOUNT.




$$
