000
CDUS44 KJAN 262208
CLIGLH


CLIMATE REPORT
NATIONAL WEATHER SERVICE JACKSON MS
508 PM CDT SUN JUN 26 2016


...................................

...THE GREENVILLE CLIMATE SUMMARY FOR JUNE 26 2016...
VALID AS OF 0500 PM LOCAL TIME.

CLIMATE NORMAL PERIOD 1981 TO 2010
CLIMATE RECORD PERIOD 1920 TO 2016


WEATHER ITEM   OBSERVED TIME   RECORD YEAR NORMAL DEPARTURE LAST
                VALUE   (LST)  VALUE       VALUE  FROM      YEAR
                                                  NORMAL
..................................................................
TEMPERATURE (F)
 TODAY
  MAXIMUM         98    334 PM 101    1954  91      7
  MINIMUM         74    511 AM  57    1974  71      3

PRECIPITATION (IN)
  TODAY            0.00          4.00 1982   0.15  -0.15      T
  MONTH TO DATE    1.25                      3.35  -2.10     0.33
  SINCE JUN 1      1.25                      3.35  -2.10     0.33
  SINCE JAN 1     29.78                     27.61   2.17    20.30

..................................................................










-  INDICATES NEGATIVE NUMBERS.
R  INDICATES RECORD WAS SET OR TIED.
MM INDICATES DATA IS MISSING.
T  INDICATES TRACE AMOUNT.




$$
