000
CDUS44 KJAN 292213
CLIGLH


CLIMATE REPORT
NATIONAL WEATHER SERVICE JACKSON MS
512 PM CDT SUN MAR 29 2015


...................................

...THE GREENVILLE CLIMATE SUMMARY FOR MARCH 29 2015...
VALID AS OF 0500 PM LOCAL TIME.

CLIMATE NORMAL PERIOD 1981 TO 2010
CLIMATE RECORD PERIOD 1920 TO 2015


WEATHER ITEM   OBSERVED TIME   RECORD YEAR NORMAL DEPARTURE LAST
                VALUE   (LST)  VALUE       VALUE  FROM      YEAR
                                                  NORMAL
..................................................................
TEMPERATURE (F)
 TODAY
  MAXIMUM         76    359 PM  85    2007  69      7
                                      1998
                                      1933
  MINIMUM         41    240 AM  29    1955  47     -6

PRECIPITATION (IN)
  TODAY            0.00          2.72 1975   0.19  -0.19     0.14
  MONTH TO DATE    3.97                      4.17  -0.20     5.50
  SINCE MAR 1      3.97                      4.17  -0.20     5.50
  SINCE JAN 1     10.42                     14.16  -3.74     9.80

..................................................................










-  INDICATES NEGATIVE NUMBERS.
R  INDICATES RECORD WAS SET OR TIED.
MM INDICATES DATA IS MISSING.
T  INDICATES TRACE AMOUNT.




$$
