000
CDUS44 KJAN 210645
CLIGLH


CLIMATE REPORT
NATIONAL WEATHER SERVICE JACKSON MS
140 AM CDT MON APR 21 2014


...................................

...THE GREENVILLE CLIMATE SUMMARY FOR APRIL 20 2014...

CLIMATE NORMAL PERIOD 1981 TO 2010
CLIMATE RECORD PERIOD 1920 TO 2014


WEATHER ITEM   OBSERVED TIME   RECORD YEAR NORMAL DEPARTURE LAST
                VALUE   (LST)  VALUE       VALUE  FROM      YEAR
                                                  NORMAL
..................................................................
TEMPERATURE (F)
 YESTERDAY
  MAXIMUM         82    405 PM  95    1987  76      6       67
  MINIMUM         52    553 AM  37    1939  54     -2       39
                                      1926
  AVERAGE         67                        65      2       53

PRECIPITATION (IN)
  YESTERDAY        0.00          2.85 1995   0.16  -0.16     0.00
  MONTH TO DATE    6.12                      3.37   2.75     3.30
  SINCE MAR 1     11.63                      7.92   3.71     8.05
  SINCE JAN 1     15.93                     17.91  -1.98    20.51

SNOWFALL (IN)
  YESTERDAY        0.0

DEGREE DAYS
 HEATING
  YESTERDAY        0                         3     -3       12
  MONTH TO DATE  123                        99     24      130
  SINCE MAR 1    557                       435    122      605
  SINCE JUL 1   3164                      2744    420     2608

 COOLING
  YESTERDAY        2                         2      0        0
  MONTH TO DATE   31                        31      0       54
  SINCE MAR 1     36                        48    -12       56
  SINCE JAN 1     36                        53    -17       66
..................................................................


WIND (MPH)
  HIGHEST WIND SPEED    12   HIGHEST WIND DIRECTION    SE (130)
  HIGHEST GUST SPEED    18   HIGHEST GUST DIRECTION    SE (120)
  AVERAGE WIND SPEED     4.0


SKY COVER
  POSSIBLE SUNSHINE  MM
  AVERAGE SKY COVER 0.0


WEATHER CONDITIONS
 THE FOLLOWING WEATHER WAS RECORDED YESTERDAY.
  FOG
  HAZE


RELATIVE HUMIDITY (PERCENT)
 HIGHEST    93           400 AM
 LOWEST     30           400 PM
 AVERAGE    62

..........................................................


THE GREENVILLE CLIMATE NORMALS FOR TODAY
                         NORMAL    RECORD    YEAR
 MAXIMUM TEMPERATURE (F)   76        95      1987
 MINIMUM TEMPERATURE (F)   54        34      1953


SUNRISE AND SUNSET
APRIL 21 2014.........SUNRISE   626 AM CDT   SUNSET   739 PM CDT
APRIL 22 2014.........SUNRISE   625 AM CDT   SUNSET   740 PM CDT


-  INDICATES NEGATIVE NUMBERS.
R  INDICATES RECORD WAS SET OR TIED.
MM INDICATES DATA IS MISSING.
T  INDICATES TRACE AMOUNT.




$$
