000
CDUS44 KJAN 270657
CLIGLH


CLIMATE REPORT
NATIONAL WEATHER SERVICE JACKSON MS
1254 AM CST THU NOV 27 2014


...................................

...THE GREENVILLE CLIMATE SUMMARY FOR NOVEMBER 26 2014...

CLIMATE NORMAL PERIOD 1981 TO 2010
CLIMATE RECORD PERIOD 1920 TO 2014


WEATHER ITEM   OBSERVED TIME   RECORD YEAR NORMAL DEPARTURE LAST
                VALUE   (LST)  VALUE       VALUE  FROM      YEAR
                                                  NORMAL
..................................................................
TEMPERATURE (F)
 YESTERDAY
  MAXIMUM         65    216 PM  81    1985  60      5       44
                                      1921
  MINIMUM         32    630 AM  20    1950  40     -8       38
  AVERAGE         49                        50     -1       41

PRECIPITATION (IN)
  YESTERDAY        0.00          1.63 1932   0.21  -0.21     0.09
  MONTH TO DATE    2.39                      4.15  -1.76     3.53
  SINCE SEP 1      9.20                     11.55  -2.35    19.33
  SINCE JAN 1     48.92                     46.11   2.81    48.31

SNOWFALL (IN)
  YESTERDAY        0.0

DEGREE DAYS
 HEATING
  YESTERDAY       16                        15      1       24
  MONTH TO DATE  418                       285    133      336
  SINCE SEP 1    487                       399     88      427
  SINCE JUL 1    487                       399     88      427

 COOLING
  YESTERDAY        0                         0      0        0
  MONTH TO DATE    0                         9     -9       10
  SINCE SEP 1    507                       404    103      520
  SINCE JAN 1   2174                      2183     -9     2247
..................................................................


WIND (MPH)
  HIGHEST WIND SPEED    25   HIGHEST WIND DIRECTION     W (260)
  HIGHEST GUST SPEED    36   HIGHEST GUST DIRECTION     W (250)
  AVERAGE WIND SPEED     9.5


SKY COVER
  POSSIBLE SUNSHINE  MM
  AVERAGE SKY COVER 0.0


WEATHER CONDITIONS
 THE FOLLOWING WEATHER WAS RECORDED YESTERDAY.
  NO SIGNIFICANT WEATHER WAS OBSERVED.


RELATIVE HUMIDITY (PERCENT)
 HIGHEST    89          1200 AM
 LOWEST     31           200 PM
 AVERAGE    60

..........................................................


THE GREENVILLE CLIMATE NORMALS FOR TODAY
                         NORMAL    RECORD    YEAR
 MAXIMUM TEMPERATURE (F)   60        83      1965
 MINIMUM TEMPERATURE (F)   39        18      1938


SUNRISE AND SUNSET
NOVEMBER 27 2014......SUNRISE   646 AM CST   SUNSET   456 PM CST
NOVEMBER 28 2014......SUNRISE   647 AM CST   SUNSET   456 PM CST


-  INDICATES NEGATIVE NUMBERS.
R  INDICATES RECORD WAS SET OR TIED.
MM INDICATES DATA IS MISSING.
T  INDICATES TRACE AMOUNT.




$$
