000
CDUS44 KJAN 300938
CLIGLH


CLIMATE REPORT
NATIONAL WEATHER SERVICE JACKSON MS
434 AM CDT THU OCT 30 2014


...................................

...THE GREENVILLE CLIMATE SUMMARY FOR OCTOBER 29 2014...

CLIMATE NORMAL PERIOD 1981 TO 2010
CLIMATE RECORD PERIOD 1920 TO 2014


WEATHER ITEM   OBSERVED TIME   RECORD YEAR NORMAL DEPARTURE LAST
                VALUE   (LST)  VALUE       VALUE  FROM      YEAR
                                                  NORMAL
..................................................................
TEMPERATURE (F)
 YESTERDAY
  MAXIMUM         72    255 PM  89    1927  72      0       82
  MINIMUM         48   1151 PM  29    1957  49     -1       58
  AVERAGE         60                        60      0       70

PRECIPITATION (IN)
  YESTERDAY        0.14          1.85 1974   0.10   0.04     0.00
  MONTH TO DATE    6.04                      4.12   1.92     5.72
  SINCE SEP 1      6.81                      7.20  -0.39    13.45
  SINCE JAN 1     46.53                     41.76   4.77    42.43

SNOWFALL (IN)
  YESTERDAY        0.0

DEGREE DAYS
 HEATING
  YESTERDAY        5                         6     -1        0
  MONTH TO DATE   51                        94    -43       91
  SINCE SEP 1     51                       100    -49       91
  SINCE JUL 1     51                       100    -49       91

 COOLING
  YESTERDAY        0                         2     -2        5
  MONTH TO DATE  126                        91     35      110
  SINCE SEP 1    507                       392    115      502
  SINCE JAN 1   2174                      2171      3     2229
..................................................................


WIND (MPH)
  HIGHEST WIND SPEED    16   HIGHEST WIND DIRECTION     N (10)
  HIGHEST GUST SPEED    20   HIGHEST GUST DIRECTION    NE (30)
  AVERAGE WIND SPEED     8.3


SKY COVER
  POSSIBLE SUNSHINE  MM
  AVERAGE SKY COVER 0.3


WEATHER CONDITIONS
 THE FOLLOWING WEATHER WAS RECORDED YESTERDAY.
  RAIN
  LIGHT RAIN
  FOG


RELATIVE HUMIDITY (PERCENT)
 HIGHEST    97          1200 AM
 LOWEST     34           400 PM
 AVERAGE    66

..........................................................


THE GREENVILLE CLIMATE NORMALS FOR TODAY
                         NORMAL    RECORD    YEAR
 MAXIMUM TEMPERATURE (F)   72        90      1937
 MINIMUM TEMPERATURE (F)   48        31      2011


SUNRISE AND SUNSET
OCTOBER 30 2014.......SUNRISE   721 AM CDT   SUNSET   614 PM CDT
OCTOBER 31 2014.......SUNRISE   722 AM CDT   SUNSET   613 PM CDT


-  INDICATES NEGATIVE NUMBERS.
R  INDICATES RECORD WAS SET OR TIED.
MM INDICATES DATA IS MISSING.
T  INDICATES TRACE AMOUNT.




$$
