000
CDUS44 KJAN 030706
CLIGLH


CLIMATE REPORT
NATIONAL WEATHER SERVICE JACKSON MS
105 AM CST TUE MAR 3 2015


...................................

...THE GREENVILLE CLIMATE SUMMARY FOR MARCH 2 2015...

CLIMATE NORMAL PERIOD 1981 TO 2010
CLIMATE RECORD PERIOD 1920 TO 2015


WEATHER ITEM   OBSERVED TIME   RECORD YEAR NORMAL DEPARTURE LAST
                VALUE   (LST)  VALUE       VALUE  FROM      YEAR
                                                  NORMAL
..................................................................
TEMPERATURE (F)
 YESTERDAY
  MAXIMUM         42   1224 AM  82    2012  61    -19       78
                                      1945
  MINIMUM         37    826 AM  19    1980  41     -4       34
  AVERAGE         40                        51    -11       56

PRECIPITATION (IN)
  YESTERDAY        0.16          2.15 1934   0.12   0.04     0.58
  MONTH TO DATE    0.58                      0.25   0.33     0.58
  SINCE MAR 1      0.58                      0.25   0.33     0.58
  SINCE JAN 1      7.03                     10.24  -3.21     4.88

SNOWFALL (IN)
  YESTERDAY        0.0

DEGREE DAYS
 HEATING
  YESTERDAY       25                        14     11        9
  MONTH TO DATE   50                        29     21       12
  SINCE MAR 1     50                        29     21       12
  SINCE JUL 1   2537                      2338    199     2619

 COOLING
  YESTERDAY        0                         0      0        0
  MONTH TO DATE    0                         0      0        0
  SINCE MAR 1      0                         0      0        0
  SINCE JAN 1      0                         5     -5        0
..................................................................


WIND (MPH)
  HIGHEST WIND SPEED    22   HIGHEST WIND DIRECTION     N (20)
  HIGHEST GUST SPEED    30   HIGHEST GUST DIRECTION     N (10)
  AVERAGE WIND SPEED    12.7


SKY COVER
  POSSIBLE SUNSHINE  MM
  AVERAGE SKY COVER 1.0


WEATHER CONDITIONS
 THE FOLLOWING WEATHER WAS RECORDED YESTERDAY.
  RAIN
  LIGHT RAIN
  LIGHT SNOW
  FOG


RELATIVE HUMIDITY (PERCENT)
 HIGHEST   100           800 PM
 LOWEST     85          1000 AM
 AVERAGE    93

..........................................................


THE GREENVILLE CLIMATE NORMALS FOR TODAY
                         NORMAL    RECORD    YEAR
 MAXIMUM TEMPERATURE (F)   62        82      1955
 MINIMUM TEMPERATURE (F)   41        15      1943


SUNRISE AND SUNSET
MARCH  3 2015.........SUNRISE   630 AM CST   SUNSET   602 PM CST
MARCH  4 2015.........SUNRISE   629 AM CST   SUNSET   603 PM CST


-  INDICATES NEGATIVE NUMBERS.
R  INDICATES RECORD WAS SET OR TIED.
MM INDICATES DATA IS MISSING.
T  INDICATES TRACE AMOUNT.




$$
