000
CDUS44 KJAN 050712
CLIGLH


CLIMATE REPORT
NATIONAL WEATHER SERVICE JACKSON MS
210 AM CDT SAT SEP 5 2015


...................................

...THE GREENVILLE CLIMATE SUMMARY FOR SEPTEMBER 4 2015...

CLIMATE NORMAL PERIOD 1981 TO 2010
CLIMATE RECORD PERIOD 1920 TO 2015


WEATHER ITEM   OBSERVED TIME   RECORD YEAR NORMAL DEPARTURE LAST
                VALUE   (LST)  VALUE       VALUE  FROM      YEAR
                                                  NORMAL
..................................................................
TEMPERATURE (F)
 YESTERDAY
  MAXIMUM         98    315 PM 105    1925  90      8       94
  MINIMUM         70    551 AM  54    2010  67      3       73
  AVERAGE         84                        79      5       84

PRECIPITATION (IN)
  YESTERDAY        0.00          2.26 1968   0.09  -0.09     0.02
  MONTH TO DATE    T                         0.38  -0.38     0.20
  SINCE SEP 1      T                         0.38  -0.38     0.20
  SINCE JAN 1     27.33                     34.94  -7.61    39.92

SNOWFALL (IN)
  YESTERDAY        0.0

DEGREE DAYS
 HEATING
  YESTERDAY        0                         0      0        0
  MONTH TO DATE    0                         0      0        0
  SINCE SEP 1      0                         0      0        0
  SINCE JUL 1      0                         0      0        0

 COOLING
  YESTERDAY       19                        14      5       19
  MONTH TO DATE   71                        56     15       67
  SINCE SEP 1     71                        56     15       67
  SINCE JAN 1   2035                      1835    200     1734
..................................................................


WIND (MPH)
  HIGHEST WIND SPEED    10   HIGHEST WIND DIRECTION    SW (240)
  HIGHEST GUST SPEED    12   HIGHEST GUST DIRECTION    SW (230)
  AVERAGE WIND SPEED     3.4


SKY COVER
  POSSIBLE SUNSHINE  MM
  AVERAGE SKY COVER 0.1


WEATHER CONDITIONS
 THE FOLLOWING WEATHER WAS RECORDED YESTERDAY.
  FOG
  HAZE


RELATIVE HUMIDITY (PERCENT)
 HIGHEST    93           300 AM
 LOWEST     35           300 PM
 AVERAGE    64

..........................................................


THE GREENVILLE CLIMATE NORMALS FOR TODAY
                         NORMAL    RECORD    YEAR
 MAXIMUM TEMPERATURE (F)   90       106      1925
 MINIMUM TEMPERATURE (F)   67        50      2010


SUNRISE AND SUNSET
SEPTEMBER  5 2015.....SUNRISE   640 AM CDT   SUNSET   724 PM CDT
SEPTEMBER  6 2015.....SUNRISE   641 AM CDT   SUNSET   723 PM CDT


-  INDICATES NEGATIVE NUMBERS.
R  INDICATES RECORD WAS SET OR TIED.
MM INDICATES DATA IS MISSING.
T  INDICATES TRACE AMOUNT.




$$
