000
CXUS54 KJAN 022016
CLMGLH


CLIMATE REPORT
NATIONAL WEATHER SERVICE JACKSON MS
315 PM CDT THU JUN 2 2016

...................................

...THE GREENVILLE CLIMATE SUMMARY FOR THE MONTH OF MAY 2016...

CLIMATE NORMAL PERIOD 1981 TO 2010
CLIMATE RECORD PERIOD 1920 TO 2016

WEATHER         OBSERVED          NORMAL  DEPART  LAST YEAR`S
                 VALUE   DATE(S)  VALUE   FROM    VALUE  DATE(S)
                                          NORMAL
................................................................
TEMPERATURE (F)
RECORD
 HIGH             100   05/31/1977
 LOW               36   05/04/2013
HIGHEST            91   05/30        MM      MM       90  05/15
                                                          05/14
LOWEST             48   05/06        MM      MM       47  05/02
AVG. MAXIMUM     81.8              82.3    -0.5     83.5
AVG. MINIMUM     61.3              62.1    -0.8     63.8
MEAN             71.5              72.2    -0.7     73.7
DAYS MAX >= 90      4               1.7     2.3        2
DAYS MAX <= 32      0               0.0     0.0        0
DAYS MIN <= 32      0               0.0     0.0        0
DAYS MIN <= 0       0               0.0     0.0        0

PRECIPITATION (INCHES)
RECORD
 MAXIMUM        18.04   1930
 MINIMUM         0.56   1988
TOTALS           1.73              4.91   -3.18     4.63
DAILY AVG.       0.06              0.16   -0.10     0.15
DAYS >= .01         5                MM      MM       13
DAYS >= .10         4                MM      MM        9
DAYS >= .50         1                MM      MM        4
DAYS >= 1.00        0                MM      MM        1
GREATEST
 24 HR. TOTAL    0.95   05/27 TO 05/27              1.67

SNOWFALL (INCHES)
TOTALS            0.0

DEGREE_DAYS
HEATING TOTAL       7                13      -6        8
 SINCE 7/1       1925              2774    -849     2869
COOLING TOTAL     216               236     -20      283
 SINCE 1/1        342               322      20      381
.................................................................

WIND (MPH)
AVERAGE WIND SPEED              8.1
HIGHEST WIND SPEED/DIRECTION    35/210    DATE  05/27
HIGHEST GUST SPEED/DIRECTION    45/230    DATE  05/27

SKY COVER
POSSIBLE SUNSHINE (PERCENT)   MM
AVERAGE SKY COVER           0.30
NUMBER OF DAYS FAIR           21
NUMBER OF DAYS PC              9
NUMBER OF DAYS CLOUDY          1

AVERAGE RH (PERCENT)     65

WEATHER CONDITIONS. NUMBER OF DAYS WITH
THUNDERSTORM              8     MIXED PRECIP               0
HEAVY RAIN                5     RAIN                       5
LIGHT RAIN               14     FREEZING RAIN              0
LT FREEZING RAIN          0     HAIL                       0
HEAVY SNOW                0     SNOW                       0
LIGHT SNOW                0     SLEET                      0
FOG                      10     FOG W/VIS <= 1/4 MILE      1
HAZE                      7

-  INDICATES NEGATIVE NUMBERS.
R  INDICATES RECORD WAS SET OR TIED.
MM INDICATES DATA IS MISSING.
T  INDICATES TRACE AMOUNT.

$$
