000
CXUS54 KJAN 021434
CLMGLH


CLIMATE REPORT
NATIONAL WEATHER SERVICE JACKSON MS
831 AM CST SUN NOV 2 2014

...................................

...THE GREENVILLE CLIMATE SUMMARY FOR THE MONTH OF OCTOBER 2014...

CLIMATE NORMAL PERIOD 1981 TO 2010
CLIMATE RECORD PERIOD 1920 TO 2014

WEATHER         OBSERVED          NORMAL  DEPART  LAST YEAR`S
                 VALUE   DATE(S)  VALUE   FROM    VALUE  DATE(S)
                                          NORMAL
................................................................
TEMPERATURE (F)
RECORD
 HIGH              96   10/04/1986
 LOW               27   10/31/1993
HIGHEST            93   10/01        MM      MM       91  10/05
LOWEST             40   10/31        MM      MM       39  10/26
AVG. MAXIMUM     78.6              76.8     1.8     75.8
AVG. MINIMUM     54.6              52.3     2.3     55.5
MEAN             66.6              64.6     2.0     65.7
DAYS MAX >= 90      1               1.2    -0.2        1
DAYS MAX <= 32      0               0.0     0.0        0
DAYS MIN <= 32      0               0.1    -0.1        0
DAYS MIN <= 0       0               0.0     0.0        0

PRECIPITATION (INCHES)
RECORD
 MAXIMUM        14.47   2009
 MINIMUM         0.00   1963
                        1924
TOTALS           6.04              4.32    1.72     8.07
DAILY AVG.       0.19              0.14    0.05     0.26
DAYS >= .01         9                MM      MM        8
DAYS >= .10         8                MM      MM        5
DAYS >= .50         4                MM      MM        4
DAYS >= 1.00        2                MM      MM        3
GREATEST
 24 HR. TOTAL    2.21   10/12 TO 10/13              4.46

SNOWFALL (INCHES)
TOTALS            0.0

DEGREE_DAYS
HEATING TOTAL      69               108     -39       91
 SINCE 7/1         69               114     -45       91
COOLING TOTAL     126                94      32      118
 SINCE 1/1       2174              2174       0     2237
.................................................................

WIND (MPH)
AVERAGE WIND SPEED              8.0
HIGHEST WIND SPEED/DIRECTION    35/170    DATE  10/12
HIGHEST GUST SPEED/DIRECTION    45/180    DATE  10/12

SKY COVER
POSSIBLE SUNSHINE (PERCENT)   MM
AVERAGE SKY COVER           0.20
NUMBER OF DAYS FAIR           23
NUMBER OF DAYS PC              6
NUMBER OF DAYS CLOUDY          2

AVERAGE RH (PERCENT)     69

WEATHER CONDITIONS. NUMBER OF DAYS WITH
THUNDERSTORM              6     MIXED PRECIP               0
HEAVY RAIN                6     RAIN                       7
LIGHT RAIN               10     FREEZING RAIN              0
LT FREEZING RAIN          0     HAIL                       0
HEAVY SNOW                0     SNOW                       0
LIGHT SNOW                0     SLEET                      0
FOG                      15     FOG W/VIS <= 1/4 MILE      1
HAZE                      4

-  INDICATES NEGATIVE NUMBERS.
R  INDICATES RECORD WAS SET OR TIED.
MM INDICATES DATA IS MISSING.
T  INDICATES TRACE AMOUNT.

$$
