966
CXUS54 KJAN 011828
CLMGLH


CLIMATE REPORT
NATIONAL WEATHER SERVICE JACKSON MS
126 PM CDT SAT APR 1 2017

...................................

...THE GREENVILLE CLIMATE SUMMARY FOR THE MONTH OF MARCH 2017...

CLIMATE NORMAL PERIOD 1981 TO 2010
CLIMATE RECORD PERIOD 1920 TO 2017

WEATHER         OBSERVED          NORMAL  DEPART  LAST YEAR`S
                 VALUE   DATE(S)  VALUE   FROM    VALUE  DATE(S)
                                          NORMAL
................................................................
TEMPERATURE (F)
RECORD
 HIGH              91   03/24/1929
 LOW               15   03/03/1943
HIGHEST            84   03/23        MM      MM       83  03/31
                        03/21
LOWEST             31   03/15        MM      MM       35  03/21
AVG. MAXIMUM     69.1              65.3     3.8     69.5
AVG. MINIMUM     48.1              44.1     4.0     50.3
MEAN             58.6              54.7     3.9     59.9
DAYS MAX >= 90      0               0.0     0.0        0
DAYS MAX <= 32      0               0.0     0.0        0
DAYS MIN <= 32      1               2.2    -1.2        0
DAYS MIN <= 0       0               0.0     0.0        0

PRECIPITATION (INCHES)
RECORD
 MAXIMUM        17.32   2016
 MINIMUM         0.31   2007
TOTALS           1.86              4.55   -2.69    17.32
DAILY AVG.       0.06              0.15   -0.09     0.56
DAYS >= .01         6                MM      MM       13
DAYS >= .10         4                MM      MM       12
DAYS >= .50         2                MM      MM        7
DAYS >= 1.00        0                MM      MM        5
GREATEST
 24 HR. TOTAL    0.56   03/07 TO 03/07              7.73

SNOWFALL (INCHES)
TOTALS            0.0

DEGREE_DAYS
HEATING TOTAL     237               336     -99      186
 SINCE 7/1       1770              2645    -875     1866
COOLING TOTAL      45                17      28       35
 SINCE 1/1         74                22      52       39
.................................................................

WIND (MPH)
AVERAGE WIND SPEED              10.2
HIGHEST WIND SPEED/DIRECTION    43/220    DATE  03/29
HIGHEST GUST SPEED/DIRECTION    57/220    DATE  03/29

SKY COVER
POSSIBLE SUNSHINE (PERCENT)   MM
AVERAGE SKY COVER           0.40
NUMBER OF DAYS FAIR           18
NUMBER OF DAYS PC              6
NUMBER OF DAYS CLOUDY          7

AVERAGE RH (PERCENT)     66

WEATHER CONDITIONS. NUMBER OF DAYS WITH
THUNDERSTORM              7     MIXED PRECIP               0
HEAVY RAIN                4     RAIN                       4
LIGHT RAIN               13     FREEZING RAIN              0
LT FREEZING RAIN          0     HAIL                       0
HEAVY SNOW                0     SNOW                       0
LIGHT SNOW                0     SLEET                      0
FOG                      14     FOG W/VIS <= 1/4 MILE      3
HAZE                     10

-  INDICATES NEGATIVE NUMBERS.
R  INDICATES RECORD WAS SET OR TIED.
MM INDICATES DATA IS MISSING.
T  INDICATES TRACE AMOUNT.

$$
