000
CXUS54 KJAN 011723
CLMGLH


CLIMATE REPORT
NATIONAL WEATHER SERVICE JACKSON MS
1120 AM CST THU DEC 1 2016

...................................

...THE GREENVILLE CLIMATE SUMMARY FOR THE MONTH OF NOVEMBER 2016...

CLIMATE NORMAL PERIOD 1981 TO 2010
CLIMATE RECORD PERIOD 1920 TO 2016

WEATHER         OBSERVED          NORMAL  DEPART  LAST YEAR`S
                 VALUE   DATE(S)  VALUE   FROM    VALUE  DATE(S)
                                          NORMAL
................................................................
TEMPERATURE (F)
RECORD
 HIGH              88   11/02/1971
 LOW               16   11/25/1950
HIGHEST            87   11/01        MM      MM       82  11/05
LOWEST             29   11/21        MM      MM       28  11/23
AVG. MAXIMUM     70.8              64.7     6.1     67.6
AVG. MINIMUM     44.0              42.9     1.1     49.2
MEAN             57.4              53.8     3.6     58.4
DAYS MAX >= 90      0               0.0     0.0        0
DAYS MAX <= 32      0               0.0     0.0        0
DAYS MIN <= 32      3               2.9     0.1        2
DAYS MIN <= 0       0               0.0     0.0        0

PRECIPITATION (INCHES)
RECORD
 MAXIMUM        19.56   1986
 MINIMUM         0.29   1949
TOTALS           4.49              5.06   -0.57     7.31
DAILY AVG.       0.15              0.17   -0.02     0.24
DAYS >= .01         4                MM      MM       10
DAYS >= .10         4                MM      MM        7
DAYS >= .50         3                MM      MM        2
DAYS >= 1.00        2                MM      MM        2
GREATEST
 24 HR. TOTAL    2.32   11/27 TO 11/28              3.49

SNOWFALL (INCHES)
TOTALS            0.0

DEGREE_DAYS
HEATING TOTAL     247               348    -101      215
 SINCE 7/1        269               462    -193      250
COOLING TOTAL      27                12      15       26
 SINCE 1/1       2672              2186     486     2504
.................................................................

WIND (MPH)
AVERAGE WIND SPEED              7.0
HIGHEST WIND SPEED/DIRECTION    36/300    DATE  11/18
HIGHEST GUST SPEED/DIRECTION    44/310    DATE  11/18

SKY COVER
POSSIBLE SUNSHINE (PERCENT)   MM
AVERAGE SKY COVER           0.20
NUMBER OF DAYS FAIR           23
NUMBER OF DAYS PC              5
NUMBER OF DAYS CLOUDY          2

AVERAGE RH (PERCENT)     60

WEATHER CONDITIONS. NUMBER OF DAYS WITH
THUNDERSTORM              4     MIXED PRECIP               0
HEAVY RAIN                4     RAIN                       4
LIGHT RAIN                6     FREEZING RAIN              0
LT FREEZING RAIN          0     HAIL                       0
HEAVY SNOW                0     SNOW                       0
LIGHT SNOW                0     SLEET                      0
FOG                      12     FOG W/VIS <= 1/4 MILE      7
HAZE                     13

-  INDICATES NEGATIVE NUMBERS.
R  INDICATES RECORD WAS SET OR TIED.
MM INDICATES DATA IS MISSING.
T  INDICATES TRACE AMOUNT.

$$
