000
CXUS54 KJAN 011246
CLMGLH


CLIMATE REPORT
NATIONAL WEATHER SERVICE JACKSON MS
643 AM CST SUN MAR 1 2015

...................................

...THE GREENVILLE CLIMATE SUMMARY FOR THE MONTH OF FEBRUARY 2015...

CLIMATE NORMAL PERIOD 1981 TO 2010
CLIMATE RECORD PERIOD 1920 TO 2015

WEATHER         OBSERVED          NORMAL  DEPART  LAST YEAR`S
                 VALUE   DATE(S)  VALUE   FROM    VALUE  DATE(S)
                                          NORMAL
................................................................
TEMPERATURE (F)
RECORD
 HIGH              91   02/09/1950
 LOW               -2   02/02/1951
HIGHEST            70   02/08        MM      MM       78  02/20
LOWEST             19   02/19        MM      MM       20  02/13
AVG. MAXIMUM     48.8              56.8    -8.0     52.2
AVG. MINIMUM     29.4              36.3    -6.9     33.6
MEAN             39.1              46.6    -7.5     42.9
DAYS MAX >= 90      0               0.0     0.0        0
DAYS MAX <= 32      0               0.1    -0.1        3
DAYS MIN <= 32     22               9.5    12.5       13
DAYS MIN <= 0       0               0.0     0.0        0

PRECIPITATION (INCHES)
RECORD
 MAXIMUM        12.39   1991
 MINIMUM         0.41   1972
TOTALS           3.08              5.02   -1.94     3.46
DAILY AVG.       0.11              0.18   -0.07     0.12
DAYS >= .01         7                MM      MM       11
DAYS >= .10         6                MM      MM        5
DAYS >= .50         3                MM      MM        2
DAYS >= 1.00        0                MM      MM        2
GREATEST
 24 HR. TOTAL    0.87   02/22 TO 02/23              1.48

SNOWFALL (INCHES)
TOTALS              M

DEGREE_DAYS
HEATING TOTAL     718               520     198      611
 SINCE 7/1       2487              2309     178     2607
COOLING TOTAL       0                 4      -4        0
 SINCE 1/1          0                 5      -5        0
.................................................................

WIND (MPH)
AVERAGE WIND SPEED              10.8
HIGHEST WIND SPEED/DIRECTION    36/210    DATE  02/21
HIGHEST GUST SPEED/DIRECTION    47/200    DATE  02/21

SKY COVER
POSSIBLE SUNSHINE (PERCENT)   MM
AVERAGE SKY COVER           0.50
NUMBER OF DAYS FAIR           12
NUMBER OF DAYS PC              6
NUMBER OF DAYS CLOUDY         10

AVERAGE RH (PERCENT)     66

WEATHER CONDITIONS. NUMBER OF DAYS WITH
THUNDERSTORM              2     MIXED PRECIP               0
HEAVY RAIN                3     RAIN                       6
LIGHT RAIN                8     FREEZING RAIN              2
LT FREEZING RAIN          2     HAIL                       0
HEAVY SNOW                1     SNOW                       1
LIGHT SNOW                2     SLEET                      1
FOG                      12     FOG W/VIS <= 1/4 MILE      2
HAZE                     10

-  INDICATES NEGATIVE NUMBERS.
R  INDICATES RECORD WAS SET OR TIED.
MM INDICATES DATA IS MISSING.
T  INDICATES TRACE AMOUNT.

$$
