000
CXUS54 KJAN 012238
CLMGLH


CLIMATE REPORT
NATIONAL WEATHER SERVICE JACKSON MS
537 PM CDT WED JUL 1 2015

...................................

...THE GREENVILLE CLIMATE SUMMARY FOR THE MONTH OF JUNE 2015...

CLIMATE NORMAL PERIOD 1981 TO 2010
CLIMATE RECORD PERIOD 1920 TO 2015

WEATHER         OBSERVED          NORMAL  DEPART  LAST YEAR`S
                 VALUE   DATE(S)  VALUE   FROM    VALUE  DATE(S)
                                          NORMAL
................................................................
TEMPERATURE (F)
RECORD
 HIGH             105   06/20/1936
 LOW               49   06/03/1956
HIGHEST            98   06/24        MM      MM       95  06/20
LOWEST             59   06/03        MM      MM       64  06/14
AVG. MAXIMUM     91.0              89.1     1.9     89.1
AVG. MINIMUM     70.2              68.9     1.3     71.3
MEAN             80.6              79.0     1.6     80.2
DAYS MAX >= 90     23              13.8     9.2       15
DAYS MAX <= 32      0               0.0     0.0        0
DAYS MIN <= 32      0               0.0     0.0        0
DAYS MIN <= 0       0               0.0     0.0        0

PRECIPITATION (INCHES)
RECORD
 MAXIMUM         9.63   1957
 MINIMUM            T   1952
TOTALS           1.52              4.04   -2.52     6.37
DAILY AVG.       0.05              0.13   -0.08     0.21
DAYS >= .01         6                MM      MM       11
DAYS >= .10         3                MM      MM        5
DAYS >= .50         1                MM      MM        3
DAYS >= 1.00        1                MM      MM        3
GREATEST
 24 HR. TOTAL    1.16   06/30 TO 06/30              3.26

SNOWFALL (INCHES)
TOTALS            0.0

DEGREE_DAYS
HEATING TOTAL       0                 0       0        0
 SINCE 7/1       2869              2774      95     3207
COOLING TOTAL     476               420      56      462
 SINCE 1/1        857               742     115      777
.................................................................

WIND (MPH)
AVERAGE WIND SPEED              6.9
HIGHEST WIND SPEED/DIRECTION    33/190    DATE  06/14
HIGHEST GUST SPEED/DIRECTION    45/190    DATE  06/14

SKY COVER
POSSIBLE SUNSHINE (PERCENT)   MM
AVERAGE SKY COVER           0.10
NUMBER OF DAYS FAIR           27
NUMBER OF DAYS PC              3
NUMBER OF DAYS CLOUDY          0

AVERAGE RH (PERCENT)     74

WEATHER CONDITIONS. NUMBER OF DAYS WITH
THUNDERSTORM              8     MIXED PRECIP               0
HEAVY RAIN                1     RAIN                       4
LIGHT RAIN               10     FREEZING RAIN              0
LT FREEZING RAIN          0     HAIL                       0
HEAVY SNOW                0     SNOW                       0
LIGHT SNOW                0     SLEET                      0
FOG                       4     FOG W/VIS <= 1/4 MILE      0
HAZE                      1

-  INDICATES NEGATIVE NUMBERS.
R  INDICATES RECORD WAS SET OR TIED.
MM INDICATES DATA IS MISSING.
T  INDICATES TRACE AMOUNT.

$$
