000
CXUS54 KJAN 241000
CF6GWO
PRELIMINARY LOCAL CLIMATOLOGICAL DATA (WS FORM: F-6)

                                          STATION:   GREENWOOD
                                          MONTH:     OCTOBER
                                          YEAR:      2017
                                          LATITUDE:   33 30 N
                                          LONGITUDE:  90  5 W

  TEMPERATURE IN F:       :PCPN:    SNOW:  WIND      :SUNSHINE: SKY     :PK WND
================================================================================
1   2   3   4   5  6A  6B    7    8   9   10  11  12  13   14  15   16   17  18
                                     12Z  AVG MX 2MIN
DY MAX MIN AVG DEP HDD CDD  WTR  SNW DPTH SPD SPD DIR MIN PSBL S-S WX    SPD DR
================================================================================

 1  87  66  77   8   0  12 0.00  0.0    0  9.3 18 130   M    M   1        25 120
 2  78  66  72   3   0   7 0.03  0.0    0  7.8 15 140   M    M   7        20 130
 3  88  68  78   9   0  13 0.00  0.0    0  8.2 17 140   M    M   1 8      26 110
 4  86  62  74   6   0   9 0.00  0.0    0  6.6 16 120   M    M   0        22 140
 5  86  59  73   5   0   8 0.00  0.0    0  3.7 12 150   M    M   1        14 140
 6  88  59  74   6   0   9 0.00  0.0    0  5.8 14 170   M    M   2        20  50
 7  84  66  75   8   0  10    T  0.0    0  6.2 16 190   M    M   2        20 180
 8  92  71  82  15   0  17 0.05  0.0    0  5.0 13 350   M    M   5 1      16 300
 9  91  70  81  15   0  16    T  0.0    0  5.4 16 140   M    M   1 1      23 140
10  93  69  81  15   0  16 0.00  0.0    0  5.8 12 230   M    M   6 8      17 220
11  77  54  66   0   0   1 0.00  0.0    0  4.6 12 350   M    M   2        17 340
12  80  50  65   0   0   0 0.00  0.0    0  2.6 13  30   M    M   2 12     17  70
13  90  55  73   8   0   8 0.00  0.0    0  2.2  8 320   M    M   0 18     11 290
14  92  61  77  12   0  12 0.00  0.0    0  7.0 14 170   M    M   1        18 180
15  89  57  73   8   0   8 0.02  0.0    0  8.2 18 340   M    M   4 1      29 340
16  71  43  57  -7   8   0 0.00  0.0    0  7.5 20  50   M    M   0        26  30
17  76  37  57  -7   8   0 0.00  0.0    0  3.9 13  80   M    M   0 1      16 130
18  78  45  62  -2   3   0 0.00  0.0    0  4.3 14 140   M    M   0        17 130
19  80  42  61  -2   4   0 0.00  0.0    0  2.9  9 100   M    M   0        12 120
20  80  50  65   2   0   0 0.00  0.0    0  4.8 14 130   M    M   0 1      19 170
21  85  60  73  10   0   8 0.00  0.0    0 10.1 22 160   M    M   2        32 140
22  75  60  68   6   0   3 0.15  0.0    0  6.9 23 160   M    M   7 1      28 160
23  72  51  62   0   3   0 0.01  0.0    0  5.1 12 340   M    M   4 1      19 270
================================================================================
SM 1918 1321        26 157  0.26     0.0 133.9          M       48
================================================================================
AV 83.4 57.4                               5.8 FASTST   M    M   2    MAX(MPH)
                                 MISC ---->  # 23 160               # 32  140
================================================================================
NOTES:
# LAST OF SEVERAL OCCURRENCES

COLUMN 17 PEAK WIND IN M.P.H.

PRELIMINARY LOCAL CLIMATOLOGICAL DATA (WS FORM: F-6) , PAGE 2

                                          STATION:  GREENWOOD
                                          MONTH:    OCTOBER
                                          YEAR:     2017
                                          LATITUDE:   33 30 N
                                          LONGITUDE:  90  5 W

[TEMPERATURE DATA]      [PRECIPITATION DATA]       SYMBOLS USED IN COLUMN 16

AVERAGE MONTHLY: 70.4   TOTAL FOR MONTH:   0.26    1 = FOG OR MIST
DPTR FM NORMAL:   4.8   DPTR FM NORMAL:   -2.64    2 = FOG REDUCING VISIBILITY
HIGHEST:    93 ON 10    GRTST 24HR  0.15 ON 22-22      TO 1/4 MILE OR LESS
LOWEST:     37 ON 17                               3 = THUNDER
                        SNOW, ICE PELLETS, HAIL    4 = ICE PELLETS
                        TOTAL MONTH:   0.0 INCH    5 = HAIL
                        GRTST 24HR     0.0         6 = FREEZING RAIN OR DRIZZLE
                        GRTST DEPTH:   0           7 = DUSTSTORM OR SANDSTORM:
                                                       VSBY 1/2 MILE OR LESS
                                                   8 = SMOKE OR HAZE
[NO. OF DAYS WITH]      [WEATHER - DAYS WITH]      9 = BLOWING SNOW
                                                   X = TORNADO
MAX 32 OR BELOW:   0    0.01 INCH OR MORE:   5
MAX 90 OR ABOVE:   5    0.10 INCH OR MORE:   1
MIN 32 OR BELOW:   0    0.50 INCH OR MORE:   0
MIN  0 OR BELOW:   0    1.00 INCH OR MORE:   0

[HDD (BASE 65) ]
TOTAL THIS MO.    26    CLEAR  (SCALE 0-3)  17
DPTR FM NORMAL   -44    PTCLDY (SCALE 4-7)   6
TOTAL FM JUL 1    28    CLOUDY (SCALE 8-10)  0
DPTR FM NORMAL   -54

[CDD (BASE 65) ]
TOTAL THIS MO.   157
DPTR FM NORMAL    76    [PRESSURE DATA]
TOTAL FM JAN 1  2298    HIGHEST SLP M ON M
DPTR FM NORMAL   170    LOWEST  SLP 29.58 ON  8

[REMARKS]
