000
CXUS54 KJAN 011200
CF6GWO
PRELIMINARY LOCAL CLIMATOLOGICAL DATA (WS FORM: F-6)

                                          STATION:   GREENWOOD
                                          MONTH:     JUNE
                                          YEAR:      2016
                                          LATITUDE:   33 30 N
                                          LONGITUDE:  90  5 W

  TEMPERATURE IN F:       :PCPN:    SNOW:  WIND      :SUNSHINE: SKY     :PK WND
================================================================================
1   2   3   4   5  6A  6B    7    8   9   10  11  12  13   14  15   16   17  18
                                     12Z  AVG MX 2MIN
DY MAX MIN AVG DEP HDD CDD  WTR  SNW DPTH SPD SPD DIR MIN PSBL S-S WX    SPD DR
================================================================================

 1  88  67  78   2   0  13 0.06  0.0    0  3.9 14 120   M    M   2 13     18 110
 2  88  69  79   3   0  14 0.03  0.0    0  3.5 17 190   M    M   4 3      22 110
 3  87  70  79   3   0  14 1.97  0.0    0  4.4 20  30   M    M   5 13     22  30
 4  86  69  78   1   0  13    T  0.0    0  4.5 13 210   M    M   4 8      16 220
 5  87  71  79   2   0  14    T  0.0    0  3.5  9 340   M    M   5 13     13 350
 6  89  66  78   1   0  13 0.00  0.0    0  4.4 13  10   M    M   1 1      18  10
 7  92  61  77   0   0  12 0.00  0.0    0  2.7  9 320   M    M   0 1      12 350
 8  89  66  78   0   0  13 0.00  0.0    0  4.7 14  60   M    M   0        18  60
 9  91  64  78   0   0  13 0.00  0.0    0  4.0 10 120   M    M   0        12 130
10  93  66  80   2   0  15 0.00  0.0    0  3.9 10 150   M    M   0        14 140
11  93  71  82   4   0  17 0.00  0.0    0  5.2 18 200   M    M   2        23 190
12  91  73  82   4   0  17 0.77  0.0    0  3.3 18 310   M    M   1 38     24 300
13  91  72  82   3   0  17 0.01  0.0    0  5.2 21 200   M    M   1 3      25 180
14  81  71  76  -3   0  11 0.01  0.0    0  7.6 18 200   M    M   5        24 200
15  91  73  82   3   0  17 0.00  0.0    0  7.1 17 210   M    M   5        23 210
16  94  74  84   5   0  19 0.00  0.0    0  4.6 13 220   M    M   2 18     19 220
17  94  68  81   2   0  16 0.51  0.0    0  4.5 18 200   M    M   2 13     23 300
18  91  68  80   1   0  15 0.00  0.0    0  6.1 15  80   M    M   2 1      18  80
19  89  72  81   1   0  16 0.00  0.0    0  9.8 18 140   M    M   3        27 120
20  91  73  82   2   0  17 0.00  0.0    0  4.9 12 200   M    M   4        13 200
21  92  71  82   2   0  17 0.00  0.0    0  3.0  9 210   M    M   3        12 200
22  92  74  83   3   0  18 0.00  0.0    0  6.4 14 200   M    M   1 1      19 200
23  92  73  83   3   0  18 0.00  0.0    0  5.7 14 210   M    M   1        17 210
24  93  75  84   4   0  19 0.00  0.0    0  3.9 10 210   M    M   1        14 230
25  95  73  84   4   0  19 0.00  0.0    0  1.5  8 220   M    M   2 1      11 230
26  96  74  85   5   0  20 0.00  0.0    0  1.2  7 270   M    M   1 1      11 340
27  94  73  84   3   0  19 0.01  0.0    0  4.3 25 350   M    M   1 13     35 360
28  91  71  81   0   0  16 0.00  0.0    0  6.5 20  60   M    M   4        28  50
29  94  67  81   0   0  16 0.00  0.0    0  6.1 15  20   M    M   1 1      18  50
30  94  65  80  -1   0  15 0.00  0.0    0  3.5  9  30   M    M   0        14  20
================================================================================
SM 2729 2100         0 473  3.37     0.0 139.9          M       63
================================================================================
AV 91.0 70.0                               4.7 FASTST   M    M   2    MAX(MPH)
                                 MISC ---->  # 25 350               # 35  360
================================================================================
NOTES:
# LAST OF SEVERAL OCCURRENCES

COLUMN 17 PEAK WIND IN M.P.H.

PRELIMINARY LOCAL CLIMATOLOGICAL DATA (WS FORM: F-6) , PAGE 2

                                          STATION:  GREENWOOD
                                          MONTH:    JUNE
                                          YEAR:     2016
                                          LATITUDE:   33 30 N
                                          LONGITUDE:  90  5 W

[TEMPERATURE DATA]      [PRECIPITATION DATA]       SYMBOLS USED IN COLUMN 16

AVERAGE MONTHLY: 80.5   TOTAL FOR MONTH:   3.37    1 = FOG OR MIST
DPTR FM NORMAL:   1.8   DPTR FM NORMAL:   -0.94    2 = FOG REDUCING VISIBILITY
HIGHEST:    96 ON 26    GRTST 24HR  1.97 ON  3- 3      TO 1/4 MILE OR LESS
LOWEST:     61 ON  7                               3 = THUNDER
                        SNOW, ICE PELLETS, HAIL    4 = ICE PELLETS
                        TOTAL MONTH:   0.0 INCH    5 = HAIL
                        GRTST 24HR     0.0         6 = FREEZING RAIN OR DRIZZLE
                        GRTST DEPTH:   0           7 = DUSTSTORM OR SANDSTORM:
                                                       VSBY 1/2 MILE OR LESS
                                                   8 = SMOKE OR HAZE
[NO. OF DAYS WITH]      [WEATHER - DAYS WITH]      9 = BLOWING SNOW
                                                   X = TORNADO
MAX 32 OR BELOW:   0    0.01 INCH OR MORE:   8
MAX 90 OR ABOVE:  21    0.10 INCH OR MORE:   3
MIN 32 OR BELOW:   0    0.50 INCH OR MORE:   3
MIN  0 OR BELOW:   0    1.00 INCH OR MORE:   1

[HDD (BASE 65) ]
TOTAL THIS MO.     0    CLEAR  (SCALE 0-3)  21
DPTR FM NORMAL     0    PTCLDY (SCALE 4-7)   9
TOTAL FM JUL 1  1929    CLOUDY (SCALE 8-10)  0
DPTR FM NORMAL  -759

[CDD (BASE 65) ]
TOTAL THIS MO.   473
DPTR FM NORMAL    60    [PRESSURE DATA]
TOTAL FM JAN 1   802    HIGHEST SLP 30.26 ON 20
DPTR FM NORMAL    59    LOWEST  SLP 29.76 ON  6

[REMARKS]
