000
CDUS44 KJAN 230639
CLIGWO


CLIMATE REPORT
NATIONAL WEATHER SERVICE JACKSON MS
136 AM CDT FRI JUN 23 2017


...................................

...THE GREENWOOD CLIMATE SUMMARY FOR JUNE 22 2017...

CLIMATE NORMAL PERIOD 1981 TO 2010
CLIMATE RECORD PERIOD 1948 TO 2017


WEATHER ITEM   OBSERVED TIME   RECORD YEAR NORMAL DEPARTURE LAST
                VALUE   (LST)  VALUE       VALUE  FROM      YEAR
                                                  NORMAL
..................................................................
TEMPERATURE (F)
 YESTERDAY
  MAXIMUM         90   1255 PM  99    1964  91     -1       92
  MINIMUM         75    346 AM  56    1992  69      6       74
                                      1976
  AVERAGE         83                        80      3       83

PRECIPITATION (IN)
  YESTERDAY        0.40          0.75 1983   0.15   0.25     0.00
  MONTH TO DATE    5.34                      3.17   2.17     3.36
  SINCE JUN 1      5.34                      3.17   2.17     3.36
  SINCE JAN 1     26.78                     26.50   0.28    29.15

SNOWFALL (IN)
  YESTERDAY        0.0

DEGREE DAYS
 HEATING
  YESTERDAY        0                         0      0        0
  MONTH TO DATE    0                         0      0        0
  SINCE JUN 1      0                         0      0        0
  SINCE JUL 1   1780                      2688   -908     1929

 COOLING
  YESTERDAY       18                        15      3       18
  MONTH TO DATE  278                       290    -12      331
  SINCE JUN 1    278                       290    -12      331
  SINCE JAN 1    722                       620    102      660
..................................................................


WIND (MPH)
  HIGHEST WIND SPEED    22   HIGHEST WIND DIRECTION     S (170)
  HIGHEST GUST SPEED    28   HIGHEST GUST DIRECTION     S (190)
  AVERAGE WIND SPEED    12.3


SKY COVER
  POSSIBLE SUNSHINE  MM
  AVERAGE SKY COVER 0.3


WEATHER CONDITIONS
 THE FOLLOWING WEATHER WAS RECORDED YESTERDAY.
  HEAVY RAIN
  RAIN
  LIGHT RAIN
  FOG


RELATIVE HUMIDITY (PERCENT)
 HIGHEST    94          1200 AM
 LOWEST     63          1100 AM
 AVERAGE    79

..........................................................


THE GREENWOOD CLIMATE NORMALS FOR TODAY
                         NORMAL    RECORD    YEAR
 MAXIMUM TEMPERATURE (F)   91       100      1954
 MINIMUM TEMPERATURE (F)   70        55      1992


SUNRISE AND SUNSET
JUNE 23 2017..........SUNRISE   551 AM CDT   SUNSET   814 PM CDT
JUNE 24 2017..........SUNRISE   552 AM CDT   SUNSET   814 PM CDT


-  INDICATES NEGATIVE NUMBERS.
R  INDICATES RECORD WAS SET OR TIED.
MM INDICATES DATA IS MISSING.
T  INDICATES TRACE AMOUNT.




$$
