000
CDUS44 KJAN 020848
CLIGWO


CLIMATE REPORT
NATIONAL WEATHER SERVICE JACKSON MS
341 AM CDT THU OCT 2 2014


...................................

...THE GREENWOOD CLIMATE SUMMARY FOR OCTOBER 1 2014...

CLIMATE NORMAL PERIOD 1981 TO 2010
CLIMATE RECORD PERIOD 1948 TO 2014


WEATHER ITEM   OBSERVED TIME   RECORD YEAR NORMAL DEPARTURE LAST
                VALUE   (LST)  VALUE       VALUE  FROM      YEAR
                                                  NORMAL
..................................................................
TEMPERATURE (F)
 YESTERDAY
  MAXIMUM         89    330 PM  93    2006  82      7       86
  MINIMUM         62    404 AM  35    1984  57      5       68
  AVERAGE         76                        69      7       77

PRECIPITATION (IN)
  YESTERDAY        0.00          2.05 1975   0.12  -0.12     0.00
  MONTH TO DATE    0.00                      0.12  -0.12     0.00
  SINCE SEP 1      0.38                      3.78  -3.40     8.09
  SINCE JAN 1     41.14                     37.85   3.29    46.34

SNOWFALL (IN)
  YESTERDAY        0.0

DEGREE DAYS
 HEATING
  YESTERDAY        0                         1     -1        0
  MONTH TO DATE    0                         1     -1        0
  SINCE SEP 1      0                        13    -13        0
  SINCE JUL 1      0                        13    -13        0

 COOLING
  YESTERDAY       11                         6      5       12
  MONTH TO DATE   11                         6      5       12
  SINCE SEP 1    375                       311     64      370
  SINCE JAN 1   1931                      2053   -122     1992
..................................................................


WIND (MPH)
  HIGHEST WIND SPEED    16   HIGHEST WIND DIRECTION     S (180)
  HIGHEST GUST SPEED    24   HIGHEST GUST DIRECTION    SE (140)
  AVERAGE WIND SPEED     5.2


SKY COVER
  POSSIBLE SUNSHINE  MM
  AVERAGE SKY COVER 0.1


WEATHER CONDITIONS
 THE FOLLOWING WEATHER WAS RECORDED YESTERDAY.
  NO SIGNIFICANT WEATHER WAS OBSERVED.


RELATIVE HUMIDITY (PERCENT)
 HIGHEST    93           500 AM
 LOWEST     46           100 PM
 AVERAGE    70

..........................................................


THE GREENWOOD CLIMATE NORMALS FOR TODAY
                         NORMAL    RECORD    YEAR
 MAXIMUM TEMPERATURE (F)   82        95      1954
 MINIMUM TEMPERATURE (F)   56        37      2011


SUNRISE AND SUNSET
OCTOBER  2 2014.......SUNRISE   655 AM CDT   SUNSET   643 PM CDT
OCTOBER  3 2014.......SUNRISE   656 AM CDT   SUNSET   642 PM CDT


-  INDICATES NEGATIVE NUMBERS.
R  INDICATES RECORD WAS SET OR TIED.
MM INDICATES DATA IS MISSING.
T  INDICATES TRACE AMOUNT.




$$
