000
CDUS44 KJAN 160639
CLIGWO


CLIMATE REPORT
NATIONAL WEATHER SERVICE JACKSON MS
136 AM CDT WED APR 16 2014


...................................

...THE GREENWOOD CLIMATE SUMMARY FOR APRIL 15 2014...

CLIMATE NORMAL PERIOD 1981 TO 2010
CLIMATE RECORD PERIOD 1948 TO 2014


WEATHER ITEM   OBSERVED TIME   RECORD YEAR NORMAL DEPARTURE LAST
                VALUE   (LST)  VALUE       VALUE  FROM      YEAR
                                                  NORMAL
..................................................................
TEMPERATURE (F)
 YESTERDAY
  MAXIMUM         52    410 PM  92    1972  75    -23       84
  MINIMUM         36   1131 PM  30    2008  51    -15       56
  AVERAGE         44                        63    -19       70

PRECIPITATION (IN)
  YESTERDAY        T             1.65 1972   0.18  -0.18     0.00
  MONTH TO DATE    6.59                      2.59   4.00     3.61
  SINCE MAR 1     10.67                      6.90   3.77     9.43
  SINCE JAN 1     16.95                     15.84   1.11    21.89

SNOWFALL (IN)
  YESTERDAY        0.0

DEGREE DAYS
 HEATING
  YESTERDAY       21                         4     17        0
  MONTH TO DATE  107                        82     25       87
  SINCE MAR 1    545                       398    147      575
  SINCE JUL 1   3199                      2629    570     2655

 COOLING
  YESTERDAY        0                         2     -2        5
  MONTH TO DATE   30                        28      2       32
  SINCE MAR 1     34                        49    -15       32
  SINCE JAN 1     34                        54    -20       44
..................................................................


WIND (MPH)
  HIGHEST WIND SPEED    22   HIGHEST WIND DIRECTION     N (360)
  HIGHEST GUST SPEED    31   HIGHEST GUST DIRECTION     N (360)
  AVERAGE WIND SPEED    11.6


SKY COVER
  POSSIBLE SUNSHINE  MM
  AVERAGE SKY COVER 0.3


WEATHER CONDITIONS
 THE FOLLOWING WEATHER WAS RECORDED YESTERDAY.
  LIGHT RAIN


RELATIVE HUMIDITY (PERCENT)
 HIGHEST    85          1000 PM
 LOWEST     39           100 PM
 AVERAGE    62

..........................................................


THE GREENWOOD CLIMATE NORMALS FOR TODAY
                         NORMAL    RECORD    YEAR
 MAXIMUM TEMPERATURE (F)   75        87      2006
                                             1982
 MINIMUM TEMPERATURE (F)   52        35      2007


SUNRISE AND SUNSET
APRIL 16 2014.........SUNRISE   629 AM CDT   SUNSET   732 PM CDT
APRIL 17 2014.........SUNRISE   628 AM CDT   SUNSET   733 PM CDT


-  INDICATES NEGATIVE NUMBERS.
R  INDICATES RECORD WAS SET OR TIED.
MM INDICATES DATA IS MISSING.
T  INDICATES TRACE AMOUNT.




$$
