000
CDUS44 KJAN 310720
CLIGWO


CLIMATE REPORT
NATIONAL WEATHER SERVICE JACKSON MS
218 AM CDT FRI OCT 31 2014


...................................

...THE GREENWOOD CLIMATE SUMMARY FOR OCTOBER 30 2014...

CLIMATE NORMAL PERIOD 1981 TO 2010
CLIMATE RECORD PERIOD 1948 TO 2014


WEATHER ITEM   OBSERVED TIME   RECORD YEAR NORMAL DEPARTURE LAST
                VALUE   (LST)  VALUE       VALUE  FROM      YEAR
                                                  NORMAL
..................................................................
TEMPERATURE (F)
 YESTERDAY
  MAXIMUM         72    128 PM  86    1950  72      0       77
  MINIMUM         41    603 AM  27    1952  47     -6       60
  AVERAGE         57                        60     -3       69

PRECIPITATION (IN)
  YESTERDAY        0.00          2.42 2009   0.12  -0.12     0.01
  MONTH TO DATE    6.40                      3.75   2.65     1.14
  SINCE SEP 1      6.78                      7.41  -0.63     9.23
  SINCE JAN 1     47.54                     41.48   6.06    47.48

SNOWFALL (IN)
  YESTERDAY        0.0

DEGREE DAYS
 HEATING
  YESTERDAY        8                         7      1        0
  MONTH TO DATE   80                       112    -32      116
  SINCE SEP 1     80                       124    -44      116
  SINCE JUL 1     80                       124    -44      116

 COOLING
  YESTERDAY        0                         1     -1        4
  MONTH TO DATE  120                        94     26      109
  SINCE SEP 1    484                       399     85      467
  SINCE JAN 1   2040                      2141   -101     2089
..................................................................


WIND (MPH)
  HIGHEST WIND SPEED     8   HIGHEST WIND DIRECTION    NW (310)
  HIGHEST GUST SPEED    12   HIGHEST GUST DIRECTION    NW (320)
  AVERAGE WIND SPEED     1.4


SKY COVER
  POSSIBLE SUNSHINE  MM
  AVERAGE SKY COVER 0.1


WEATHER CONDITIONS
 THE FOLLOWING WEATHER WAS RECORDED YESTERDAY.
  FOG
  HAZE


RELATIVE HUMIDITY (PERCENT)
 HIGHEST   100           400 AM
 LOWEST     35           300 PM
 AVERAGE    68

..........................................................


THE GREENWOOD CLIMATE NORMALS FOR TODAY
                         NORMAL    RECORD    YEAR
 MAXIMUM TEMPERATURE (F)   72        88      1972
 MINIMUM TEMPERATURE (F)   47        28      1993


SUNRISE AND SUNSET
OCTOBER 31 2014.......SUNRISE   718 AM CDT   SUNSET   609 PM CDT
NOVEMBER  1 2014......SUNRISE   719 AM CDT   SUNSET   608 PM CDT


-  INDICATES NEGATIVE NUMBERS.
R  INDICATES RECORD WAS SET OR TIED.
MM INDICATES DATA IS MISSING.
T  INDICATES TRACE AMOUNT.




$$
