000
CDUS44 KJAN 220647
CLIGWO


CLIMATE REPORT
NATIONAL WEATHER SERVICE JACKSON MS
1243 AM CST MON JAN 22 2018


...................................

...THE GREENWOOD CLIMATE SUMMARY FOR JANUARY 21 2018...

CLIMATE NORMAL PERIOD 1981 TO 2010
CLIMATE RECORD PERIOD 1948 TO 2018


WEATHER ITEM   OBSERVED TIME   RECORD YEAR NORMAL DEPARTURE LAST
                VALUE   (LST)  VALUE       VALUE  FROM      YEAR
                                                  NORMAL
..................................................................
TEMPERATURE (F)
 YESTERDAY
  MAXIMUM         76R   214 PM  73    1959  54     22       72
  MINIMUM         54    603 AM   0    1985  33     21       56
  AVERAGE         65                        43     22       64

PRECIPITATION (IN)
  YESTERDAY        0.00          3.76 1973   0.14  -0.14     0.35
  MONTH TO DATE    2.10                      3.02  -0.92     3.36
  SINCE DEC 1      7.38                      8.67  -1.29     8.05
  SINCE JAN 1      2.10                      3.02  -0.92     3.36

SNOWFALL (IN)
  YESTERDAY        0.0

DEGREE DAYS
 HEATING
  YESTERDAY        0                        22    -22        1
  MONTH TO DATE  582                       462    120      240
  SINCE DEC 1   1172                      1060    112      773
  SINCE JUL 1   1586                      1528     58     1065

 COOLING
  YESTERDAY        0                         0      0        0
  MONTH TO DATE    0                         0      0       10
  SINCE DEC 1      5                         5      0       23
  SINCE JAN 1      0                         0      0       10
..................................................................


WIND (MPH)
  HIGHEST WIND SPEED    24   HIGHEST WIND DIRECTION     S (170)
  HIGHEST GUST SPEED    32   HIGHEST GUST DIRECTION     S (170)
  AVERAGE WIND SPEED    12.7


SKY COVER
  POSSIBLE SUNSHINE  MM
  AVERAGE SKY COVER 0.5


WEATHER CONDITIONS
 THE FOLLOWING WEATHER WAS RECORDED YESTERDAY.
  NO SIGNIFICANT WEATHER WAS OBSERVED.


RELATIVE HUMIDITY (PERCENT)
 HIGHEST    83           100 AM
 LOWEST     46           100 PM
 AVERAGE    65

..........................................................


THE GREENWOOD CLIMATE NORMALS FOR TODAY
                         NORMAL    RECORD    YEAR
 MAXIMUM TEMPERATURE (F)   54        73      2012
                                             1971
 MINIMUM TEMPERATURE (F)   33        16      2014
                                             1984


SUNRISE AND SUNSET
JANUARY 22 2018.......SUNRISE   702 AM CST   SUNSET   522 PM CST
JANUARY 23 2018.......SUNRISE   702 AM CST   SUNSET   523 PM CST


-  INDICATES NEGATIVE NUMBERS.
R  INDICATES RECORD WAS SET OR TIED.
MM INDICATES DATA IS MISSING.
T  INDICATES TRACE AMOUNT.




$$
