000
CDUS44 KJAN 280648
CLIGWO


CLIMATE REPORT
NATIONAL WEATHER SERVICE JACKSON MS
147 AM CDT SUN AUG 28 2016


...................................

...THE GREENWOOD CLIMATE SUMMARY FOR AUGUST 27 2016...

CLIMATE NORMAL PERIOD 1981 TO 2010
CLIMATE RECORD PERIOD 1948 TO 2016


WEATHER ITEM   OBSERVED TIME   RECORD YEAR NORMAL DEPARTURE LAST
                VALUE   (LST)  VALUE       VALUE  FROM      YEAR
                                                  NORMAL
..................................................................
TEMPERATURE (F)
 YESTERDAY
  MAXIMUM         95    225 PM 101    1990  92      3       85
  MINIMUM         72    553 AM  54    2015  69      3       54
  AVERAGE         84                        80      4       70

PRECIPITATION (IN)
  YESTERDAY        T             2.06 2003   0.09  -0.09     0.00
  MONTH TO DATE    4.02                      2.42   1.60     1.76
  SINCE JUN 1     10.71                     10.33   0.38     6.13
  SINCE JAN 1     36.50                     33.66   2.84    34.06

SNOWFALL (IN)
  YESTERDAY        0.0

DEGREE DAYS
 HEATING
  YESTERDAY        0                         0      0        0
  MONTH TO DATE    0                         0      0        0
  SINCE JUN 1      0                         0      0        0
  SINCE JUL 1      0                         0      0        0

 COOLING
  YESTERDAY       19                        15      4        5
  MONTH TO DATE  498                       429     69      424
  SINCE JUN 1   1538                      1347    191     1426
  SINCE JAN 1   1867                      1677    190     1790
..................................................................


WIND (MPH)
  HIGHEST WIND SPEED    16   HIGHEST WIND DIRECTION    NE (60)
  HIGHEST GUST SPEED    20   HIGHEST GUST DIRECTION    NE (60)
  AVERAGE WIND SPEED     3.4


SKY COVER
  POSSIBLE SUNSHINE  MM
  AVERAGE SKY COVER 0.2


WEATHER CONDITIONS
 THE FOLLOWING WEATHER WAS RECORDED YESTERDAY.
  LIGHT RAIN


RELATIVE HUMIDITY (PERCENT)
 HIGHEST    93           300 AM
 LOWEST     41           100 PM
 AVERAGE    67

..........................................................


THE GREENWOOD CLIMATE NORMALS FOR TODAY
                         NORMAL    RECORD    YEAR
 MAXIMUM TEMPERATURE (F)   92       102      1990
                                             1954
 MINIMUM TEMPERATURE (F)   68        57      2015


SUNRISE AND SUNSET
AUGUST 28 2016........SUNRISE   632 AM CDT   SUNSET   730 PM CDT
AUGUST 29 2016........SUNRISE   633 AM CDT   SUNSET   729 PM CDT


-  INDICATES NEGATIVE NUMBERS.
R  INDICATES RECORD WAS SET OR TIED.
MM INDICATES DATA IS MISSING.
T  INDICATES TRACE AMOUNT.




$$
