000
CDUS44 KJAN 110744
CLIGWO


CLIMATE REPORT
NATIONAL WEATHER SERVICE JACKSON MS
138 AM CST THU FEB 11 2016


...................................

...THE GREENWOOD CLIMATE SUMMARY FOR FEBRUARY 10 2016...

CLIMATE NORMAL PERIOD 1981 TO 2010
CLIMATE RECORD PERIOD 1948 TO 2016


WEATHER ITEM   OBSERVED TIME   RECORD YEAR NORMAL DEPARTURE LAST
                VALUE   (LST)  VALUE       VALUE  FROM      YEAR
                                                  NORMAL
..................................................................
TEMPERATURE (F)
 YESTERDAY
  MAXIMUM         47    433 PM  77    1954  57    -10       54
  MINIMUM         19    634 AM  14    2011  36    -17       31
  AVERAGE         33                        46    -13       43

PRECIPITATION (IN)
  YESTERDAY        0.00          3.18 1994   0.16  -0.16     0.00
  MONTH TO DATE    0.43                      1.57  -1.14     0.22
  SINCE DEC 1      8.71                     11.74  -3.03    10.18
  SINCE JAN 1      3.61                      6.09  -2.48     4.66

SNOWFALL (IN)
  YESTERDAY        0.0

DEGREE DAYS
 HEATING
  YESTERDAY       32                        19     13       22
  MONTH TO DATE  196                       198     -2      210
  SINCE DEC 1   1191                      1469   -278     1423
  SINCE JUL 1   1419                      1937   -518     2011

 COOLING
  YESTERDAY        0                         0      0        0
  MONTH TO DATE    4                         0      4        0
  SINCE DEC 1     70                         7     63        1
  SINCE JAN 1      5                         2      3        0
..................................................................


WIND (MPH)
  HIGHEST WIND SPEED    14   HIGHEST WIND DIRECTION    SW (210)
  HIGHEST GUST SPEED    19   HIGHEST GUST DIRECTION     S (200)
  AVERAGE WIND SPEED     3.8


SKY COVER
  POSSIBLE SUNSHINE  MM
  AVERAGE SKY COVER 0.0


WEATHER CONDITIONS
 THE FOLLOWING WEATHER WAS RECORDED YESTERDAY.
  NO SIGNIFICANT WEATHER WAS OBSERVED.


RELATIVE HUMIDITY (PERCENT)
 HIGHEST    88           400 AM
 LOWEST     27           200 PM
 AVERAGE    58

..........................................................


THE GREENWOOD CLIMATE NORMALS FOR TODAY
                         NORMAL    RECORD    YEAR
 MAXIMUM TEMPERATURE (F)   57        75      1965
 MINIMUM TEMPERATURE (F)   36         8      2011


SUNRISE AND SUNSET
FEBRUARY 11 2016......SUNRISE   649 AM CST   SUNSET   541 PM CST
FEBRUARY 12 2016......SUNRISE   648 AM CST   SUNSET   542 PM CST


-  INDICATES NEGATIVE NUMBERS.
R  INDICATES RECORD WAS SET OR TIED.
MM INDICATES DATA IS MISSING.
T  INDICATES TRACE AMOUNT.




$$
