000
CDUS44 KJAN 250627
CLIGWO


CLIMATE REPORT
NATIONAL WEATHER SERVICE JACKSON MS
126 AM CDT WED MAY 25 2016


...................................

...THE GREENWOOD CLIMATE SUMMARY FOR MAY 24 2016...

CLIMATE NORMAL PERIOD 1981 TO 2010
CLIMATE RECORD PERIOD 1948 TO 2016


WEATHER ITEM   OBSERVED TIME   RECORD YEAR NORMAL DEPARTURE LAST
                VALUE   (LST)  VALUE       VALUE  FROM      YEAR
                                                  NORMAL
..................................................................
TEMPERATURE (F)
 YESTERDAY
  MAXIMUM         88    434 PM  95    1996  85      3       87
                                      1970
  MINIMUM         60    442 AM  49    1951  63     -3       67
  AVERAGE         74                        74      0       77

PRECIPITATION (IN)
  YESTERDAY        0.00          1.30 2015   0.15  -0.15     1.30
  MONTH TO DATE    1.34                      3.93  -2.59     3.82
  SINCE MAR 1     18.19                     13.37   4.82    15.36
  SINCE JAN 1     25.64                     22.31   3.33    24.75

SNOWFALL (IN)
  YESTERDAY        0.0

DEGREE DAYS
 HEATING
  YESTERDAY        0                         0      0        0
  MONTH TO DATE   16                        15      1       14
  SINCE MAR 1    268                       455   -187      348
  SINCE JUL 1   1929                      2686   -757     2869

 COOLING
  YESTERDAY        9                         9      0       12
  MONTH TO DATE  103                       157    -54      183
  SINCE MAR 1    226                       254    -28      294
  SINCE JAN 1    234                       259    -25      294
..................................................................


WIND (MPH)
  HIGHEST WIND SPEED    16   HIGHEST WIND DIRECTION     S (180)
  HIGHEST GUST SPEED    20   HIGHEST GUST DIRECTION    SW (210)
  AVERAGE WIND SPEED     6.7


SKY COVER
  POSSIBLE SUNSHINE  MM
  AVERAGE SKY COVER 0.1


WEATHER CONDITIONS
 THE FOLLOWING WEATHER WAS RECORDED YESTERDAY.
  HAZE


RELATIVE HUMIDITY (PERCENT)
 HIGHEST    84          1200 AM
 LOWEST     39           400 PM
 AVERAGE    62

..........................................................


THE GREENWOOD CLIMATE NORMALS FOR TODAY
                         NORMAL    RECORD    YEAR
 MAXIMUM TEMPERATURE (F)   85        97      1996
 MINIMUM TEMPERATURE (F)   63        50      1979


SUNRISE AND SUNSET
MAY 25 2016...........SUNRISE   554 AM CDT   SUNSET   801 PM CDT
MAY 26 2016...........SUNRISE   553 AM CDT   SUNSET   802 PM CDT


-  INDICATES NEGATIVE NUMBERS.
R  INDICATES RECORD WAS SET OR TIED.
MM INDICATES DATA IS MISSING.
T  INDICATES TRACE AMOUNT.




$$
