000
CDUS44 KJAN 220644
CLIGWO


CLIMATE REPORT
NATIONAL WEATHER SERVICE JACKSON MS
141 AM CDT SUN OCT 22 2017


...................................

...THE GREENWOOD CLIMATE SUMMARY FOR OCTOBER 21 2017...

CLIMATE NORMAL PERIOD 1981 TO 2010
CLIMATE RECORD PERIOD 1948 TO 2017


WEATHER ITEM   OBSERVED TIME   RECORD YEAR NORMAL DEPARTURE LAST
                VALUE   (LST)  VALUE       VALUE  FROM      YEAR
                                                  NORMAL
..................................................................
TEMPERATURE (F)
 YESTERDAY
  MAXIMUM         85    326 PM  87    2003  75     10       71
  MINIMUM         60    524 AM  27    2011  50     10       42
  AVERAGE         73                        63     10       57

PRECIPITATION (IN)
  YESTERDAY        0.00          0.87 1994   0.14  -0.14     0.00
  MONTH TO DATE    0.10                      2.64  -2.54     0.82
  SINCE SEP 1      2.41                      6.30  -3.89     2.70
  SINCE JAN 1     38.27                     40.37  -2.10    39.20

SNOWFALL (IN)
  YESTERDAY        0.0

DEGREE DAYS
 HEATING
  YESTERDAY        0                         5     -5        8
  MONTH TO DATE   23                        60    -37       13
  SINCE SEP 1     25                        72    -47       13
  SINCE JUL 1     25                        72    -47       13

 COOLING
  YESTERDAY        8                         2      6        0
  MONTH TO DATE  154                        77     77      132
  SINCE SEP 1    460                       382     78      559
  SINCE JAN 1   2295                      2124    171     2506
..................................................................


WIND (MPH)
  HIGHEST WIND SPEED    22   HIGHEST WIND DIRECTION     S (160)
  HIGHEST GUST SPEED    32   HIGHEST GUST DIRECTION    SE (140)
  AVERAGE WIND SPEED    10.1


SKY COVER
  POSSIBLE SUNSHINE  MM
  AVERAGE SKY COVER 0.2


WEATHER CONDITIONS
 THE FOLLOWING WEATHER WAS RECORDED YESTERDAY.
  NO SIGNIFICANT WEATHER WAS OBSERVED.


RELATIVE HUMIDITY (PERCENT)
 HIGHEST    90           100 AM
 LOWEST     51          1100 AM
 AVERAGE    71

..........................................................


THE GREENWOOD CLIMATE NORMALS FOR TODAY
                         NORMAL    RECORD    YEAR
 MAXIMUM TEMPERATURE (F)   75        87      2015
                                             2003
 MINIMUM TEMPERATURE (F)   50        29      1952


SUNRISE AND SUNSET
OCTOBER 22 2017.......SUNRISE   711 AM CDT   SUNSET   618 PM CDT
OCTOBER 23 2017.......SUNRISE   712 AM CDT   SUNSET   617 PM CDT


-  INDICATES NEGATIVE NUMBERS.
R  INDICATES RECORD WAS SET OR TIED.
MM INDICATES DATA IS MISSING.
T  INDICATES TRACE AMOUNT.




$$
