000
CDUS44 KJAN 242204
CLIGWO


CLIMATE REPORT
NATIONAL WEATHER SERVICE JACKSON MS
503 PM CDT FRI APR 24 2015


...................................

...THE GREENWOOD CLIMATE SUMMARY FOR APRIL 24 2015...
VALID AS OF 0500 PM LOCAL TIME.

CLIMATE NORMAL PERIOD 1981 TO 2010
CLIMATE RECORD PERIOD 1948 TO 2015


WEATHER ITEM   OBSERVED TIME   RECORD YEAR NORMAL DEPARTURE LAST
                VALUE   (LST)  VALUE       VALUE  FROM      YEAR
                                                  NORMAL
..................................................................
TEMPERATURE (F)
 TODAY
  MAXIMUM         69    359 PM  89    1965  77     -8       84
                                      1958
  MINIMUM         53    355 AM  38    2005  54     -1       53
  AVERAGE         61

PRECIPITATION (IN)
  TODAY            T             3.35 1953   0.17  -0.17     1.58
  MONTH TO DATE    4.09                      4.12  -0.03     8.47
  SINCE MAR 1      9.23                      8.43   0.80    12.55
  SINCE JAN 1     18.62                     17.37   1.25    18.83

..................................................................










-  INDICATES NEGATIVE NUMBERS.
R  INDICATES RECORD WAS SET OR TIED.
MM INDICATES DATA IS MISSING.
T  INDICATES TRACE AMOUNT.




$$
