000
CDUS44 KJAN 010648
CLIGWO


CLIMATE REPORT
NATIONAL WEATHER SERVICE JACKSON MS
142 AM CDT FRI JUL 1 2016


...................................

...THE GREENWOOD CLIMATE SUMMARY FOR JUNE 30 2016...

CLIMATE NORMAL PERIOD 1981 TO 2010
CLIMATE RECORD PERIOD 1948 TO 2016


WEATHER ITEM   OBSERVED TIME   RECORD YEAR NORMAL DEPARTURE LAST
                VALUE   (LST)  VALUE       VALUE  FROM      YEAR
                                                  NORMAL
..................................................................
TEMPERATURE (F)
 YESTERDAY
  MAXIMUM         94    338 PM 102    1969  91      3       87
  MINIMUM         65    512 AM  60    2008  70     -5       68
  AVERAGE         80                        81     -1       78

PRECIPITATION (IN)
  YESTERDAY        0.00          3.68 1992   0.14  -0.14     0.40
  MONTH TO DATE    3.37                      4.31  -0.94     2.29
  SINCE JUN 1      3.37                      4.31  -0.94     2.29
  SINCE JAN 1     29.16                     27.64   1.52    30.22

SNOWFALL (IN)
  YESTERDAY        0.0

DEGREE DAYS
 HEATING
  YESTERDAY        0                         0      0        0
  MONTH TO DATE    0                         0      0        0
  SINCE JUN 1      0                         0      0        0
  SINCE JUL 1   1929                      2688   -759     2869

 COOLING
  YESTERDAY       15                        16     -1       13
  MONTH TO DATE  473                       413     60      438
  SINCE JUN 1    473                       413     60      438
  SINCE JAN 1    802                       743     59      802
..................................................................


WIND (MPH)
  HIGHEST WIND SPEED     9   HIGHEST WIND DIRECTION    NE (30)
  HIGHEST GUST SPEED    14   HIGHEST GUST DIRECTION     N (20)
  AVERAGE WIND SPEED     3.5


SKY COVER
  POSSIBLE SUNSHINE  MM
  AVERAGE SKY COVER 0.0


WEATHER CONDITIONS
 THE FOLLOWING WEATHER WAS RECORDED YESTERDAY.
  NO SIGNIFICANT WEATHER WAS OBSERVED.


RELATIVE HUMIDITY (PERCENT)
 HIGHEST    87           200 AM
 LOWEST     32           200 PM
 AVERAGE    60

..........................................................


THE GREENWOOD CLIMATE NORMALS FOR TODAY
                         NORMAL    RECORD    YEAR
 MAXIMUM TEMPERATURE (F)   91       104      1954
 MINIMUM TEMPERATURE (F)   70        57      1950


SUNRISE AND SUNSET
JULY  1 2016..........SUNRISE   554 AM CDT   SUNSET   814 PM CDT
JULY  2 2016..........SUNRISE   555 AM CDT   SUNSET   814 PM CDT


-  INDICATES NEGATIVE NUMBERS.
R  INDICATES RECORD WAS SET OR TIED.
MM INDICATES DATA IS MISSING.
T  INDICATES TRACE AMOUNT.




$$
