000
CDUS44 KJAN 240643
CLIGWO


CLIMATE REPORT
NATIONAL WEATHER SERVICE JACKSON MS
140 AM CDT FRI OCT 24 2014


...................................

...THE GREENWOOD CLIMATE SUMMARY FOR OCTOBER 23 2014...

CLIMATE NORMAL PERIOD 1981 TO 2010
CLIMATE RECORD PERIOD 1948 TO 2014


WEATHER ITEM   OBSERVED TIME   RECORD YEAR NORMAL DEPARTURE LAST
                VALUE   (LST)  VALUE       VALUE  FROM      YEAR
                                                  NORMAL
..................................................................
TEMPERATURE (F)
 YESTERDAY
  MAXIMUM         64    237 PM  87    2010  75    -11       65
  MINIMUM         40    537 AM  33    2006  49     -9       39
                                      1999
  AVERAGE         52                        62    -10       52

PRECIPITATION (IN)
  YESTERDAY        0.00          1.69 1957   0.13  -0.13     0.00
  MONTH TO DATE    5.80                      2.90   2.90     1.00
  SINCE SEP 1      6.18                      6.56  -0.38     9.09
  SINCE JAN 1     46.94                     40.63   6.31    47.34

SNOWFALL (IN)
  YESTERDAY        0.0

DEGREE DAYS
 HEATING
  YESTERDAY       13                         5      8       13
  MONTH TO DATE   59                        70    -11       70
  SINCE SEP 1     59                        82    -23       70
  SINCE JUL 1     59                        82    -23       70

 COOLING
  YESTERDAY        0                         2     -2        0
  MONTH TO DATE  103                        81     22      101
  SINCE SEP 1    467                       386     81      459
  SINCE JAN 1   2023                      2128   -105     2081
..................................................................


WIND (MPH)
  HIGHEST WIND SPEED    12   HIGHEST WIND DIRECTION     N (20)
  HIGHEST GUST SPEED    12   HIGHEST GUST DIRECTION     N (20)
  AVERAGE WIND SPEED     2.7


SKY COVER
  POSSIBLE SUNSHINE  MM
  AVERAGE SKY COVER 0.0


WEATHER CONDITIONS
 THE FOLLOWING WEATHER WAS RECORDED YESTERDAY.
  FOG


RELATIVE HUMIDITY (PERCENT)
 HIGHEST   100           200 AM
 LOWEST     48           100 PM
 AVERAGE    74

..........................................................


THE GREENWOOD CLIMATE NORMALS FOR TODAY
                         NORMAL    RECORD    YEAR
 MAXIMUM TEMPERATURE (F)   74        88      2003
 MINIMUM TEMPERATURE (F)   49        28      2005


SUNRISE AND SUNSET
OCTOBER 24 2014.......SUNRISE   712 AM CDT   SUNSET   616 PM CDT
OCTOBER 25 2014.......SUNRISE   713 AM CDT   SUNSET   615 PM CDT


-  INDICATES NEGATIVE NUMBERS.
R  INDICATES RECORD WAS SET OR TIED.
MM INDICATES DATA IS MISSING.
T  INDICATES TRACE AMOUNT.




$$
