000
CDUS44 KJAN 010631
CLIGWO


CLIMATE REPORT
NATIONAL WEATHER SERVICE JACKSON MS
1229 AM CST SUN FEB 1 2015


...................................

...THE GREENWOOD CLIMATE SUMMARY FOR JANUARY 31 2015...

CLIMATE NORMAL PERIOD 1981 TO 2010
CLIMATE RECORD PERIOD 1948 TO 2015


WEATHER ITEM   OBSERVED TIME   RECORD YEAR NORMAL DEPARTURE LAST
                VALUE   (LST)  VALUE       VALUE  FROM      YEAR
                                                  NORMAL
..................................................................
TEMPERATURE (F)
 YESTERDAY
  MAXIMUM         64    407 PM  81    2002  55      9       63
  MINIMUM         27    240 AM   9    1966  34     -7       32
  AVERAGE         46                        44      2       48

PRECIPITATION (IN)
  YESTERDAY        0.00          2.09 1951   0.16  -0.16     0.00
  MONTH TO DATE    4.44                      4.52  -0.08     1.57
  SINCE DEC 1      9.96                     10.17  -0.21     6.26
  SINCE JAN 1      4.44                      4.52  -0.08     1.57

SNOWFALL (IN)
  YESTERDAY        0.0

DEGREE DAYS
 HEATING
  YESTERDAY       19                        21     -2       17
  MONTH TO DATE  701                       675     26      861
  SINCE DEC 1   1213                      1271    -58     1505
  SINCE JUL 1   1801                      1739     62     2072

 COOLING
  YESTERDAY        0                         0      0        0
  MONTH TO DATE    0                         2     -2        0
  SINCE DEC 1      1                         7     -6       11
  SINCE JAN 1      0                         2     -2        0
..................................................................


WIND (MPH)
  HIGHEST WIND SPEED    14   HIGHEST WIND DIRECTION     S (160)
  HIGHEST GUST SPEED    17   HIGHEST GUST DIRECTION     E (100)
  AVERAGE WIND SPEED     6.3


SKY COVER
  POSSIBLE SUNSHINE  MM
  AVERAGE SKY COVER 0.0


WEATHER CONDITIONS
 THE FOLLOWING WEATHER WAS RECORDED YESTERDAY.
  NO SIGNIFICANT WEATHER WAS OBSERVED.


RELATIVE HUMIDITY (PERCENT)
 HIGHEST    92           100 AM
 LOWEST     19           400 PM
 AVERAGE    56

..........................................................


THE GREENWOOD CLIMATE NORMALS FOR TODAY
                         NORMAL    RECORD    YEAR
 MAXIMUM TEMPERATURE (F)   55        76      1989
 MINIMUM TEMPERATURE (F)   34         4      1951


SUNRISE AND SUNSET
FEBRUARY  1 2015......SUNRISE   657 AM CST   SUNSET   532 PM CST
FEBRUARY  2 2015......SUNRISE   656 AM CST   SUNSET   533 PM CST


-  INDICATES NEGATIVE NUMBERS.
R  INDICATES RECORD WAS SET OR TIED.
MM INDICATES DATA IS MISSING.
T  INDICATES TRACE AMOUNT.




$$
