000
CDUS44 KJAN 200935
CLIGWO


CLIMATE REPORT
NATIONAL WEATHER SERVICE JACKSON MS
328 AM CST THU NOV 20 2014


...................................

...THE GREENWOOD CLIMATE SUMMARY FOR NOVEMBER 19 2014...

CLIMATE NORMAL PERIOD 1981 TO 2010
CLIMATE RECORD PERIOD 1948 TO 2014


WEATHER ITEM   OBSERVED TIME   RECORD YEAR NORMAL DEPARTURE LAST
                VALUE   (LST)  VALUE       VALUE  FROM      YEAR
                                                  NORMAL
..................................................................
TEMPERATURE (F)
 YESTERDAY
  MAXIMUM         57    253 PM  81    1991  65     -8       60
  MINIMUM         26    223 AM  20    1951  41    -15       34
  AVERAGE         42                        53    -11       47

PRECIPITATION (IN)
  YESTERDAY        0.00          2.71 1983   0.17  -0.17     0.00
  MONTH TO DATE    2.71                      2.60   0.11     0.89
  SINCE SEP 1      9.49                     10.13  -0.64    12.35
  SINCE JAN 1     50.25                     44.20   6.05    50.60

SNOWFALL (IN)
  YESTERDAY        0.0

DEGREE DAYS
 HEATING
  YESTERDAY       23                        12     11       18
  MONTH TO DATE  355                       182    173      207
  SINCE SEP 1    449                       313    136      323
  SINCE JUL 1    449                       313    136      323

 COOLING
  YESTERDAY        0                         0      0        0
  MONTH TO DATE    0                        14    -14        6
  SINCE SEP 1    484                       414     70      476
  SINCE JAN 1   2040                      2156   -116     2098
..................................................................


WIND (MPH)
  HIGHEST WIND SPEED    20   HIGHEST WIND DIRECTION     S (200)
  HIGHEST GUST SPEED    26   HIGHEST GUST DIRECTION     S (200)
  AVERAGE WIND SPEED    10.4


SKY COVER
  POSSIBLE SUNSHINE  MM
  AVERAGE SKY COVER 0.0


WEATHER CONDITIONS
 THE FOLLOWING WEATHER WAS RECORDED YESTERDAY.
  NO SIGNIFICANT WEATHER WAS OBSERVED.


RELATIVE HUMIDITY (PERCENT)
 HIGHEST    75          1200 AM
 LOWEST     30           300 PM
 AVERAGE    53

..........................................................


THE GREENWOOD CLIMATE NORMALS FOR TODAY
                         NORMAL    RECORD    YEAR
 MAXIMUM TEMPERATURE (F)   65        80      1979
 MINIMUM TEMPERATURE (F)   41        25      1951


SUNRISE AND SUNSET
NOVEMBER 20 2014......SUNRISE   636 AM CST   SUNSET   455 PM CST
NOVEMBER 21 2014......SUNRISE   637 AM CST   SUNSET   455 PM CST


-  INDICATES NEGATIVE NUMBERS.
R  INDICATES RECORD WAS SET OR TIED.
MM INDICATES DATA IS MISSING.
T  INDICATES TRACE AMOUNT.




$$
