000
CDUS44 KJAN 192216
CLIGWO


CLIMATE REPORT
NATIONAL WEATHER SERVICE JACKSON MS
414 PM CST FRI DEC 19 2014


...................................

...THE GREENWOOD CLIMATE SUMMARY FOR DECEMBER 19 2014...
VALID TODAY AS OF 0400 PM LOCAL TIME.

CLIMATE NORMAL PERIOD 1981 TO 2010
CLIMATE RECORD PERIOD 1948 TO 2014


WEATHER ITEM   OBSERVED TIME   RECORD YEAR NORMAL DEPARTURE LAST
                VALUE   (LST)  VALUE       VALUE  FROM      YEAR
                                                  NORMAL
..................................................................
TEMPERATURE (F)
 TODAY
  MAXIMUM         49   1231 PM  74    2012  55     -6       66
                                      1970
  MINIMUM         45    746 AM  14    1981  35     10       42
  AVERAGE         47                        45      2       54

PRECIPITATION (IN)
  TODAY            0.05          0.97 1973   0.17  -0.12     0.00
  MONTH TO DATE    2.93                      3.66  -0.73     3.40
  SINCE DEC 1      2.93                      3.66  -0.73     3.40
  SINCE JAN 1     53.53                     49.78   3.75    57.10

SNOWFALL (IN)
  TODAY            0.0

DEGREE DAYS
 HEATING
  TODAY           18                        20     -2       11
  MONTH TO DATE  297                       347    -50      396
  SINCE DEC 1    297                       347    -50      396
  SINCE JUL 1    885                       815     70      963

 COOLING
  TODAY            0                         0      0        0
  MONTH TO DATE    1                         0      1        5
  SINCE DEC 1      1                         0      1        5
  SINCE JAN 1   2044                      2159   -115     2103
..................................................................


WIND (MPH)
  HIGHEST WIND SPEED    12   HIGHEST WIND DIRECTION    NE (30)
  HIGHEST GUST SPEED    16   HIGHEST GUST DIRECTION    NE (30)
  AVERAGE WIND SPEED     5.4


SKY COVER
  POSSIBLE SUNSHINE  MM
  AVERAGE SKY COVER 0.8


WEATHER CONDITIONS
 THE FOLLOWING WEATHER WAS RECORDED TODAY.
  LIGHT RAIN
  FOG


RELATIVE HUMIDITY (PERCENT)
 HIGHEST    93           300 PM
 LOWEST     66          1200 PM
 AVERAGE    80

..........................................................


THE GREENWOOD CLIMATE NORMALS FOR TOMORROW
                         NORMAL    RECORD    YEAR
 MAXIMUM TEMPERATURE (F)   55        77      1967
 MINIMUM TEMPERATURE (F)   35        15      2000
                                             1981


SUNRISE AND SUNSET
DECEMBER 19 2014......SUNRISE   659 AM CST   SUNSET   456 PM CST
DECEMBER 20 2014......SUNRISE   700 AM CST   SUNSET   456 PM CST


-  INDICATES NEGATIVE NUMBERS.
R  INDICATES RECORD WAS SET OR TIED.
MM INDICATES DATA IS MISSING.
T  INDICATES TRACE AMOUNT.




$$
