000
CDUS44 KJAN 242110
CLIGWO


CLIMATE REPORT
NATIONAL WEATHER SERVICE JACKSON MS
408 PM CDT SAT SEP 24 2016


...................................

...THE GREENWOOD CLIMATE SUMMARY FOR SEPTEMBER 24 2016...
VALID TODAY AS OF 0400 PM LOCAL TIME.

CLIMATE NORMAL PERIOD 1981 TO 2010
CLIMATE RECORD PERIOD 1948 TO 2016


WEATHER ITEM   OBSERVED TIME   RECORD YEAR NORMAL DEPARTURE LAST
                VALUE   (LST)  VALUE       VALUE  FROM      YEAR
                                                  NORMAL
..................................................................
TEMPERATURE (F)
 TODAY
  MAXIMUM         97R   224 PM  96    1993  84     13       93
  MINIMUM         68    556 AM  45    1990  59      9       64
  AVERAGE         83                        72     11       79

PRECIPITATION (IN)
  TODAY            0.00          3.95 2013   0.13  -0.13     0.00
  MONTH TO DATE    1.88                      2.86  -0.98     0.31
  SINCE SEP 1      1.88                      2.86  -0.98     0.31
  SINCE JAN 1     38.38                     36.93   1.45    34.37

DEGREE DAYS
 HEATING
  TODAY            0                         1     -1        0
  MONTH TO DATE    0                         5     -5        1
  SINCE SEP 1      0                         5     -5        1
  SINCE JUL 1      0                         5     -5        1

 COOLING
  TODAY           18                         8     10       14
  MONTH TO DATE  387                       265    122      316
  SINCE SEP 1    387                       265    122      316
  SINCE JAN 1   2334                      2007    327     2165
..................................................................


WIND (MPH)
  HIGHEST WIND SPEED     7   HIGHEST WIND DIRECTION     N (20)
  HIGHEST GUST SPEED     9   HIGHEST GUST DIRECTION     N (20)
  AVERAGE WIND SPEED     2.1


SKY COVER
  POSSIBLE SUNSHINE  MM
  AVERAGE SKY COVER 0.0


WEATHER CONDITIONS
 THE FOLLOWING WEATHER WAS RECORDED TODAY.
  FOG


RELATIVE HUMIDITY (PERCENT)
 HIGHEST    90          1200 AM
 LOWEST     33           200 PM
 AVERAGE    62

..........................................................


THE GREENWOOD CLIMATE NORMALS FOR TOMORROW
                         NORMAL    RECORD    YEAR
 MAXIMUM TEMPERATURE (F)   84        93      1993
                                             1991
 MINIMUM TEMPERATURE (F)   59        41      1975


SUNRISE AND SUNSET
SEPTEMBER 24 2016.....SUNRISE   650 AM CDT   SUNSET   654 PM CDT
SEPTEMBER 25 2016.....SUNRISE   651 AM CDT   SUNSET   652 PM CDT


-  INDICATES NEGATIVE NUMBERS.
R  INDICATES RECORD WAS SET OR TIED.
MM INDICATES DATA IS MISSING.
T  INDICATES TRACE AMOUNT.




$$
