000
CDUS44 KJAN 220632
CLIGWO


CLIMATE REPORT
NATIONAL WEATHER SERVICE JACKSON MS
1230 AM CST SAT NOV 22 2014


...................................

...THE GREENWOOD CLIMATE SUMMARY FOR NOVEMBER 21 2014...

CLIMATE NORMAL PERIOD 1981 TO 2010
CLIMATE RECORD PERIOD 1948 TO 2014


WEATHER ITEM   OBSERVED TIME   RECORD YEAR NORMAL DEPARTURE LAST
                VALUE   (LST)  VALUE       VALUE  FROM      YEAR
                                                  NORMAL
..................................................................
TEMPERATURE (F)
 YESTERDAY
  MAXIMUM         72    124 PM  81    2011  64      8       73
  MINIMUM         46    643 AM  23    1981  41      5       49
  AVERAGE         59                        52      7       61

PRECIPITATION (IN)
  YESTERDAY        T             2.54 1977   0.16  -0.16     0.40
  MONTH TO DATE    2.71                      2.93  -0.22     1.29
  SINCE SEP 1      9.49                     10.46  -0.97    12.75
  SINCE JAN 1     50.25                     44.53   5.72    51.00

SNOWFALL (IN)
  YESTERDAY        0.0

DEGREE DAYS
 HEATING
  YESTERDAY        6                        13     -7        4
  MONTH TO DATE  375                       208    167      227
  SINCE SEP 1    469                       339    130      343
  SINCE JUL 1    469                       339    130      343

 COOLING
  YESTERDAY        0                         0      0        0
  MONTH TO DATE    0                        14    -14        6
  SINCE SEP 1    484                       414     70      476
  SINCE JAN 1   2040                      2156   -116     2098
..................................................................


WIND (MPH)
  HIGHEST WIND SPEED    17   HIGHEST WIND DIRECTION     S (160)
  HIGHEST GUST SPEED    20   HIGHEST GUST DIRECTION     S (170)
  AVERAGE WIND SPEED     6.6


SKY COVER
  POSSIBLE SUNSHINE  MM
  AVERAGE SKY COVER 0.7


WEATHER CONDITIONS
 THE FOLLOWING WEATHER WAS RECORDED YESTERDAY.
  LIGHT RAIN
  FOG


RELATIVE HUMIDITY (PERCENT)
 HIGHEST    93           400 AM
 LOWEST     38           100 PM
 AVERAGE    66

..........................................................


THE GREENWOOD CLIMATE NORMALS FOR TODAY
                         NORMAL    RECORD    YEAR
 MAXIMUM TEMPERATURE (F)   64        81      2010
 MINIMUM TEMPERATURE (F)   41        23      1964


SUNRISE AND SUNSET
NOVEMBER 22 2014......SUNRISE   638 AM CST   SUNSET   454 PM CST
NOVEMBER 23 2014......SUNRISE   639 AM CST   SUNSET   454 PM CST


-  INDICATES NEGATIVE NUMBERS.
R  INDICATES RECORD WAS SET OR TIED.
MM INDICATES DATA IS MISSING.
T  INDICATES TRACE AMOUNT.




$$
