000
CDUS44 KJAN 252212
CLIGWO


CLIMATE REPORT
NATIONAL WEATHER SERVICE JACKSON MS
411 PM CST SUN JAN 25 2015


...................................

...THE GREENWOOD CLIMATE SUMMARY FOR JANUARY 25 2015...
VALID TODAY AS OF 0400 PM LOCAL TIME.

CLIMATE NORMAL PERIOD 1981 TO 2010
CLIMATE RECORD PERIOD 1948 TO 2015


WEATHER ITEM   OBSERVED TIME   RECORD YEAR NORMAL DEPARTURE LAST
                VALUE   (LST)  VALUE       VALUE  FROM      YEAR
                                                  NORMAL
..................................................................
TEMPERATURE (F)
 TODAY
  MAXIMUM         59    359 PM  81    1950  54      5       51
  MINIMUM         38    540 AM  13    1963  33      5       24
  AVERAGE         49                        44      5       38

PRECIPITATION (IN)
  TODAY            0.00          1.21 2011   0.14  -0.14     0.00
  MONTH TO DATE    4.35                      3.59   0.76     1.57
  SINCE DEC 1      9.87                      9.24   0.63     6.26
  SINCE JAN 1      4.35                      3.59   0.76     1.57

SNOWFALL (IN)
  TODAY            0.0

DEGREE DAYS
 HEATING
  TODAY           16                        21     -5       27
  MONTH TO DATE  598                       549     49      674
  SINCE DEC 1   1110                      1147    -37     1318
  SINCE JUL 1   1698                      1615     83     1885

 COOLING
  TODAY            0                         0      0        0
  MONTH TO DATE    0                         0      0        0
  SINCE DEC 1      1                         5     -4       11
  SINCE JAN 1      0                         0      0        0
..................................................................


WIND (MPH)
  HIGHEST WIND SPEED    21   HIGHEST WIND DIRECTION    SW (220)
  HIGHEST GUST SPEED    28   HIGHEST GUST DIRECTION    SW (210)
  AVERAGE WIND SPEED    11.3


SKY COVER
  POSSIBLE SUNSHINE  MM
  AVERAGE SKY COVER 0.2


WEATHER CONDITIONS
 THE FOLLOWING WEATHER WAS RECORDED TODAY.
  NO SIGNIFICANT WEATHER WAS OBSERVED.


RELATIVE HUMIDITY (PERCENT)
 HIGHEST    85           700 AM
 LOWEST     51          1200 PM
 AVERAGE    68

..........................................................


THE GREENWOOD CLIMATE NORMALS FOR TOMORROW
                         NORMAL    RECORD    YEAR
 MAXIMUM TEMPERATURE (F)   54        78      1952
                                             1950
 MINIMUM TEMPERATURE (F)   33        17      1985


SUNRISE AND SUNSET
JANUARY 25 2015.......SUNRISE   701 AM CST   SUNSET   525 PM CST
JANUARY 26 2015.......SUNRISE   700 AM CST   SUNSET   526 PM CST


-  INDICATES NEGATIVE NUMBERS.
R  INDICATES RECORD WAS SET OR TIED.
MM INDICATES DATA IS MISSING.
T  INDICATES TRACE AMOUNT.




$$
