000
CDUS44 KJAN 222214
CLIGWO


CLIMATE REPORT
NATIONAL WEATHER SERVICE JACKSON MS
413 PM CST WED FEB 22 2017


...................................

...THE GREENWOOD CLIMATE SUMMARY FOR FEBRUARY 22 2017...
VALID TODAY AS OF 0400 PM LOCAL TIME.

CLIMATE NORMAL PERIOD 1981 TO 2010
CLIMATE RECORD PERIOD 1948 TO 2017


WEATHER ITEM   OBSERVED TIME   RECORD YEAR NORMAL DEPARTURE LAST
                VALUE   (LST)  VALUE       VALUE  FROM      YEAR
                                                  NORMAL
..................................................................
TEMPERATURE (F)
 TODAY
  MAXIMUM         74    354 PM  76    2007  60     14       64
  MINIMUM         52   1250 AM  16    1963  39     13       50
  AVERAGE         63                        50     13       57

PRECIPITATION (IN)
  TODAY            T             1.09 2006   0.16  -0.16     0.83
  MONTH TO DATE    2.64                      3.48  -0.84     2.64
  SINCE DEC 1     11.56                     13.65  -2.09    10.92
  SINCE JAN 1      6.87                      8.00  -1.13     5.82

SNOWFALL (IN)
  TODAY            0.0

DEGREE DAYS
 HEATING
  TODAY            2                        16    -14        8
  MONTH TO DATE  205                       404   -199      337
  SINCE DEC 1   1145                      1675   -530     1332
  SINCE JUL 1   1437                      2143   -706     1560

 COOLING
  TODAY            0                         0      0        0
  MONTH TO DATE   14                         0     14        7
  SINCE DEC 1     37                         7     30       73
  SINCE JAN 1     24                         2     22        8
..................................................................


WIND (MPH)
  HIGHEST WIND SPEED    16   HIGHEST WIND DIRECTION     E (80)
  HIGHEST GUST SPEED    21   HIGHEST GUST DIRECTION     E (80)
  AVERAGE WIND SPEED     5.5


SKY COVER
  POSSIBLE SUNSHINE  MM
  AVERAGE SKY COVER 0.8


WEATHER CONDITIONS
 THE FOLLOWING WEATHER WAS RECORDED TODAY.
  LIGHT RAIN
  FOG
  FOG W/VISIBILITY <= 1/4 MILE


RELATIVE HUMIDITY (PERCENT)
 HIGHEST    93          1200 AM
 LOWEST     49           300 PM
 AVERAGE    71

..........................................................


THE GREENWOOD CLIMATE NORMALS FOR TOMORROW
                         NORMAL    RECORD    YEAR
 MAXIMUM TEMPERATURE (F)   61        84      2012
 MINIMUM TEMPERATURE (F)   39        21      1989


SUNRISE AND SUNSET
FEBRUARY 22 2017......SUNRISE   636 AM CST   SUNSET   551 PM CST
FEBRUARY 23 2017......SUNRISE   635 AM CST   SUNSET   552 PM CST


-  INDICATES NEGATIVE NUMBERS.
R  INDICATES RECORD WAS SET OR TIED.
MM INDICATES DATA IS MISSING.
T  INDICATES TRACE AMOUNT.




$$
