237
CDUS44 KJAN 100917
CLIGWO


CLIMATE REPORT
NATIONAL WEATHER SERVICE JACKSON MS
315 AM CST WED FEB 10 2016


...................................

...THE GREENWOOD CLIMATE SUMMARY FOR FEBRUARY 9 2016...

CLIMATE NORMAL PERIOD 1981 TO 2010
CLIMATE RECORD PERIOD 1948 TO 2016


WEATHER ITEM   OBSERVED TIME   RECORD YEAR NORMAL DEPARTURE LAST
                VALUE   (LST)  VALUE       VALUE  FROM      YEAR
                                                  NORMAL
..................................................................
TEMPERATURE (F)
 YESTERDAY
  MAXIMUM         48    421 PM  81    1957  57     -9       63
  MINIMUM         25   1156 PM  17    1979  35    -10       37
  AVERAGE         37                        46     -9       50

PRECIPITATION (IN)
  YESTERDAY        0.00          2.08 1983   0.15  -0.15     0.00
  MONTH TO DATE    0.43                      1.41  -0.98     0.22
  SINCE DEC 1      8.71                     11.58  -2.87    10.18
  SINCE JAN 1      3.61                      5.93  -2.32     4.66

SNOWFALL (IN)
  YESTERDAY        0.0

DEGREE DAYS
 HEATING
  YESTERDAY       28                        19      9       15
  MONTH TO DATE  164                       179    -15      188
  SINCE DEC 1   1159                      1450   -291     1401
  SINCE JUL 1   1387                      1918   -531     1989

 COOLING
  YESTERDAY        0                         0      0        0
  MONTH TO DATE    4                         0      4        0
  SINCE DEC 1     70                         7     63        1
  SINCE JAN 1      5                         2      3        0
..................................................................


WIND (MPH)
  HIGHEST WIND SPEED    20   HIGHEST WIND DIRECTION    NW (320)
  HIGHEST GUST SPEED    31   HIGHEST GUST DIRECTION    NW (320)
  AVERAGE WIND SPEED     9.1


SKY COVER
  POSSIBLE SUNSHINE  MM
  AVERAGE SKY COVER 0.1


WEATHER CONDITIONS
 THE FOLLOWING WEATHER WAS RECORDED YESTERDAY.
  NO SIGNIFICANT WEATHER WAS OBSERVED.


RELATIVE HUMIDITY (PERCENT)
 HIGHEST    68          1100 PM
 LOWEST     24           400 PM
 AVERAGE    46

..........................................................


THE GREENWOOD CLIMATE NORMALS FOR TODAY
                         NORMAL    RECORD    YEAR
 MAXIMUM TEMPERATURE (F)   57        77      1954
 MINIMUM TEMPERATURE (F)   36        14      2011


SUNRISE AND SUNSET
FEBRUARY 10 2016......SUNRISE   650 AM CST   SUNSET   540 PM CST
FEBRUARY 11 2016......SUNRISE   649 AM CST   SUNSET   541 PM CST


-  INDICATES NEGATIVE NUMBERS.
R  INDICATES RECORD WAS SET OR TIED.
MM INDICATES DATA IS MISSING.
T  INDICATES TRACE AMOUNT.




$$
