000
CDUS44 KJAN 202109
CLIGWO


CLIMATE REPORT
NATIONAL WEATHER SERVICE JACKSON MS
407 PM CDT SUN AUG 20 2017


...................................

...THE GREENWOOD CLIMATE SUMMARY FOR AUGUST 20 2017...
VALID TODAY AS OF 0400 PM LOCAL TIME.

CLIMATE NORMAL PERIOD 1981 TO 2010
CLIMATE RECORD PERIOD 1948 TO 2017


WEATHER ITEM   OBSERVED TIME   RECORD YEAR NORMAL DEPARTURE LAST
                VALUE   (LST)  VALUE       VALUE  FROM      YEAR
                                                  NORMAL
..................................................................
TEMPERATURE (F)
 TODAY
  MAXIMUM         95    259 PM 102    2006  92      3       89
  MINIMUM         72    533 AM  62    1991  70      2       74
  AVERAGE         84                        81      3       82

PRECIPITATION (IN)
  TODAY            0.00          1.18 2008   0.10  -0.10     0.10
                                      2003
  MONTH TO DATE    5.03                      1.78   3.25     3.69
  SINCE JUN 1     13.14                      9.69   3.45    10.38
  SINCE JAN 1     34.58                     33.02   1.56    36.17

DEGREE DAYS
 HEATING
  TODAY            0                         0      0        0
  MONTH TO DATE    0                         0      0        0
  SINCE JUN 1      0                         0      0        0
  SINCE JUL 1      0                         0      0        0

 COOLING
  TODAY           19                        16      3       17
  MONTH TO DATE  321                       320      1      370
  SINCE JUN 1   1240                      1238      2     1410
  SINCE JAN 1   1684                      1568    116     1739
..................................................................


WIND (MPH)
  HIGHEST WIND SPEED    10   HIGHEST WIND DIRECTION     S (170)
  HIGHEST GUST SPEED    12   HIGHEST GUST DIRECTION     S (160)
  AVERAGE WIND SPEED     2.5


SKY COVER
  POSSIBLE SUNSHINE  MM
  AVERAGE SKY COVER 0.1


WEATHER CONDITIONS
 THE FOLLOWING WEATHER WAS RECORDED TODAY.
  FOG


RELATIVE HUMIDITY (PERCENT)
 HIGHEST   100           200 AM
 LOWEST     53           200 PM
 AVERAGE    77

..........................................................


THE GREENWOOD CLIMATE NORMALS FOR TOMORROW
                         NORMAL    RECORD    YEAR
 MAXIMUM TEMPERATURE (F)   92       102      2005
 MINIMUM TEMPERATURE (F)   70        60      2012
                                             1991


SUNRISE AND SUNSET
AUGUST 20 2017........SUNRISE   626 AM CDT   SUNSET   740 PM CDT
AUGUST 21 2017........SUNRISE   627 AM CDT   SUNSET   739 PM CDT


-  INDICATES NEGATIVE NUMBERS.
R  INDICATES RECORD WAS SET OR TIED.
MM INDICATES DATA IS MISSING.
T  INDICATES TRACE AMOUNT.




$$
