073
CDUS44 KJAN 040642
CLIGWO


CLIMATE REPORT
NATIONAL WEATHER SERVICE JACKSON MS
1241 AM CST SUN DEC 4 2016


...................................

...THE GREENWOOD CLIMATE SUMMARY FOR DECEMBER 3 2016...

CLIMATE NORMAL PERIOD 1981 TO 2010
CLIMATE RECORD PERIOD 1948 TO 2016


WEATHER ITEM   OBSERVED TIME   RECORD YEAR NORMAL DEPARTURE LAST
                VALUE   (LST)  VALUE       VALUE  FROM      YEAR
                                                  NORMAL
..................................................................
TEMPERATURE (F)
 YESTERDAY
  MAXIMUM         50    403 AM  80    1978  60    -10       55
  MINIMUM         43   1223 AM  22    1976  38      5       33
  AVERAGE         47                        49     -2       44

PRECIPITATION (IN)
  YESTERDAY        1.36          3.80 1983   0.21   1.15     0.00
  MONTH TO DATE    1.36                      0.61   0.75     0.36
  SINCE DEC 1      1.36                      0.61   0.75     0.36
  SINCE JAN 1     44.17                     46.73  -2.56    45.79

SNOWFALL (IN)
  YESTERDAY        0.0

DEGREE DAYS
 HEATING
  YESTERDAY       18                        17      1       21
  MONTH TO DATE   55                        49      6       46
  SINCE DEC 1     55                        49      6       46
  SINCE JUL 1    347                       517   -170      274

 COOLING
  YESTERDAY        0                         0      0        0
  MONTH TO DATE    0                         0      0        0
  SINCE DEC 1      0                         0      0        0
  SINCE JAN 1   2559                      2159    400     2420
..................................................................


WIND (MPH)
  HIGHEST WIND SPEED    18   HIGHEST WIND DIRECTION     E (70)
  HIGHEST GUST SPEED    22   HIGHEST GUST DIRECTION    NE (60)
  AVERAGE WIND SPEED     8.3


SKY COVER
  POSSIBLE SUNSHINE  MM
  AVERAGE SKY COVER 0.9


WEATHER CONDITIONS
 THE FOLLOWING WEATHER WAS RECORDED YESTERDAY.
  HEAVY RAIN
  RAIN
  LIGHT RAIN
  FOG


RELATIVE HUMIDITY (PERCENT)
 HIGHEST    93          1000 AM
 LOWEST     56           400 AM
 AVERAGE    75

..........................................................


THE GREENWOOD CLIMATE NORMALS FOR TODAY
                         NORMAL    RECORD    YEAR
 MAXIMUM TEMPERATURE (F)   59        79      2013
 MINIMUM TEMPERATURE (F)   37        20      1989


SUNRISE AND SUNSET
DECEMBER  4 2016......SUNRISE   649 AM CST   SUNSET   452 PM CST
DECEMBER  5 2016......SUNRISE   650 AM CST   SUNSET   452 PM CST


-  INDICATES NEGATIVE NUMBERS.
R  INDICATES RECORD WAS SET OR TIED.
MM INDICATES DATA IS MISSING.
T  INDICATES TRACE AMOUNT.




$$
