000
CDUS44 KJAN 010700
CLIGWO


CLIMATE REPORT
NATIONAL WEATHER SERVICE JACKSON MS
153 AM CDT MON SEP 1 2014


...................................

...THE GREENWOOD CLIMATE SUMMARY FOR AUGUST 31 2014...

CLIMATE NORMAL PERIOD 1981 TO 2010
CLIMATE RECORD PERIOD 1948 TO 2014


WEATHER ITEM   OBSERVED TIME   RECORD YEAR NORMAL DEPARTURE LAST
                VALUE   (LST)  VALUE       VALUE  FROM      YEAR
                                                  NORMAL
..................................................................
TEMPERATURE (F)
 YESTERDAY
  MAXIMUM         86    449 PM 105    2000  91     -5       95
  MINIMUM         73    515 AM  59    1968  68      5       69
  AVERAGE         80                        79      1       82

PRECIPITATION (IN)
  YESTERDAY        0.01          1.50 1950   0.11  -0.10     0.00
  MONTH TO DATE    3.02                      2.83   0.19     2.53
  SINCE JUN 1     17.64                     10.74   6.90     7.84
  SINCE JAN 1     40.76                     34.07   6.69    38.25

SNOWFALL (IN)
  YESTERDAY        0.0

DEGREE DAYS
 HEATING
  YESTERDAY        0                         0      0        0
  MONTH TO DATE    0                         0      0        0
  SINCE JUN 1      0                         0      0        0
  SINCE JUL 1      0                         0      0        0

 COOLING
  YESTERDAY       15                        14      1       17
  MONTH TO DATE  466                       494    -28      488
  SINCE JUN 1   1262                      1412   -150     1346
  SINCE JAN 1   1556                      1742   -186     1622
..................................................................


WIND (MPH)
  HIGHEST WIND SPEED    15   HIGHEST WIND DIRECTION    SW (220)
  HIGHEST GUST SPEED    19   HIGHEST GUST DIRECTION    SW (220)
  AVERAGE WIND SPEED     6.5


SKY COVER
  POSSIBLE SUNSHINE  MM
  AVERAGE SKY COVER 0.3


WEATHER CONDITIONS
 THE FOLLOWING WEATHER WAS RECORDED YESTERDAY.
  LIGHT RAIN


RELATIVE HUMIDITY (PERCENT)
 HIGHEST    94           900 PM
 LOWEST     70           200 PM
 AVERAGE    82

..........................................................


THE GREENWOOD CLIMATE NORMALS FOR TODAY
                         NORMAL    RECORD    YEAR
 MAXIMUM TEMPERATURE (F)   91       103      2000
 MINIMUM TEMPERATURE (F)   68        57      2009
                                             1954


SUNRISE AND SUNSET
SEPTEMBER  1 2014.....SUNRISE   634 AM CDT   SUNSET   726 PM CDT
SEPTEMBER  2 2014.....SUNRISE   635 AM CDT   SUNSET   724 PM CDT


-  INDICATES NEGATIVE NUMBERS.
R  INDICATES RECORD WAS SET OR TIED.
MM INDICATES DATA IS MISSING.
T  INDICATES TRACE AMOUNT.




$$
