000
CDUS44 KJAN 282128
CLIGWO


CLIMATE REPORT
NATIONAL WEATHER SERVICE JACKSON MS
427 PM CDT TUE OCT 28 2014


...................................

...THE GREENWOOD CLIMATE SUMMARY FOR OCTOBER 28 2014...
VALID TODAY AS OF 0400 PM LOCAL TIME.

CLIMATE NORMAL PERIOD 1981 TO 2010
CLIMATE RECORD PERIOD 1948 TO 2014


WEATHER ITEM   OBSERVED TIME   RECORD YEAR NORMAL DEPARTURE LAST
                VALUE   (LST)  VALUE       VALUE  FROM      YEAR
                                                  NORMAL
..................................................................
TEMPERATURE (F)
 TODAY
  MAXIMUM         82    137 PM  87    2000  73      9       73
                                      1971
  MINIMUM         62    529 AM  28    2008  48     14       53
  AVERAGE         72                        61     11       63

PRECIPITATION (IN)
  TODAY            0.00          0.86 1988   0.12  -0.12     0.00
  MONTH TO DATE    5.80                      3.52   2.28     1.13
  SINCE SEP 1      6.18                      7.18  -1.00     9.22
  SINCE JAN 1     46.94                     41.25   5.69    47.47

SNOWFALL (IN)
  TODAY            0.0

DEGREE DAYS
 HEATING
  TODAY            0                         6     -6        2
  MONTH TO DATE   66                        99    -33      116
  SINCE SEP 1     66                       111    -45      116
  SINCE JUL 1     66                       111    -45      116

 COOLING
  TODAY            7                         2      5        0
  MONTH TO DATE  120                        91     29      101
  SINCE SEP 1    484                       396     88      459
  SINCE JAN 1   2040                      2138    -98     2081
..................................................................


WIND (MPH)
  HIGHEST WIND SPEED    14   HIGHEST WIND DIRECTION     S (190)
  HIGHEST GUST SPEED    19   HIGHEST GUST DIRECTION     S (200)
  AVERAGE WIND SPEED     9.2


SKY COVER
  POSSIBLE SUNSHINE  MM
  AVERAGE SKY COVER 0.3


WEATHER CONDITIONS
 THE FOLLOWING WEATHER WAS RECORDED TODAY.
  FOG


RELATIVE HUMIDITY (PERCENT)
 HIGHEST    93           500 AM
 LOWEST     54           200 PM
 AVERAGE    74

..........................................................


THE GREENWOOD CLIMATE NORMALS FOR TOMORROW
                         NORMAL    RECORD    YEAR
 MAXIMUM TEMPERATURE (F)   73        87      2000
 MINIMUM TEMPERATURE (F)   48        28      1952


SUNRISE AND SUNSET
OCTOBER 28 2014.......SUNRISE   716 AM CDT   SUNSET   612 PM CDT
OCTOBER 29 2014.......SUNRISE   716 AM CDT   SUNSET   611 PM CDT


-  INDICATES NEGATIVE NUMBERS.
R  INDICATES RECORD WAS SET OR TIED.
MM INDICATES DATA IS MISSING.
T  INDICATES TRACE AMOUNT.




$$
