000
CDUS44 KJAN 022111
CLIGWO


CLIMATE REPORT
NATIONAL WEATHER SERVICE JACKSON MS
410 PM CDT MON MAY 2 2016


...................................

...THE GREENWOOD CLIMATE SUMMARY FOR MAY 2 2016...
VALID TODAY AS OF 0400 PM LOCAL TIME.

CLIMATE NORMAL PERIOD 1981 TO 2010
CLIMATE RECORD PERIOD 1948 TO 2016


WEATHER ITEM   OBSERVED TIME   RECORD YEAR NORMAL DEPARTURE LAST
                VALUE   (LST)  VALUE       VALUE  FROM      YEAR
                                                  NORMAL
..................................................................
TEMPERATURE (F)
 TODAY
  MAXIMUM         70    317 AM  90    1955  79     -9       78
                                      1952
  MINIMUM         63    854 AM  44    1963  57      6       46
  AVERAGE         67                        68     -1       62

PRECIPITATION (IN)
  TODAY            T             3.17 1997   0.18  -0.18     0.00
  MONTH TO DATE    T                         0.35  -0.35     0.00
  SINCE MAR 1     16.85                      9.79   7.06    11.54
  SINCE JAN 1     24.30                     18.73   5.57    20.93

SNOWFALL (IN)
  TODAY            0.0

DEGREE DAYS
 HEATING
  TODAY            0                         1     -1        3
  MONTH TO DATE    0                         2     -2        5
  SINCE MAR 1    252                       442   -190      339
  SINCE JUL 1   1913                      2673   -760     2860

 COOLING
  TODAY            2                         4     -2        0
  MONTH TO DATE    9                         8      1        0
  SINCE MAR 1    132                       105     27      111
  SINCE JAN 1    140                       110     30      111
..................................................................


WIND (MPH)
  HIGHEST WIND SPEED    14   HIGHEST WIND DIRECTION     N (360)
  HIGHEST GUST SPEED    19   HIGHEST GUST DIRECTION     N (350)
  AVERAGE WIND SPEED     4.5


SKY COVER
  POSSIBLE SUNSHINE  MM
  AVERAGE SKY COVER 0.8


WEATHER CONDITIONS
 THE FOLLOWING WEATHER WAS RECORDED TODAY.
  LIGHT RAIN
  FOG


RELATIVE HUMIDITY (PERCENT)
 HIGHEST    93          1200 AM
 LOWEST     78          1200 PM
 AVERAGE    86

..........................................................


THE GREENWOOD CLIMATE NORMALS FOR TOMORROW
                         NORMAL    RECORD    YEAR
 MAXIMUM TEMPERATURE (F)   80        91      1955
 MINIMUM TEMPERATURE (F)   57        38      2013


SUNRISE AND SUNSET
MAY  2 2016...........SUNRISE   610 AM CDT   SUNSET   744 PM CDT
MAY  3 2016...........SUNRISE   610 AM CDT   SUNSET   745 PM CDT


-  INDICATES NEGATIVE NUMBERS.
R  INDICATES RECORD WAS SET OR TIED.
MM INDICATES DATA IS MISSING.
T  INDICATES TRACE AMOUNT.




$$
