000
CDUS44 KJAN 170846
CLIGWO


CLIMATE REPORT
NATIONAL WEATHER SERVICE JACKSON MS
245 AM CST WED DEC 17 2014


...................................

...THE GREENWOOD CLIMATE SUMMARY FOR DECEMBER 16 2014...

CLIMATE NORMAL PERIOD 1981 TO 2010
CLIMATE RECORD PERIOD 1948 TO 2014


WEATHER ITEM   OBSERVED TIME   RECORD YEAR NORMAL DEPARTURE LAST
                VALUE   (LST)  VALUE       VALUE  FROM      YEAR
                                                  NORMAL
..................................................................
TEMPERATURE (F)
 YESTERDAY
  MAXIMUM         54   1207 AM  76    2001  56     -2       57
  MINIMUM         33   1156 PM  15    1989  35     -2       26
  AVERAGE         44                        46     -2       42

PRECIPITATION (IN)
  YESTERDAY        0.00          1.98 2012   0.19  -0.19     0.00
  MONTH TO DATE    2.83                      3.13  -0.30     3.40
  SINCE DEC 1      2.83                      3.13  -0.30     3.40
  SINCE JAN 1     53.43                     49.25   4.18    57.10

SNOWFALL (IN)
  YESTERDAY        0.0

DEGREE DAYS
 HEATING
  YESTERDAY       21                        20      1       23
  MONTH TO DATE  236                       287    -51      351
  SINCE DEC 1    236                       287    -51      351
  SINCE JUL 1    824                       755     69      918

 COOLING
  YESTERDAY        0                         0      0        0
  MONTH TO DATE    1                         0      1        5
  SINCE DEC 1      1                         0      1        5
  SINCE JAN 1   2044                      2159   -115     2103
..................................................................


WIND (MPH)
  HIGHEST WIND SPEED    14   HIGHEST WIND DIRECTION    NW (330)
  HIGHEST GUST SPEED    21   HIGHEST GUST DIRECTION     N (340)
  AVERAGE WIND SPEED     4.9


SKY COVER
  POSSIBLE SUNSHINE  MM
  AVERAGE SKY COVER 0.0


WEATHER CONDITIONS
 THE FOLLOWING WEATHER WAS RECORDED YESTERDAY.
  NO SIGNIFICANT WEATHER WAS OBSERVED.


RELATIVE HUMIDITY (PERCENT)
 HIGHEST    92           800 PM
 LOWEST     50           100 PM
 AVERAGE    71

..........................................................


THE GREENWOOD CLIMATE NORMALS FOR TODAY
                         NORMAL    RECORD    YEAR
 MAXIMUM TEMPERATURE (F)   56        76      2006
 MINIMUM TEMPERATURE (F)   35        19      2000


SUNRISE AND SUNSET
DECEMBER 17 2014......SUNRISE   658 AM CST   SUNSET   455 PM CST
DECEMBER 18 2014......SUNRISE   659 AM CST   SUNSET   455 PM CST


-  INDICATES NEGATIVE NUMBERS.
R  INDICATES RECORD WAS SET OR TIED.
MM INDICATES DATA IS MISSING.
T  INDICATES TRACE AMOUNT.




$$
