000
CDUS44 KJAN 172127
CLIGWO


CLIMATE REPORT
NATIONAL WEATHER SERVICE JACKSON MS
426 PM CDT TUE OCT 17 2017


...................................

...THE GREENWOOD CLIMATE SUMMARY FOR OCTOBER 17 2017...
VALID TODAY AS OF 0400 PM LOCAL TIME.

CLIMATE NORMAL PERIOD 1981 TO 2010
CLIMATE RECORD PERIOD 1948 TO 2017


WEATHER ITEM   OBSERVED TIME   RECORD YEAR NORMAL DEPARTURE LAST
                VALUE   (LST)  VALUE       VALUE  FROM      YEAR
                                                  NORMAL
..................................................................
TEMPERATURE (F)
 TODAY
  MAXIMUM         76    250 PM  90    1972  77     -1       88
  MINIMUM         37    617 AM  30    1952  51    -14       68
  AVERAGE         57                        64     -7       78

PRECIPITATION (IN)
  TODAY            0.00          1.79 2007   0.13  -0.13     0.00
  MONTH TO DATE    0.10                      2.11  -2.01     0.08
  SINCE SEP 1      2.41                      5.77  -3.36     1.96
  SINCE JAN 1     38.27                     39.84  -1.57    38.46

SNOWFALL (IN)
  TODAY           MM

DEGREE DAYS
 HEATING
  TODAY            8                         4      4        0
  MONTH TO DATE   16                        43    -27        5
  SINCE SEP 1     18                        55    -37        5
  SINCE JUL 1     18                        55    -37        5

 COOLING
  TODAY            0                         3     -3       13
  MONTH TO DATE  146                        68     78      107
  SINCE SEP 1    452                       373     79      534
  SINCE JAN 1   2287                      2115    172     2481
..................................................................


WIND (MPH)
  HIGHEST WIND SPEED    13   HIGHEST WIND DIRECTION     E (80)
  HIGHEST GUST SPEED    16   HIGHEST GUST DIRECTION    SE (130)
  AVERAGE WIND SPEED     4.3


SKY COVER
  POSSIBLE SUNSHINE  MM
  AVERAGE SKY COVER 0.0


WEATHER CONDITIONS
 THE FOLLOWING WEATHER WAS RECORDED TODAY.
  NO SIGNIFICANT WEATHER WAS OBSERVED.


RELATIVE HUMIDITY (PERCENT)
 HIGHEST   100           500 AM
 LOWEST     38           200 PM
 AVERAGE    69

..........................................................


THE GREENWOOD CLIMATE NORMALS FOR TOMORROW
                         NORMAL    RECORD    YEAR
 MAXIMUM TEMPERATURE (F)   76        90      2016
                                             1972
 MINIMUM TEMPERATURE (F)   51        30      1976


SUNRISE AND SUNSET
OCTOBER 17 2017.......SUNRISE   707 AM CDT   SUNSET   624 PM CDT
OCTOBER 18 2017.......SUNRISE   708 AM CDT   SUNSET   623 PM CDT


-  INDICATES NEGATIVE NUMBERS.
R  INDICATES RECORD WAS SET OR TIED.
MM INDICATES DATA IS MISSING.
T  INDICATES TRACE AMOUNT.




$$
