552
CDUS44 KJAN 220645
CLIGWO


CLIMATE REPORT
NATIONAL WEATHER SERVICE JACKSON MS
143 AM CDT WED MAR 22 2017


...................................

...THE GREENWOOD CLIMATE SUMMARY FOR MARCH 21 2017...

CLIMATE NORMAL PERIOD 1981 TO 2010
CLIMATE RECORD PERIOD 1948 TO 2017


WEATHER ITEM   OBSERVED TIME   RECORD YEAR NORMAL DEPARTURE LAST
                VALUE   (LST)  VALUE       VALUE  FROM      YEAR
                                                  NORMAL
..................................................................
TEMPERATURE (F)
 YESTERDAY
  MAXIMUM         87R   209 PM  84    1966  69     18       59
                                      1948
  MINIMUM         60    405 AM  23    1965  45     15       31
  AVERAGE         74                        57     17       45

PRECIPITATION (IN)
  YESTERDAY        0.00          6.83 1955   0.13  -0.13     0.00
  MONTH TO DATE    2.65                      2.82  -0.17     6.49
  SINCE MAR 1      2.65                      2.82  -0.17     6.49
  SINCE JAN 1     10.93                     11.76  -0.83    13.94

SNOWFALL (IN)
  YESTERDAY        0.0

DEGREE DAYS
 HEATING
  YESTERDAY        0                         9     -9       20
  MONTH TO DATE  226                       239    -13      141
  SINCE MAR 1    226                       239    -13      141
  SINCE JUL 1   1709                      2470   -761     1802

 COOLING
  YESTERDAY        9                         1      8        0
  MONTH TO DATE   16                        15      1       28
  SINCE MAR 1     16                        15      1       28
  SINCE JAN 1     50                        20     30       36
..................................................................


WIND (MPH)
  HIGHEST WIND SPEED    14   HIGHEST WIND DIRECTION    SW (230)
  HIGHEST GUST SPEED    20   HIGHEST GUST DIRECTION    SW (230)
  AVERAGE WIND SPEED     7.5


SKY COVER
  POSSIBLE SUNSHINE  MM
  AVERAGE SKY COVER 0.0


WEATHER CONDITIONS
 THE FOLLOWING WEATHER WAS RECORDED YESTERDAY.
  NO SIGNIFICANT WEATHER WAS OBSERVED.


RELATIVE HUMIDITY (PERCENT)
 HIGHEST    84           400 AM
 LOWEST     21           300 PM
 AVERAGE    53

..........................................................


THE GREENWOOD CLIMATE NORMALS FOR TODAY
                         NORMAL    RECORD    YEAR
 MAXIMUM TEMPERATURE (F)   69        85      1995
 MINIMUM TEMPERATURE (F)   45        24      1986


SUNRISE AND SUNSET
MARCH 22 2017.........SUNRISE   701 AM CDT   SUNSET   714 PM CDT
MARCH 23 2017.........SUNRISE   700 AM CDT   SUNSET   714 PM CDT


-  INDICATES NEGATIVE NUMBERS.
R  INDICATES RECORD WAS SET OR TIED.
MM INDICATES DATA IS MISSING.
T  INDICATES TRACE AMOUNT.




$$
