000
CDUS44 KJAN 082224
CLIGWO


CLIMATE REPORT
NATIONAL WEATHER SERVICE JACKSON MS
422 PM CST FRI DEC 8 2017


...................................

...THE GREENWOOD CLIMATE SUMMARY FOR DECEMBER 8 2017...
VALID TODAY AS OF 0400 PM LOCAL TIME.

CLIMATE NORMAL PERIOD 1981 TO 2010
CLIMATE RECORD PERIOD 1948 TO 2017


WEATHER ITEM   OBSERVED TIME   RECORD YEAR NORMAL DEPARTURE LAST
                VALUE   (LST)  VALUE       VALUE  FROM      YEAR
                                                  NORMAL
..................................................................
TEMPERATURE (F)
 TODAY
  MAXIMUM         42    214 PM  81    2007  58    -16       46
  MINIMUM         34    828 AM  14    2006  37     -3       26
  AVERAGE         38                        47     -9       36

PRECIPITATION (IN)
  TODAY            0.00          2.04 1978   0.19  -0.19     0.00
  MONTH TO DATE    1.22                      1.60  -0.38     2.42
  SINCE DEC 1      1.22                      1.60  -0.38     2.42
  SINCE JAN 1     42.04                     47.72  -5.68    45.23

SNOWFALL (IN)
  TODAY            0.0

DEGREE DAYS
 HEATING
  TODAY           27                        18      9       29
  MONTH TO DATE  110                       136    -26      153
  SINCE DEC 1    110                       136    -26      153
  SINCE JUL 1    524                       604    -80      445

 COOLING
  TODAY            0                         0      0        0
  MONTH TO DATE    0                         0      0        0
  SINCE DEC 1      0                         0      0        0
  SINCE JAN 1   2341                      2159    182     2559
..................................................................


WIND (MPH)
  HIGHEST WIND SPEED    15   HIGHEST WIND DIRECTION     N (20)
  HIGHEST GUST SPEED    19   HIGHEST GUST DIRECTION    NE (30)
  AVERAGE WIND SPEED     8.5


SKY COVER
  POSSIBLE SUNSHINE  MM
  AVERAGE SKY COVER 0.7


WEATHER CONDITIONS
 THE FOLLOWING WEATHER WAS RECORDED TODAY.
  NO SIGNIFICANT WEATHER WAS OBSERVED.


RELATIVE HUMIDITY (PERCENT)
 HIGHEST    70          1200 AM
 LOWEST     38           200 PM
 AVERAGE    54

..........................................................


THE GREENWOOD CLIMATE NORMALS FOR TOMORROW
                         NORMAL    RECORD    YEAR
 MAXIMUM TEMPERATURE (F)   58        82      2007
 MINIMUM TEMPERATURE (F)   36        16      2006


SUNRISE AND SUNSET
DECEMBER  8 2017......SUNRISE   652 AM CST   SUNSET   452 PM CST
DECEMBER  9 2017......SUNRISE   653 AM CST   SUNSET   453 PM CST


-  INDICATES NEGATIVE NUMBERS.
R  INDICATES RECORD WAS SET OR TIED.
MM INDICATES DATA IS MISSING.
T  INDICATES TRACE AMOUNT.




$$
