000
CDUS44 KJAN 292124
CLIGWO


CLIMATE REPORT
NATIONAL WEATHER SERVICE JACKSON MS
420 PM CDT SUN MAR 29 2015


...................................

...THE GREENWOOD CLIMATE SUMMARY FOR MARCH 29 2015...
VALID TODAY AS OF 0400 PM LOCAL TIME.

CLIMATE NORMAL PERIOD 1981 TO 2010
CLIMATE RECORD PERIOD 1948 TO 2015


WEATHER ITEM   OBSERVED TIME   RECORD YEAR NORMAL DEPARTURE LAST
                VALUE   (LST)  VALUE       VALUE  FROM      YEAR
                                                  NORMAL
..................................................................
TEMPERATURE (F)
 TODAY
  MAXIMUM         75    259 PM  87    2007  71      4       61
  MINIMUM         39   1229 AM  31    1955  47     -8       43
  AVERAGE         57                        59     -2       52

PRECIPITATION (IN)
  TODAY            0.00          2.25 1991   0.15  -0.15     0.55
  MONTH TO DATE    5.14                      4.00   1.14     4.08
  SINCE MAR 1      5.14                      4.00   1.14     4.08
  SINCE JAN 1     14.53                     12.94   1.59    10.36

SNOWFALL (IN)
  TODAY            0.0

DEGREE DAYS
 HEATING
  TODAY            8                         7      1       13
  MONTH TO DATE  274                       302    -28      421
  SINCE MAR 1    274                       302    -28      421
  SINCE JUL 1   2795                      2533    262     3075

 COOLING
  TODAY            0                         1     -1        0
  MONTH TO DATE    5                        23    -18        4
  SINCE MAR 1      5                        23    -18        4
  SINCE JAN 1      5                        28    -23        4
..................................................................


WIND (MPH)
  HIGHEST WIND SPEED    20   HIGHEST WIND DIRECTION     S (200)
  HIGHEST GUST SPEED    26   HIGHEST GUST DIRECTION    SW (220)
  AVERAGE WIND SPEED    10.4


SKY COVER
  POSSIBLE SUNSHINE  MM
  AVERAGE SKY COVER 0.8


WEATHER CONDITIONS
 THE FOLLOWING WEATHER WAS RECORDED TODAY.
  NO SIGNIFICANT WEATHER WAS OBSERVED.


RELATIVE HUMIDITY (PERCENT)
 HIGHEST    64          1200 AM
 LOWEST     41           200 PM
 AVERAGE    53

..........................................................


THE GREENWOOD CLIMATE NORMALS FOR TOMORROW
                         NORMAL    RECORD    YEAR
 MAXIMUM TEMPERATURE (F)   71        88      1963
 MINIMUM TEMPERATURE (F)   47        29      1964


SUNRISE AND SUNSET
MARCH 29 2015.........SUNRISE   652 AM CDT   SUNSET   718 PM CDT
MARCH 30 2015.........SUNRISE   651 AM CDT   SUNSET   719 PM CDT


-  INDICATES NEGATIVE NUMBERS.
R  INDICATES RECORD WAS SET OR TIED.
MM INDICATES DATA IS MISSING.
T  INDICATES TRACE AMOUNT.




$$
