000
CDUS44 KJAN 262212
CLIGWO


CLIMATE REPORT
NATIONAL WEATHER SERVICE JACKSON MS
502 PM CDT WED APR 26 2017


...................................

...THE GREENWOOD CLIMATE SUMMARY FOR APRIL 26 2017...
VALID AS OF 0500 PM LOCAL TIME.

CLIMATE NORMAL PERIOD 1981 TO 2010
CLIMATE RECORD PERIOD 1948 TO 2017


WEATHER ITEM   OBSERVED TIME   RECORD YEAR NORMAL DEPARTURE LAST
                VALUE   (LST)  VALUE       VALUE  FROM      YEAR
                                                  NORMAL
..................................................................
TEMPERATURE (F)
 TODAY
  MAXIMUM         81    300 PM  88    1994  78      3       84
                                      1971
  MINIMUM         61        MM  44    2013  55      6       65
                                      1992
  AVERAGE         71                        66      5       75

PRECIPITATION (IN)
  TODAY            0.00          2.06 1964   0.17  -0.17     0.00
  MONTH TO DATE    3.92                      4.46  -0.54     3.17
  SINCE MAR 1      7.89                      8.77  -0.88    15.67
  SINCE JAN 1     16.17                     17.71  -1.54    23.12

SNOWFALL (IN)
  TODAY            0.0

DEGREE DAYS
 HEATING
  TODAY            0                         2     -2        0
  MONTH TO DATE   40                       116    -76       62
  SINCE MAR 1    272                       432   -160      252
  SINCE JUL 1   1755                      2663   -908     1913

 COOLING
  TODAY            6                         3      3       10
  MONTH TO DATE  109                        60     49       52
  SINCE MAR 1    170                        81     89       91
  SINCE JAN 1    204                        86    118       99
..................................................................


WIND (MPH)
  HIGHEST WIND SPEED    18   HIGHEST WIND DIRECTION     S (170)
  HIGHEST GUST SPEED    31   HIGHEST GUST DIRECTION     S (170)
  AVERAGE WIND SPEED    11.7


SKY COVER
  POSSIBLE SUNSHINE  MM
  AVERAGE SKY COVER 0.6


WEATHER CONDITIONS
 THE FOLLOWING WEATHER WAS RECORDED TODAY.
  NO SIGNIFICANT WEATHER WAS OBSERVED.


RELATIVE HUMIDITY (PERCENT)
 HIGHEST    90           300 AM
 LOWEST     58           200 PM
 AVERAGE    74

..........................................................


THE GREENWOOD CLIMATE NORMALS FOR TOMORROW
                         NORMAL    RECORD    YEAR
 MAXIMUM TEMPERATURE (F)   78        93      1987
 MINIMUM TEMPERATURE (F)   55        40      1992


SUNRISE AND SUNSET
APRIL 26 2017.........SUNRISE   617 AM CDT   SUNSET   740 PM CDT
APRIL 27 2017.........SUNRISE   616 AM CDT   SUNSET   740 PM CDT


-  INDICATES NEGATIVE NUMBERS.
R  INDICATES RECORD WAS SET OR TIED.
MM INDICATES DATA IS MISSING.
T  INDICATES TRACE AMOUNT.




$$
