000
CXUS54 KJAN 012031
CLMGWO


CLIMATE REPORT
NATIONAL WEATHER SERVICE JACKSON MS
330 PM CDT THU SEP 1 2016

...................................

...THE GREENWOOD CLIMATE SUMMARY FOR THE MONTH OF AUGUST 2016...

CLIMATE NORMAL PERIOD 1981 TO 2010
CLIMATE RECORD PERIOD 1948 TO 2016

WEATHER         OBSERVED          NORMAL  DEPART  LAST YEAR`S
                 VALUE   DATE(S)  VALUE   FROM    VALUE  DATE(S)
                                          NORMAL
................................................................
TEMPERATURE (F)
RECORD
 HIGH             106   08/15/2007
                        08/30/2000
 LOW               52   08/14/2004
                        08/13/2004
                        08/29/1986
HIGHEST            98   08/04        MM      MM      100  08/10
LOWEST             71   08/17        MM      MM       54  08/27
                                                          08/26
AVG. MAXIMUM     93.1              92.2     0.9     92.2
AVG. MINIMUM     73.7              69.7     4.0     68.4
MEAN             83.4              81.0     2.4     80.3
DAYS MAX >= 90     25              22.3     2.7       22
DAYS MAX <= 32      0               0.0     0.0        0
DAYS MIN <= 32      0               0.0     0.0        0
DAYS MIN <= 0       0               0.0     0.0        0

PRECIPITATION (INCHES)
RECORD
 MAXIMUM         7.69   1964
 MINIMUM         0.09   1990
TOTALS           4.02              2.83    1.19     1.76
DAILY AVG.       0.13              0.09    0.04     0.06
DAYS >= .01        14               7.1     6.9        8
DAYS >= .10         8               4.5     3.5        3
DAYS >= .50         1               1.8    -0.8        1
DAYS >= 1.00        1               0.8     0.2        1
GREATEST
 24 HR. TOTAL    2.17   08/16 TO 08/16              1.19

SNOWFALL (INCHES)
TOTALS            0.0

DEGREE_DAYS
HEATING TOTAL       0                 0       0        0
 SINCE 7/1          0                 0       0        0
COOLING TOTAL     578               494      84      483
 SINCE 1/1       1947              1742     205     1849
.................................................................

WIND (MPH)
AVERAGE WIND SPEED              4.3
HIGHEST WIND SPEED/DIRECTION    31/020    DATE  08/25
HIGHEST GUST SPEED/DIRECTION    41/030    DATE  08/25

SKY COVER
POSSIBLE SUNSHINE (PERCENT)   MM
AVERAGE SKY COVER           0.30
NUMBER OF DAYS FAIR           18
NUMBER OF DAYS PC             13
NUMBER OF DAYS CLOUDY          0

AVERAGE RH (PERCENT)     71

WEATHER CONDITIONS. NUMBER OF DAYS WITH
THUNDERSTORM             11     MIXED PRECIP               0
HEAVY RAIN                8     RAIN                       9
LIGHT RAIN               20     FREEZING RAIN              0
LT FREEZING RAIN          0     HAIL                       0
HEAVY SNOW                0     SNOW                       0
LIGHT SNOW                0     SLEET                      0
FOG                      19     FOG W/VIS <= 1/4 MILE      2
HAZE                      3

-  INDICATES NEGATIVE NUMBERS.
R  INDICATES RECORD WAS SET OR TIED.
MM INDICATES DATA IS MISSING.
T  INDICATES TRACE AMOUNT.

$$
