000
CXUS54 KJAN 011033
CLMGWO
CLIMATE REPORT
NATIONAL WEATHER SERVICE JACKSON MS
533 AM CDT SAT APR 01 2023
...................................
...THE GREENWOOD CLIMATE SUMMARY FOR THE MONTH OF MARCH 2023...
CLIMATE NORMAL PERIOD: 1991 TO 2020
CLIMATE RECORD PERIOD: 1948 TO 2023
WEATHER OBSERVED NORMAL DEPART LAST YEAR`S
VALUE DATE(S) VALUE FROM VALUE DATE(S)
NORMAL
................................................................
TEMPERATURE (F)
RECORD
HIGH 88 03/26/2020
03/23/1995
03/31/1963
LOW 15 03/09/1996
03/03/1980
HIGHEST 87 03/24 MM MM 87 03/06
LOWEST 25 03/20 MM MM 26 03/13
AVG. MAXIMUM 71.7 67.2 4.5 70.7
AVG. MINIMUM 49.2 45.1 4.1 44.1
MEAN 60.5 56.1 4.4 57.4
DAYS MAX >= 90 0 0.0 0.0 0
DAYS MAX <= 32 0 0.0 0.0 0
DAYS MIN <= 32 3 3.9 -0.9 3
DAYS MIN <= 0 0 0.0 0.0 0
PRECIPITATION (INCHES)
RECORD
MAXIMUM 16.84 1973
MINIMUM 0.33 2007
TOTALS 6.24 4.76 1.48 6.15
DAILY AVG. 0.20 0.15 0.05 0.20
DAYS >= .01 11 10.7 0.3 9
DAYS >= .10 10 7.1 2.9 6
DAYS >= .50 5 3.2 1.8 5
DAYS >= 1.00 2 1.5 0.5 3
GREATEST
24 HR. TOTAL 1.68 03/08 TO 03/09 1.98
SNOWFALL (INCHES)
TOTALS 0.0
DEGREE DAYS
HEATING TOTAL 200 298 -98 251
SINCE 7/1 1730 2445 -715 MM
COOLING TOTAL 68 24 44 23
SINCE 1/1 130 32 98 MM
................................................................
WIND (MPH)
AVERAGE WIND SPEED 7.6
HIGHEST WIND SPEED/DIRECTION 39/190 DATE 03/24
HIGHEST GUST SPEED/DIRECTION 53/260 DATE 03/03
53/180 03/24
SKY COVER
POSSIBLE SUNSHINE (PERCENT) MM
AVERAGE SKY COVER 0.35
NUMBER OF DAYS FAIR 16
NUMBER OF DAYS PC 11
NUMBER OF DAYS CLOUDY 4
AVERAGE RH (PERCENT) 64
WEATHER CONDITIONS. NUMBER OF DAYS WITH
THUNDERSTORM 7 MIXED PRECIP 0
HEAVY RAIN 8 RAIN 9
LIGHT RAIN 14 FREEZING RAIN 0
LT FREEZING RAIN 0 HAIL 0
HEAVY SNOW 0 SNOW 0
LIGHT SNOW 0 SLEET 0
FOG 14 FOG W/VIS <= 1/4 MILE 0
HAZE 2
- INDICATES NEGATIVE NUMBERS.
R INDICATES RECORD WAS SET OR TIED.
MM INDICATES DATA IS MISSING.
T INDICATES TRACE AMOUNT.
$$