000
CXUS54 KJAN 012127
CLMGWO


CLIMATE REPORT
NATIONAL WEATHER SERVICE JACKSON MS
325 PM CST TUE DEC 1 2015

...................................

...THE GREENWOOD CLIMATE SUMMARY FOR THE MONTH OF NOVEMBER 2015...

CLIMATE NORMAL PERIOD 1981 TO 2010
CLIMATE RECORD PERIOD 1948 TO 2015

WEATHER         OBSERVED          NORMAL  DEPART  LAST YEAR`S
                 VALUE   DATE(S)  VALUE   FROM    VALUE  DATE(S)
                                          NORMAL
................................................................
TEMPERATURE (F)
RECORD
 HIGH              88   11/10/2002
 LOW               15   11/25/1950
HIGHEST            84   11/05        MM      MM       77  11/30
                                                          11/04
LOWEST             26   11/23        MM      MM       21  11/18
                                                          11/14
AVG. MAXIMUM     70.8              66.2     4.6     60.3
AVG. MINIMUM     49.6              42.5     7.1     36.5
MEAN             60.2              54.3     5.9     48.4
DAYS MAX >= 90      0               0.0     0.0        0
DAYS MAX <= 32      0               0.0     0.0        0
DAYS MIN <= 32      2               5.2    -3.2       12
DAYS MIN <= 0       0               0.0     0.0        0

PRECIPITATION (INCHES)
RECORD
 MAXIMUM        15.43   1948
 MINIMUM         0.11   1949
TOTALS           5.50              4.52    0.98     3.06
DAILY AVG.       0.18              0.15    0.03     0.10
DAYS >= .01        11               8.1     2.9        6
DAYS >= .10         6               5.6     0.4        3
DAYS >= .50         5               3.2     1.8        1
DAYS >= 1.00        2               1.5     0.5        1
GREATEST
 24 HR. TOTAL    2.56   11/17 TO 11/18              2.43

SNOWFALL (INCHES)
TOTALS            0.0

DEGREE_DAYS
HEATING TOTAL     186               337    -151      494
 SINCE 7/1        228               468    -240      588
COOLING TOTAL      52                17      35        3
 SINCE 1/1       2420              2159     261     2043
.................................................................

WIND (MPH)
AVERAGE WIND SPEED              6.3
HIGHEST WIND SPEED/DIRECTION    32/160    DATE  11/17
HIGHEST GUST SPEED/DIRECTION    43/160    DATE  11/17

SKY COVER
POSSIBLE SUNSHINE (PERCENT)   MM
AVERAGE SKY COVER           0.50
NUMBER OF DAYS FAIR           13
NUMBER OF DAYS PC              7
NUMBER OF DAYS CLOUDY         10

AVERAGE RH (PERCENT)     66

WEATHER CONDITIONS. NUMBER OF DAYS WITH
THUNDERSTORM              1     MIXED PRECIP               0
HEAVY RAIN                7     RAIN                       8
LIGHT RAIN               12     FREEZING RAIN              0
LT FREEZING RAIN          0     HAIL                       0
HEAVY SNOW                0     SNOW                       0
LIGHT SNOW                0     SLEET                      0
FOG                      16     FOG W/VIS <= 1/4 MILE      4
HAZE                     12

-  INDICATES NEGATIVE NUMBERS.
R  INDICATES RECORD WAS SET OR TIED.
MM INDICATES DATA IS MISSING.
T  INDICATES TRACE AMOUNT.

$$
