000
CXUS54 KJAN 022119
CLMGWO


CLIMATE REPORT
NATIONAL WEATHER SERVICE JACKSON MS
417 PM CDT FRI MAY 2 2014

...................................

...THE GREENWOOD CLIMATE SUMMARY FOR THE MONTH OF APRIL 2014...

CLIMATE NORMAL PERIOD 1981 TO 2010
CLIMATE RECORD PERIOD 1948 TO 2014

WEATHER         OBSERVED          NORMAL  DEPART  LAST YEAR`S
                 VALUE   DATE(S)  VALUE   FROM    VALUE  DATE(S)
                                          NORMAL
................................................................
TEMPERATURE (F)
RECORD
 HIGH              94   04/21/1987
 LOW               28   04/11/1989
                        04/04/1987
HIGHEST            86   04/03        MM      MM       85  04/17
                                                          04/09
LOWEST             35   04/16        MM      MM       37  04/20
AVG. MAXIMUM     73.6              75.2    -1.6     73.8
AVG. MINIMUM     50.0              51.6    -1.6     50.4
MEAN             61.8              63.4    -1.6     62.1
DAYS MAX >= 90      0               0.2    -0.2        0
DAYS MAX <= 32      0               0.0     0.0        0
DAYS MIN <= 32      0               0.4    -0.4        0
DAYS MIN <= 0       0               0.0     0.0        0

PRECIPITATION (INCHES)
RECORD
 MAXIMUM        14.68   1991
 MINIMUM         0.83   1976
TOTALS           9.62              5.13    4.49     5.85
DAILY AVG.       0.32              0.17    0.15     0.19
DAYS >= .01         9               7.8     1.2        9
DAYS >= .10         8               5.5     2.5        5
DAYS >= .50         5               2.6     2.4        4
DAYS >= 1.00        3               1.8     1.2        2
GREATEST
 24 HR. TOTAL    3.36   04/13 TO 04/14              2.97

SNOWFALL (INCHES)
TOTALS            0.0

DEGREE_DAYS
HEATING TOTAL     145               124      21      152
 SINCE 7/1       3237              2671     566     2720
COOLING TOTAL      59                76     -17       73
 SINCE 1/1         63               102     -39       85
.................................................................

WIND (MPH)
AVERAGE WIND SPEED              7.4
HIGHEST WIND SPEED/DIRECTION    30/180    DATE  04/13
HIGHEST GUST SPEED/DIRECTION    41/160    DATE  04/13

SKY COVER
POSSIBLE SUNSHINE (PERCENT)   MM
AVERAGE SKY COVER           0.30
NUMBER OF DAYS FAIR           16
NUMBER OF DAYS PC             11
NUMBER OF DAYS CLOUDY          3

AVERAGE RH (PERCENT)     70

WEATHER CONDITIONS. NUMBER OF DAYS WITH
THUNDERSTORM              0     MIXED PRECIP               0
HEAVY RAIN                7     RAIN                       7
LIGHT RAIN               15     FREEZING RAIN              0
LT FREEZING RAIN          0     HAIL                       0
HEAVY SNOW                0     SNOW                       0
LIGHT SNOW                0     SLEET                      0
FOG                      17     FOG W/VIS <= 1/4 MILE      5
HAZE                      1

-  INDICATES NEGATIVE NUMBERS.
R  INDICATES RECORD WAS SET OR TIED.
MM INDICATES DATA IS MISSING.
T  INDICATES TRACE AMOUNT.

$$
