000
CXUS54 KJAN 020316
CLMGWO


CLIMATE REPORT
NATIONAL WEATHER SERVICE JACKSON MS
915 PM CST SUN FEB 1 2015

...................................

...THE GREENWOOD CLIMATE SUMMARY FOR THE MONTH OF JANUARY 2015...

CLIMATE NORMAL PERIOD 1981 TO 2010
CLIMATE RECORD PERIOD 1948 TO 2015

WEATHER         OBSERVED          NORMAL  DEPART  LAST YEAR`S
                 VALUE   DATE(S)  VALUE   FROM    VALUE  DATE(S)
                                          NORMAL
................................................................
TEMPERATURE (F)
RECORD
 HIGH              82   01/24/1972
 LOW               -2   01/19/1977
HIGHEST            69   01/29        MM      MM       65  01/20
                        01/03
LOWEST             10   01/08        MM      MM        8  01/29
AVG. MAXIMUM     53.0              53.5    -0.5     50.1
AVG. MINIMUM     31.1              33.2    -2.1     23.8
MEAN             42.1              43.4    -1.3     37.0
DAYS MAX >= 90      0               0.0     0.0        0
DAYS MAX <= 32      1               1.0     0.0        3
DAYS MIN <= 32     17              15.5     1.5       27
DAYS MIN <= 0       0               0.1    -0.1        0

PRECIPITATION (INCHES)
RECORD
 MAXIMUM        12.12   1951
 MINIMUM         0.86   1986
TOTALS           4.44              4.52   -0.08     1.57
DAILY AVG.       0.14              0.15   -0.01     0.05
DAYS >= .01         9               9.1    -0.1        7
DAYS >= .10         7               6.4     0.6        4
DAYS >= .50         4               3.0     1.0        0
DAYS >= 1.00        2               1.4     0.6        0
GREATEST
 24 HR. TOTAL    1.75   01/01 TO 01/02              0.78

SNOWFALL (INCHES)
TOTALS            0.0

DEGREE_DAYS
HEATING TOTAL     701               673      28      861
 SINCE 7/1       1801              1739      62     2072
COOLING TOTAL       0                 2      -2        0
 SINCE 1/1          0                 0       0        0
.................................................................

WIND (MPH)
AVERAGE WIND SPEED              6.5
HIGHEST WIND SPEED/DIRECTION    25/020    DATE  01/22
HIGHEST GUST SPEED/DIRECTION    33/280    DATE  01/25

SKY COVER
POSSIBLE SUNSHINE (PERCENT)   MM
AVERAGE SKY COVER           0.40
NUMBER OF DAYS FAIR           18
NUMBER OF DAYS PC              5
NUMBER OF DAYS CLOUDY          8

AVERAGE RH (PERCENT)     69

WEATHER CONDITIONS. NUMBER OF DAYS WITH
THUNDERSTORM              2     MIXED PRECIP               0
HEAVY RAIN                4     RAIN                       4
LIGHT RAIN               10     FREEZING RAIN              0
LT FREEZING RAIN          0     HAIL                       0
HEAVY SNOW                0     SNOW                       0
LIGHT SNOW                3     SLEET                      1
FOG                      11     FOG W/VIS <= 1/4 MILE      2
HAZE                      1

-  INDICATES NEGATIVE NUMBERS.
R  INDICATES RECORD WAS SET OR TIED.
MM INDICATES DATA IS MISSING.
T  INDICATES TRACE AMOUNT.

$$
