000
CXUS54 KJAN 050129
CLMGWO


CLIMATE REPORT
NATIONAL WEATHER SERVICE JACKSON MS
727 PM CST WED DEC 4 2013

...................................

...THE GREENWOOD CLIMATE SUMMARY FOR THE MONTH OF NOVEMBER 2013...

CLIMATE NORMAL PERIOD 1981 TO 2010
CLIMATE RECORD PERIOD 1948 TO 2013

WEATHER         OBSERVED          NORMAL  DEPART  LAST YEAR`S
                 VALUE   DATE(S)  VALUE   FROM    VALUE  DATE(S)
                                          NORMAL
................................................................
TEMPERATURE (F)
HIGHEST            77   11/17        MM      MM       83  11/03
                                                          11/02
LOWEST             19   11/28        MM      MM       24  11/28
                                                          11/25
AVG. MAXIMUM     61.4              66.2    -4.8     66.0
AVG. MINIMUM     38.4              42.5    -4.1     35.5
MEAN             49.9              54.3    -4.4     50.7
DAYS MAX >= 90      0               0.0     0.0        0
DAYS MAX <= 32      0               0.0     0.0        0
DAYS MIN <= 32      9               5.2     3.8       13
DAYS MIN <= 0       0               0.0     0.0        0

PRECIPITATION (INCHES)
TOTALS           3.99              4.52   -0.53     1.81
DAILY AVG.       0.13              0.15   -0.02     0.06
DAYS >= .01         9               8.1     0.9        7
DAYS >= .10         7               5.6     1.4        4
DAYS >= .50         4               3.2     0.8        2
DAYS >= 1.00        1               1.5    -0.5        0
GREATEST
 24 HR. TOTAL    2.22   10/31 TO 11/01              0.82

SNOWFALL (INCHES)
TOTALS            0.0

DEGREE_DAYS
HEATING TOTAL     451               337     114      427
 SINCE 7/1        567               468      99      597
COOLING TOTAL       6                17     -11        7
 SINCE 1/1       2098              2159     -61     2241
.................................................................

WIND (MPH)
AVERAGE WIND SPEED              6.8
HIGHEST WIND SPEED/DIRECTION    25/010    DATE  11/17
HIGHEST GUST SPEED/DIRECTION    35/020    DATE  11/17

SKY COVER
POSSIBLE SUNSHINE (PERCENT)   MM
AVERAGE SKY COVER           0.30
NUMBER OF DAYS FAIR           18
NUMBER OF DAYS PC              8
NUMBER OF DAYS CLOUDY          4

AVERAGE RH (PERCENT)     69

WEATHER CONDITIONS. NUMBER OF DAYS WITH
THUNDERSTORM              0     MIXED PRECIP               0
HEAVY RAIN                6     RAIN                       8
LIGHT RAIN               12     FREEZING RAIN              0
LT FREEZING RAIN          0     HAIL                       0
HEAVY SNOW                0     SNOW                       0
LIGHT SNOW                0     SLEET                      0
FOG                      15     FOG W/VIS <= 1/4 MILE      1
HAZE                      4

-  INDICATES NEGATIVE NUMBERS.
R  INDICATES RECORD WAS SET OR TIED.
MM INDICATES DATA IS MISSING.
T  INDICATES TRACE AMOUNT.

$$
