000
CXUS54 KJAN 032111
CLMGWO


CLIMATE REPORT
NATIONAL WEATHER SERVICE JACKSON MS
308 PM CST SUN NOV 3 2013

...................................

...THE GREENWOOD CLIMATE SUMMARY FOR THE MONTH OF OCTOBER 2013...

CLIMATE NORMAL PERIOD 1981 TO 2010
CLIMATE RECORD PERIOD 1948 TO 2013

WEATHER         OBSERVED          NORMAL  DEPART  LAST YEAR`S
                 VALUE   DATE(S)  VALUE   FROM    VALUE  DATE(S)
                                          NORMAL
................................................................
TEMPERATURE (F)
HIGHEST            90   10/05        MM      MM       85  10/13
LOWEST             36   10/26        MM      MM       30  10/29
                        10/25
AVG. MAXIMUM     75.6              76.9    -1.3     73.5
AVG. MINIMUM     53.8              51.6     2.2     49.5
MEAN             64.7              64.3     0.4     61.5
DAYS MAX >= 90      1               0.6     0.4        0
DAYS MAX <= 32      0               0.0     0.0        0
DAYS MIN <= 32      0               0.9    -0.9        2
DAYS MIN <= 0       0               0.0     0.0        0

PRECIPITATION (INCHES)
TOTALS           3.37              3.87   -0.50     1.15
DAILY AVG.       0.11              0.12   -0.01     0.04
DAYS >= .01         7               7.9    -0.9        5
DAYS >= .10         4               5.3    -1.3        4
DAYS >= .50         2               2.8    -0.8        1
DAYS >= 1.00        1               1.1    -0.1        0
GREATEST
 24 HR. TOTAL    2.24   10/30 TO 10/31              4.96

SNOWFALL (INCHES)
TOTALS            0.0

DEGREE_DAYS
HEATING TOTAL     116               119      -3      163
 SINCE 7/1        116               131     -15      170
COOLING TOTAL     112                95      17       62
 SINCE 1/1       2092              2142     -50     2234
.................................................................

WIND (MPH)
AVERAGE WIND SPEED              4.5
HIGHEST WIND SPEED/DIRECTION    31/190    DATE  10/31
HIGHEST GUST SPEED/DIRECTION    41/180    DATE  10/31

SKY COVER
POSSIBLE SUNSHINE (PERCENT)   MM
AVERAGE SKY COVER           0.30
NUMBER OF DAYS FAIR           20
NUMBER OF DAYS PC              7
NUMBER OF DAYS CLOUDY          4

AVERAGE RH (PERCENT)     76

WEATHER CONDITIONS. NUMBER OF DAYS WITH
THUNDERSTORM              0     MIXED PRECIP               0
HEAVY RAIN                3     RAIN                       4
LIGHT RAIN               11     FREEZING RAIN              0
LT FREEZING RAIN          0     HAIL                       0
HEAVY SNOW                0     SNOW                       0
LIGHT SNOW                0     SLEET                      0
FOG                      24     FOG W/VIS <= 1/4 MILE      8
HAZE                      0

-  INDICATES NEGATIVE NUMBERS.
R  INDICATES RECORD WAS SET OR TIED.
MM INDICATES DATA IS MISSING.
T  INDICATES TRACE AMOUNT.

$$
