000
CXUS54 KJAN 011551
CLMGWO


CLIMATE REPORT
NATIONAL WEATHER SERVICE JACKSON MS
949 AM CST WED MAR 1 2017

...................................

...THE GREENWOOD CLIMATE SUMMARY FOR THE MONTH OF FEBRUARY 2017...

CLIMATE NORMAL PERIOD 1981 TO 2010
CLIMATE RECORD PERIOD 1948 TO 2017

WEATHER         OBSERVED          NORMAL  DEPART  LAST YEAR`S
                 VALUE   DATE(S)  VALUE   FROM    VALUE  DATE(S)
                                          NORMAL
................................................................
TEMPERATURE (F)
RECORD
 HIGH              84   02/23/2012
 LOW               -4   02/03/1951
HIGHEST            82   02/20        MM      MM       79  02/02
                        02/19
LOWEST             29   02/16        MM      MM       19  02/10
                        02/04
AVG. MAXIMUM     68.6              58.3    10.3     61.6
AVG. MINIMUM     44.8              36.8     8.0     38.3
MEAN             56.7              47.5     9.2     49.9
DAYS MAX >= 90      0               0.0     0.0        0
DAYS MAX <= 32      0               0.4    -0.4        0
DAYS MIN <= 32      5              10.0    -5.0       13
DAYS MIN <= 0       0               0.0     0.0        0

PRECIPITATION (INCHES)
RECORD
 MAXIMUM        10.42   1956
 MINIMUM         1.21   1972
TOTALS           4.05              4.42   -0.37     4.27
DAILY AVG.       0.14              0.16   -0.02     0.15
DAYS >= .01        10               9.4     0.6        6
DAYS >= .10         6               6.6    -0.6        4
DAYS >= .50         2               3.1    -1.1        3
DAYS >= 1.00        1               1.4    -0.4        2
GREATEST
 24 HR. TOTAL    1.42   02/05 TO 02/05              1.63

SNOWFALL (INCHES)
TOTALS            0.0

DEGREE_DAYS
HEATING TOTAL     251               492    -241      438
 SINCE 7/1       1483              2231    -748     1661
COOLING TOTAL      24                 3      21        7
 SINCE 1/1         34                 5      29        8
.................................................................

WIND (MPH)
AVERAGE WIND SPEED              7.9
HIGHEST WIND SPEED/DIRECTION    25/210    DATE  02/11
HIGHEST GUST SPEED/DIRECTION    36/360    DATE  02/08

SKY COVER
POSSIBLE SUNSHINE (PERCENT)   MM
AVERAGE SKY COVER           0.40
NUMBER OF DAYS FAIR           13
NUMBER OF DAYS PC              9
NUMBER OF DAYS CLOUDY          6

AVERAGE RH (PERCENT)     64

WEATHER CONDITIONS. NUMBER OF DAYS WITH
THUNDERSTORM              6     MIXED PRECIP               0
HEAVY RAIN                5     RAIN                       6
LIGHT RAIN               15     FREEZING RAIN              0
LT FREEZING RAIN          0     HAIL                       0
HEAVY SNOW                0     SNOW                       0
LIGHT SNOW                0     SLEET                      0
FOG                      12     FOG W/VIS <= 1/4 MILE      1
HAZE                      2

-  INDICATES NEGATIVE NUMBERS.
R  INDICATES RECORD WAS SET OR TIED.
MM INDICATES DATA IS MISSING.
T  INDICATES TRACE AMOUNT.

$$
