000
CXUS54 KJAN 021247
CLMGWO


CLIMATE REPORT
NATIONAL WEATHER SERVICE JACKSON MS
746 AM CDT MON JUN 2 2014

...................................

...THE GREENWOOD CLIMATE SUMMARY FOR THE MONTH OF MAY 2014...

CLIMATE NORMAL PERIOD 1981 TO 2010
CLIMATE RECORD PERIOD 1948 TO 2014

WEATHER         OBSERVED          NORMAL  DEPART  LAST YEAR`S
                 VALUE   DATE(S)  VALUE   FROM    VALUE  DATE(S)
                                          NORMAL
................................................................
TEMPERATURE (F)
RECORD
 HIGH             100   05/31/1951
 LOW               35   05/04/2013
HIGHEST            90   05/23        MM      MM       89  05/31
                        05/12                             05/21
LOWEST             43   05/01        MM      MM       35  05/04
AVG. MAXIMUM     82.4              82.8    -0.4     79.4
AVG. MINIMUM     59.8              60.8    -1.0     58.6
MEAN             71.1              71.8    -0.7     69.0
DAYS MAX >= 90      2               3.1    -1.1        0
DAYS MAX <= 32      0               0.0     0.0        0
DAYS MIN <= 32      0               0.0     0.0        0
DAYS MIN <= 0       0               0.0     0.0        0

PRECIPITATION (INCHES)
RECORD
 MAXIMUM        14.18   1991
 MINIMUM         0.55   1977
TOTALS           3.14              4.95   -1.81     6.28
DAILY AVG.       0.10              0.16   -0.06     0.20
DAYS >= .01        10               9.7     0.3       12
DAYS >= .10         7               6.9     0.1       10
DAYS >= .50         2               3.3    -1.3        5
DAYS >= 1.00        0               1.9    -1.9        2
GREATEST
 24 HR. TOTAL    1.45   05/27 TO 05/28              1.83

SNOWFALL (INCHES)
TOTALS            0.0

DEGREE_DAYS
HEATING TOTAL      34                17      17       60
 SINCE 7/1       3271              2688     583     2780
COOLING TOTAL     231               228       3      191
 SINCE 1/1        294               330     -36      276
.................................................................

WIND (MPH)
AVERAGE WIND SPEED              7.2
HIGHEST WIND SPEED/DIRECTION    32/170    DATE  05/27
HIGHEST GUST SPEED/DIRECTION    39/190    DATE  05/12

SKY COVER
POSSIBLE SUNSHINE (PERCENT)   MM
AVERAGE SKY COVER           0.20
NUMBER OF DAYS FAIR           24
NUMBER OF DAYS PC              4
NUMBER OF DAYS CLOUDY          3

AVERAGE RH (PERCENT)     69

WEATHER CONDITIONS. NUMBER OF DAYS WITH
THUNDERSTORM              0     MIXED PRECIP               0
HEAVY RAIN                4     RAIN                       5
LIGHT RAIN               11     FREEZING RAIN              0
LT FREEZING RAIN          0     HAIL                       0
HEAVY SNOW                0     SNOW                       0
LIGHT SNOW                0     SLEET                      0
FOG                      15     FOG W/VIS <= 1/4 MILE      0
HAZE                      6

-  INDICATES NEGATIVE NUMBERS.
R  INDICATES RECORD WAS SET OR TIED.
MM INDICATES DATA IS MISSING.
T  INDICATES TRACE AMOUNT.

$$
