000
CXUS54 KJAN 012238
CLMGWO


CLIMATE REPORT
NATIONAL WEATHER SERVICE JACKSON MS
537 PM CDT WED JUL 1 2015

...................................

...THE GREENWOOD CLIMATE SUMMARY FOR THE MONTH OF JUNE 2015...

CLIMATE NORMAL PERIOD 1981 TO 2010
CLIMATE RECORD PERIOD 1948 TO 2015

WEATHER         OBSERVED          NORMAL  DEPART  LAST YEAR`S
                 VALUE   DATE(S)  VALUE   FROM    VALUE  DATE(S)
                                          NORMAL
................................................................
TEMPERATURE (F)
RECORD
 HIGH             104   06/28/1954
                        06/21/1953
                        06/19/1952
 LOW               49   06/11/1988
                        06/03/1956
HIGHEST            97   06/24        MM      MM       94  06/21
LOWEST             59   06/04        MM      MM       63  06/12
                        06/03
AVG. MAXIMUM     89.3              89.5    -0.2     87.9
AVG. MINIMUM     69.4              68.0     1.4     69.9
MEAN             79.4              78.7     0.7     78.9
DAYS MAX >= 90     20              15.3     4.7       12
DAYS MAX <= 32      0               0.0     0.0        0
DAYS MIN <= 32      0               0.0     0.0        0
DAYS MIN <= 0       0               0.0     0.0        0

PRECIPITATION (INCHES)
RECORD
 MAXIMUM        18.74   1989
 MINIMUM         0.04   1952
TOTALS           2.29              4.31   -2.02     9.03
DAILY AVG.       0.08              0.14   -0.06     0.30
DAYS >= .01        10               8.6     1.4       15
DAYS >= .10         3               5.8    -2.8       10
DAYS >= .50         1               2.4    -1.4        6
DAYS >= 1.00        1               1.2    -0.2        4
GREATEST
 24 HR. TOTAL    1.64   06/08 TO 06/09              3.72

SNOWFALL (INCHES)
TOTALS            0.0

DEGREE_DAYS
HEATING TOTAL       0                 0       0        0
 SINCE 7/1       2869              2688     181     3271
COOLING TOTAL     438               413      25      424
 SINCE 1/1        802               743      59      718
.................................................................

WIND (MPH)
AVERAGE WIND SPEED              5.2
HIGHEST WIND SPEED/DIRECTION    36/140    DATE  06/13
HIGHEST GUST SPEED/DIRECTION    47/150    DATE  06/13

SKY COVER
POSSIBLE SUNSHINE (PERCENT)   MM
AVERAGE SKY COVER           0.20
NUMBER OF DAYS FAIR           26
NUMBER OF DAYS PC              4
NUMBER OF DAYS CLOUDY          0

AVERAGE RH (PERCENT)     73

WEATHER CONDITIONS. NUMBER OF DAYS WITH
THUNDERSTORM              6     MIXED PRECIP               0
HEAVY RAIN                3     RAIN                       4
LIGHT RAIN               12     FREEZING RAIN              0
LT FREEZING RAIN          0     HAIL                       0
HEAVY SNOW                0     SNOW                       0
LIGHT SNOW                0     SLEET                      0
FOG                      19     FOG W/VIS <= 1/4 MILE      2
HAZE                      1

-  INDICATES NEGATIVE NUMBERS.
R  INDICATES RECORD WAS SET OR TIED.
MM INDICATES DATA IS MISSING.
T  INDICATES TRACE AMOUNT.

$$
