000
CXUS54 KJAN 011631
CLMGWO


CLIMATE REPORT
NATIONAL WEATHER SERVICE JACKSON MS
1128 AM CDT WED APR 1 2015

...................................

...THE GREENWOOD CLIMATE SUMMARY FOR THE MONTH OF MARCH 2015...

CLIMATE NORMAL PERIOD 1981 TO 2010
CLIMATE RECORD PERIOD 1948 TO 2015

WEATHER         OBSERVED          NORMAL  DEPART  LAST YEAR`S
                 VALUE   DATE(S)  VALUE   FROM    VALUE  DATE(S)
                                          NORMAL
................................................................
TEMPERATURE (F)
RECORD
 HIGH              88   03/23/1995
                        03/31/1963
                        03/30/1963
 LOW               15   03/09/1996
                        03/03/1980
HIGHEST            80   03/31        MM      MM       81  03/02
                        03/25
LOWEST             20   03/06        MM      MM       21  03/03
AVG. MAXIMUM     66.1              67.0    -0.9     63.7
AVG. MINIMUM     46.4              44.0     2.4     37.9
MEAN             56.3              55.5     0.8     50.8
DAYS MAX >= 90      0               0.0     0.0        0
DAYS MAX <= 32      0               0.0     0.0        0
DAYS MIN <= 32      4               3.7     0.3        7
DAYS MIN <= 0       0               0.0     0.0        0

PRECIPITATION (INCHES)
RECORD
 MAXIMUM        16.84   1973
 MINIMUM         0.33   2007
TOTALS           5.14              4.31    0.83     4.08
DAILY AVG.       0.17              0.14    0.03     0.13
DAYS >= .01        14               9.8     4.2       10
DAYS >= .10        10               6.7     3.3        9
DAYS >= .50         3               2.8     0.2        4
DAYS >= 1.00        1               1.4    -0.4        1
GREATEST
 24 HR. TOTAL    1.23   03/13 TO 03/13              1.06

SNOWFALL (INCHES)
TOTALS             MM

DEGREE_DAYS
HEATING TOTAL     273               316     -43      438
 SINCE 7/1       2794              2547     247     3092
COOLING TOTAL       9                21     -12        4
 SINCE 1/1          9                26     -17        4
.................................................................

WIND (MPH)
AVERAGE WIND SPEED              6.8
HIGHEST WIND SPEED/DIRECTION    29/170    DATE  03/31
HIGHEST GUST SPEED/DIRECTION    36/200    DATE  03/04

SKY COVER
POSSIBLE SUNSHINE (PERCENT)   MM
AVERAGE SKY COVER           0.50
NUMBER OF DAYS FAIR           11
NUMBER OF DAYS PC              8
NUMBER OF DAYS CLOUDY         12

AVERAGE RH (PERCENT)     74

WEATHER CONDITIONS. NUMBER OF DAYS WITH
THUNDERSTORM              2     MIXED PRECIP               0
HEAVY RAIN                6     RAIN                       8
LIGHT RAIN               22     FREEZING RAIN              0
LT FREEZING RAIN          1     HAIL                       0
HEAVY SNOW                0     SNOW                       0
LIGHT SNOW                1     SLEET                      1
FOG                      21     FOG W/VIS <= 1/4 MILE      1
HAZE                      0

-  INDICATES NEGATIVE NUMBERS.
R  INDICATES RECORD WAS SET OR TIED.
MM INDICATES DATA IS MISSING.
T  INDICATES TRACE AMOUNT.

$$
