000
CXUS54 KJAN 011935
CLMGWO


CLIMATE REPORT
NATIONAL WEATHER SERVICE JACKSON MS
135 PM CST TUE MAR 1 2016

...................................

...THE GREENWOOD CLIMATE SUMMARY FOR THE MONTH OF FEBRUARY 2016...

CLIMATE NORMAL PERIOD 1981 TO 2010
CLIMATE RECORD PERIOD 1948 TO 2016

WEATHER         OBSERVED          NORMAL  DEPART  LAST YEAR`S
                 VALUE   DATE(S)  VALUE   FROM    VALUE  DATE(S)
                                          NORMAL
................................................................
TEMPERATURE (F)
RECORD
 HIGH              84   02/23/2012
 LOW               -4   02/03/1951
HIGHEST            79   02/02        MM      MM       72  02/08
LOWEST             19   02/10        MM      MM       17  02/19
AVG. MAXIMUM     61.6              58.3     3.3     49.4
AVG. MINIMUM     38.3              36.8     1.5     28.8
MEAN             49.9              47.5     2.4     39.1
DAYS MAX >= 90      0               0.0     0.0        0
DAYS MAX <= 32      0               0.4    -0.4        0
DAYS MIN <= 32     13              10.0     3.0       23
DAYS MIN <= 0       0               0.0     0.0        0

PRECIPITATION (INCHES)
RECORD
 MAXIMUM        10.42   1956
 MINIMUM         1.21   1972
TOTALS           4.27              4.42   -0.15     4.95
DAILY AVG.       0.15                MM      MM     0.18
DAYS >= .01         6               9.4    -3.4        7
DAYS >= .10         4               6.6    -2.6        7
DAYS >= .50         3               3.1    -0.1        4
DAYS >= 1.00        2               1.4     0.6        2
GREATEST
 24 HR. TOTAL    1.63   02/23 TO 02/24              1.64

SNOWFALL (INCHES)
TOTALS            0.0

DEGREE_DAYS
HEATING TOTAL     438               492     -54      720
 SINCE 7/1       1661              2245    -584     2521
COOLING TOTAL       7                 3       4        0
 SINCE 1/1          8                 5       3        0
.................................................................

WIND (MPH)
AVERAGE WIND SPEED              7.1
HIGHEST WIND SPEED/DIRECTION    33/180    DATE  02/02
HIGHEST GUST SPEED/DIRECTION    43/190    DATE  02/02

SKY COVER
POSSIBLE SUNSHINE (PERCENT)   MM
AVERAGE SKY COVER           0.30
NUMBER OF DAYS FAIR           19
NUMBER OF DAYS PC              4
NUMBER OF DAYS CLOUDY          6

AVERAGE RH (PERCENT)     64

WEATHER CONDITIONS. NUMBER OF DAYS WITH
THUNDERSTORM              0     MIXED PRECIP               0
HEAVY RAIN                3     RAIN                       4
LIGHT RAIN                7     FREEZING RAIN              0
LT FREEZING RAIN          0     HAIL                       0
HEAVY SNOW                0     SNOW                       0
LIGHT SNOW                0     SLEET                      0
FOG                       7     FOG W/VIS <= 1/4 MILE      0
HAZE                      1

-  INDICATES NEGATIVE NUMBERS.
R  INDICATES RECORD WAS SET OR TIED.
MM INDICATES DATA IS MISSING.
T  INDICATES TRACE AMOUNT.

$$
