000
CXUS54 KJAN 270800
CF6HBG
PRELIMINARY LOCAL CLIMATOLOGICAL DATA (WS FORM: F-6)

                                          STATION:   HATTIESBURG
                                          MONTH:     JUNE
                                          YEAR:      2016
                                          LATITUDE:   31 16 N
                                          LONGITUDE:  89 15 W

  TEMPERATURE IN F:       :PCPN:    SNOW:  WIND      :SUNSHINE: SKY     :PK WND
================================================================================
1   2   3   4   5  6A  6B    7    8   9   10  11  12  13   14  15   16   17  18
                                     12Z  AVG MX 2MIN
DY MAX MIN AVG DEP HDD CDD  WTR  SNW DPTH SPD SPD DIR MIN PSBL S-S WX    SPD DR
================================================================================

 1  89  67  78   1   0  13    T  0.0    0  4.0 13 200   M    M   1        17 210
 2  88  71  80   3   0  15 0.31  0.0    0  3.6 20 190   M    M   1 3      23 180
 3  91  69  80   3   0  15 0.47  0.0    0  4.4 17 240   M    M   3 138    24 230
 4  86  70  78   0   0  13 0.19  0.0    0  4.6 18 140   M    M   4 13     22 150
 5  86  71  79   1   0  14 0.08  0.0    0  4.0 17 120   M    M   5 1      25 140
 6  90  72  81   3   0  16 1.77  0.0    0  3.9 18 300   M    M   2 13     22 300
 7  92  70  81   3   0  16 0.00  0.0    0  3.5 10  30   M    M   1        15  20
 8  93  67  80   2   0  15 0.00  0.0    0  3.3 14  10   M    M   0        17  30
 9  91  67  79   1   0  14 0.00  0.0    0  2.2  9  80   M    M   0        11  30
10  93  67  80   2   0  15 0.63  0.0    0  2.2 29 120   M    M   2 138    35 110
11  89  72  81   2   0  16 0.11  0.0    0  2.3 17 140   M    M   2 123    25 130
12  94  74  84   5   0  19 0.00  0.0    0  3.8 13 360   M    M   2 13     15 360
13  92  73  83   4   0  18 0.01  0.0    0  3.5 18 230   M    M   2 3      26 230
14  88  71  80   1   0  15 1.17  0.0    0  3.7 17 150   M    M   3 138    20 260
15  93  74  84   5   0  19 0.00  0.0    0  4.8 13 260   M    M   4        17 230
16  95  79  87   8   0  22 0.00  0.0    0  6.5 16 280   M    M   2        20 270
17  96  72  84   5   0  19 0.01  0.0    0  5.9 28  40   M    M   2 3      37  50
18  92  71  82   2   0  17 0.56  0.0    0  3.4 24 220   M    M   3 13     29 230
19  88  73  81   1   0  16 0.59  0.0    0  4.6 22 160   M    M   6 13     27 160
20  91  73  82   2   0  17 0.00  0.0    0  3.6 12 190   M    M   3        14 180
21  91  71  81   1   0  16 0.00  0.0    0  4.0 15 160   M    M   1        20 150
22  91  73  82   2   0  17 0.00  0.0    0  4.0 16 170   M    M   2        20 170
23  92  68  80   0   0  15 0.00  0.0    0  3.6 12 160   M    M   1        15 190
24  94  72  83   3   0  18 0.00  0.0    0  3.5 12 300   M    M   1        15 300
25  97  74  86   6   0  21 0.00  0.0    0  1.9 10 340   M    M   1        13 330
26  99  75  87   6   0  22 0.00  0.0    0  3.3 14 140   M    M   1        16 140
================================================================================
SM 2381 1856         0 433  5.90     0.0  98.1          M       55
================================================================================
AV 91.6 71.4                               3.8 FASTST   M    M   2    MAX(MPH)
                                 MISC ---->  # 29 120               # 37   50
================================================================================
NOTES:
# LAST OF SEVERAL OCCURRENCES

COLUMN 17 PEAK WIND IN M.P.H.

PRELIMINARY LOCAL CLIMATOLOGICAL DATA (WS FORM: F-6) , PAGE 2

                                          STATION:  HATTIESBURG
                                          MONTH:    JUNE
                                          YEAR:     2016
                                          LATITUDE:   31 16 N
                                          LONGITUDE:  89 15 W

[TEMPERATURE DATA]      [PRECIPITATION DATA]       SYMBOLS USED IN COLUMN 16

AVERAGE MONTHLY: 81.5   TOTAL FOR MONTH:   5.90    1 = FOG OR MIST
DPTR FM NORMAL:   2.6   DPTR FM NORMAL:    1.30    2 = FOG REDUCING VISIBILITY
HIGHEST:    99 ON 26    GRTST 24HR  1.77 ON  6- 6      TO 1/4 MILE OR LESS
LOWEST:     67 ON 10, 9                            3 = THUNDER
                        SNOW, ICE PELLETS, HAIL    4 = ICE PELLETS
                        TOTAL MONTH:   0.0 INCH    5 = HAIL
                        GRTST 24HR     0.0         6 = FREEZING RAIN OR DRIZZLE
                        GRTST DEPTH:   0           7 = DUSTSTORM OR SANDSTORM:
                                                       VSBY 1/2 MILE OR LESS
                                                   8 = SMOKE OR HAZE
[NO. OF DAYS WITH]      [WEATHER - DAYS WITH]      9 = BLOWING SNOW
                                                   X = TORNADO
MAX 32 OR BELOW:   0    0.01 INCH OR MORE:  12
MAX 90 OR ABOVE:  19    0.10 INCH OR MORE:   9
MIN 32 OR BELOW:   0    0.50 INCH OR MORE:   5
MIN  0 OR BELOW:   0    1.00 INCH OR MORE:   2

[HDD (BASE 65) ]
TOTAL THIS MO.     0    CLEAR  (SCALE 0-3)  21
DPTR FM NORMAL     0    PTCLDY (SCALE 4-7)   5
TOTAL FM JUL 1  1383    CLOUDY (SCALE 8-10)  0
DPTR FM NORMAL  -602

[CDD (BASE 65) ]
TOTAL THIS MO.   433
DPTR FM NORMAL    74    [PRESSURE DATA]
TOTAL FM JAN 1   897    HIGHEST SLP M ON M
DPTR FM NORMAL   123    LOWEST  SLP 29.74 ON  6

[REMARKS]
