000
CXUS54 KJAN 251414
CF6HBG
PRELIMINARY LOCAL CLIMATOLOGICAL DATA (WS FORM: F-6)

                                          STATION:   HATTIESBURG
                                          MONTH:     MAY
                                          YEAR:      2015
                                          LATITUDE:   31 16 N
                                          LONGITUDE:  89 15 W

  TEMPERATURE IN F:       :PCPN:    SNOW:  WIND      :SUNSHINE: SKY     :PK WND
================================================================================
1   2   3   4   5  6A  6B    7    8   9   10  11  12  13   14  15   16   17  18
                                     12Z  AVG MX 2MIN
DY MAX MIN AVG DEP HDD CDD  WTR  SNW DPTH SPD SPD DIR MIN PSBL S-S WX    SPD DR
================================================================================

 1  81  50  66  -4   0   1 0.00  0.0    0  3.8 15 310   M    M   0        18 310
 2  82  46  64  -6   1   0 0.00  0.0    0  1.2  9 160   M    M   0        12 170
 3  83  51  67  -3   0   2 0.00  0.0    0  4.4 15 150   M    M   1        19 130
 4  85  56  71   0   0   6 0.00  0.0    0  4.4 16 130   M    M   4 1      21  90
 5  85  55  70  -1   0   5 0.00  0.0    0  4.9 16 110   M    M   1        21 140
 6  86  56  71   0   0   6 0.00  0.0    0  4.5 16 170   M    M   2        19 120
 7  87  62  75   3   0  10 0.00  0.0    0  3.7 15 170   M    M   4 12     20 160
 8  88  61  75   3   0  10 0.00  0.0    0  4.1 16 180   M    M   3 12     22 120
 9  88  60  74   2   0   9 0.00  0.0    0  4.7 21 150   M    M   1 1      28 150
10  90  59  75   3   0  10 0.00  0.0    0  5.7 21 140   M    M   2 12     26 150
11  88  64  76   3   0  11 0.73  0.0    0  4.6 23 320   M    M   3 123    32 300
12  85  68  77   4   0  12    T  0.0    0  3.2 12  30   M    M   5        14  90
13  87  69  78   5   0  13 0.00  0.0    0  2.9  9  20   M    M   1        14  40
14  86  66  76   3   0  11 0.01  0.0    0  2.9 16  80   M    M   2 3      21 120
15  85  66  76   2   0  11 0.08  0.0    0  3.7 15 130   M    M   4 13     20 110
16  82  70  76   2   0  11 0.88  0.0    0  7.7 21 140   M    M   4 13     25 150
17  88  68  78   4   0  13 0.00  0.0    0  6.3 20 160   M    M   2        26 150
18  86  68  77   3   0  12 0.92  0.0    0  3.9 21 220   M    M   6 123    27 210
19  88  65  77   2   0  12 0.00  0.0    0  1.2  8  80   M    M   1 1      11  50
20  90  67  79   4   0  14 0.20  0.0    0  2.3 24 300   M    M   1 138    33 300
21  87  65  76   1   0  11 0.89  0.0    0  4.8 16 340   M    M   5 13     25  10
22  82  56  69  -6   0   4 0.00  0.0    0  5.0 13  20   M    M   3        18 110
23  88  60  74  -1   0   9 0.00  0.0    0  3.7 12 140   M    M   1        14 180
24  87  68  78   2   0  13 0.93  0.0    0  6.9 28 220   M    M   3 13     40 210
================================================================================
SM 2064 1476         1 216  4.64     0.0 100.5          M       59
================================================================================
AV 86.0 61.5                               4.2 FASTST   M    M   2    MAX(MPH)
                                 MISC ---->  # 28 220               # 40  210
================================================================================
NOTES:
# LAST OF SEVERAL OCCURRENCES

COLUMN 17 PEAK WIND IN M.P.H.

PRELIMINARY LOCAL CLIMATOLOGICAL DATA (WS FORM: F-6) , PAGE 2

                                          STATION:  HATTIESBURG
                                          MONTH:    MAY
                                          YEAR:     2015
                                          LATITUDE:   31 16 N
                                          LONGITUDE:  89 15 W

[TEMPERATURE DATA]      [PRECIPITATION DATA]       SYMBOLS USED IN COLUMN 16

AVERAGE MONTHLY: 73.8   TOTAL FOR MONTH:   4.64    1 = FOG OR MIST
DPTR FM NORMAL:   0.8   DPTR FM NORMAL:    0.81    2 = FOG REDUCING VISIBILITY
HIGHEST:    90 ON 20,10 GRTST 24HR  1.03 ON 20-21      TO 1/4 MILE OR LESS
LOWEST:     46 ON  2                               3 = THUNDER
                        SNOW, ICE PELLETS, HAIL    4 = ICE PELLETS
                        TOTAL MONTH:   0.0 INCH    5 = HAIL
                        GRTST 24HR     0.0         6 = FREEZING RAIN OR DRIZZLE
                        GRTST DEPTH:   0           7 = DUSTSTORM OR SANDSTORM:
                                                       VSBY 1/2 MILE OR LESS
                                                   8 = SMOKE OR HAZE
[NO. OF DAYS WITH]      [WEATHER - DAYS WITH]      9 = BLOWING SNOW
                                                   X = TORNADO
MAX 32 OR BELOW:   0    0.01 INCH OR MORE:   8
MAX 90 OR ABOVE:   2    0.10 INCH OR MORE:   6
MIN 32 OR BELOW:   0    0.50 INCH OR MORE:   5
MIN  0 OR BELOW:   0    1.00 INCH OR MORE:   0

[HDD (BASE 65) ]
TOTAL THIS MO.     1    CLEAR  (SCALE 0-3)  15
DPTR FM NORMAL    -4    PTCLDY (SCALE 4-7)   9
TOTAL FM JUL 1  1912    CLOUDY (SCALE 8-10)  0
DPTR FM NORMAL   -71

[CDD (BASE 65) ]
TOTAL THIS MO.   216
DPTR FM NORMAL    21    [PRESSURE DATA]
TOTAL FM JAN 1   495    HIGHEST SLP M ON M
DPTR FM NORMAL   160    LOWEST  SLP 29.91 ON 20

[REMARKS]
