000
CXUS54 KJAN 271414
CF6HBG
PRELIMINARY LOCAL CLIMATOLOGICAL DATA (WS FORM: F-6)

                                          STATION:   HATTIESBURG
                                          MONTH:     APRIL
                                          YEAR:      2015
                                          LATITUDE:   31 16 N
                                          LONGITUDE:  89 15 W

  TEMPERATURE IN F:       :PCPN:    SNOW:  WIND      :SUNSHINE: SKY     :PK WND
================================================================================
1   2   3   4   5  6A  6B    7    8   9   10  11  12  13   14  15   16   17  18
                                     12Z  AVG MX 2MIN
DY MAX MIN AVG DEP HDD CDD  WTR  SNW DPTH SPD SPD DIR MIN PSBL S-S WX    SPD DR
================================================================================

 1  82  59  71   9   0   6 0.00  0.0    0  6.5 15 180   M    M   2 1      20 200
 2  86  67  77  15   0  12    T  0.0    0 10.0 23 170   M    M   4        30 190
 3  87  69  78  16   0  13    T  0.0    0  9.6 18 200   M    M   5        24 210
 4  74  48  61  -2   4   0    T  0.0    0  8.7 21  20   M    M   3 1      30  20
 5  74  42  58  -5   7   0 0.30  0.0    0  3.7 14 140   M    M   3 1      16 140
 6  80  58  69   6   0   4 0.03  0.0    0  4.0 16 130   M    M   7 12     19 120
 7  84  66  75  12   0  10    T  0.0    0  4.8 16 180   M    M   6 12     21 180
 8  87  63  75  12   0  10 0.00  0.0    0  5.1 18 150   M    M   5 12     24 110
 9  82  71  77  13   0  12    T  0.0    0  8.1 20 150   M    M   8        22 150
10  84  65  75  11   0  10 0.08  0.0    0  4.7 14 320   M    M   6 13     17 320
11  81  62  72   8   0   7 0.00  0.0    0  3.8 10  30   M    M   4        12  20
12  74  64  69   5   0   4 0.29  0.0    0  4.6 13 150   M    M   8 1      17 170
13  75  69  72   8   0   7 0.72  0.0    0  7.6 16 150   M    M   6 13     21 170
14  73  65  69   4   0   4 0.81  0.0    0  2.9 10 160   M    M   8 123    13 150
15  80  65  73   8   0   8 0.02  0.0    0  2.5 14 150   M    M   8 13     17 160
16  80  67  74   9   0   9 0.59  0.0    0  3.2 13 300   M    M   7 123    16 280
17  85  68  77  11   0  12 0.02  0.0    0  3.8 16 360   M    M   8 1      21 340
18  79  65  72   6   0   7 0.11  0.0    0  6.4 14 180   M    M   9 1      18 190
19  86  69  78  12   0  13    T  0.0    0  7.0 20 270   M    M   3 18     26 280
20  78  52  65  -1   0   0 0.00  0.0    0  7.1 20 290   M    M   1        24 300
21  78  50  64  -3   1   0 0.00  0.0    0  3.3 13 190   M    M   0        19 330
22  85  52  69   2   0   4 0.00  0.0    0  3.0 13 190   M    M   1        19 230
23  84  60  72   5   0   7 0.00  0.0    0  4.4 14  40   M    M   3        18  60
24  75  60  68   0   0   3    T  0.0    0  5.3 15 140   M    M   3        19 150
25  82  62  72   4   0   7 0.15  0.0    0  5.0 21 280   M    M   5 13     30 280
26  88  63  76   8   0  11 0.00  0.0    0  3.3 13 270   M    M   0 1      16 250
================================================================================
SM 2103 1601        12 180  3.12     0.0 138.4          M      123
================================================================================
AV 80.9 61.6                               5.3 FASTST   M    M   5    MAX(MPH)
                                 MISC ---->  # 23 170               # 30  190
================================================================================
NOTES:
# LAST OF SEVERAL OCCURRENCES

COLUMN 17 PEAK WIND IN M.P.H.

PRELIMINARY LOCAL CLIMATOLOGICAL DATA (WS FORM: F-6) , PAGE 2

                                          STATION:  HATTIESBURG
                                          MONTH:    APRIL
                                          YEAR:     2015
                                          LATITUDE:   31 16 N
                                          LONGITUDE:  89 15 W

[TEMPERATURE DATA]      [PRECIPITATION DATA]       SYMBOLS USED IN COLUMN 16

AVERAGE MONTHLY: 71.2   TOTAL FOR MONTH:   3.12    1 = FOG OR MIST
DPTR FM NORMAL:   6.4   DPTR FM NORMAL:   -1.32    2 = FOG REDUCING VISIBILITY
HIGHEST:    88 ON 26    GRTST 24HR  0.84 ON 13-14      TO 1/4 MILE OR LESS
LOWEST:     42 ON  5                               3 = THUNDER
                        SNOW, ICE PELLETS, HAIL    4 = ICE PELLETS
                        TOTAL MONTH:   0.0 INCH    5 = HAIL
                        GRTST 24HR     0.0         6 = FREEZING RAIN OR DRIZZLE
                        GRTST DEPTH:   0           7 = DUSTSTORM OR SANDSTORM:
                                                       VSBY 1/2 MILE OR LESS
                                                   8 = SMOKE OR HAZE
[NO. OF DAYS WITH]      [WEATHER - DAYS WITH]      9 = BLOWING SNOW
                                                   X = TORNADO
MAX 32 OR BELOW:   0    0.01 INCH OR MORE:  11
MAX 90 OR ABOVE:   0    0.10 INCH OR MORE:   7
MIN 32 OR BELOW:   0    0.50 INCH OR MORE:   3
MIN  0 OR BELOW:   0    1.00 INCH OR MORE:   0

[HDD (BASE 65) ]
TOTAL THIS MO.    12    CLEAR  (SCALE 0-3)   9
DPTR FM NORMAL   -67    PTCLDY (SCALE 4-7)  14
TOTAL FM JUL 1  1909    CLOUDY (SCALE 8-10)  3
DPTR FM NORMAL   -65

[CDD (BASE 65) ]
TOTAL THIS MO.   180
DPTR FM NORMAL   107    [PRESSURE DATA]
TOTAL FM JAN 1   278    HIGHEST SLP M ON M
DPTR FM NORMAL   157    LOWEST  SLP 29.64 ON 25

[REMARKS]
