000
CDUS44 KJAN 252111
CLIHBG


CLIMATE REPORT
NATIONAL WEATHER SERVICE JACKSON MS
409 PM CDT THU AUG 25 2016


...................................

...THE HATTIESBURG CLIMATE SUMMARY FOR AUGUST 25 2016...
VALID TODAY AS OF 0400 PM LOCAL TIME.

CLIMATE NORMAL PERIOD 1981 TO 2010
CLIMATE RECORD PERIOD 1948 TO 2016


WEATHER ITEM   OBSERVED TIME   RECORD YEAR NORMAL DEPARTURE LAST
                VALUE   (LST)  VALUE       VALUE  FROM      YEAR
                                                  NORMAL
..................................................................
TEMPERATURE (F)
 TODAY
  MAXIMUM         94    130 PM 100    2000  92      2       89
  MINIMUM         74    536 AM  60    2009  70      4       61
  AVERAGE         84                        81      3       75

PRECIPITATION (IN)
  TODAY            T             1.38 1985   0.17  -0.17     0.00
  MONTH TO DATE    5.60                      3.82   1.78     2.46
  SINCE JUN 1     19.85                     14.71   5.14    13.39
  SINCE JAN 1     51.01                     41.25   9.76    37.21

SNOWFALL (IN)
  TODAY            0.0

DEGREE DAYS
 HEATING
  TODAY            0                         0      0        0
  MONTH TO DATE    0                         0      0        0
  SINCE JUN 1      0                         0      0        0
  SINCE JUL 1      0                         0      0        0

 COOLING
  TODAY           19                        16      3       10
  MONTH TO DATE  462                       418     44      463
  SINCE JUN 1   1541                      1363    178     1561
  SINCE JAN 1   2005                      1778    227     2138
..................................................................


WIND (MPH)
  HIGHEST WIND SPEED    15   HIGHEST WIND DIRECTION     E (80)
  HIGHEST GUST SPEED    19   HIGHEST GUST DIRECTION     E (80)
  AVERAGE WIND SPEED     2.1


SKY COVER
  POSSIBLE SUNSHINE  MM
  AVERAGE SKY COVER 0.1


WEATHER CONDITIONS
 THE FOLLOWING WEATHER WAS RECORDED TODAY.
  LIGHT RAIN


RELATIVE HUMIDITY (PERCENT)
 HIGHEST    94           200 AM
 LOWEST     56          1200 PM
 AVERAGE    75

..........................................................


THE HATTIESBURG CLIMATE NORMALS FOR TOMORROW
                         NORMAL    RECORD    YEAR
 MAXIMUM TEMPERATURE (F)   92        99      2011
                                             1963
 MINIMUM TEMPERATURE (F)   70        59      2015
                                             1966


SUNRISE AND SUNSET
AUGUST 25 2016........SUNRISE   629 AM CDT   SUNSET   728 PM CDT
AUGUST 26 2016........SUNRISE   630 AM CDT   SUNSET   727 PM CDT


-  INDICATES NEGATIVE NUMBERS.
R  INDICATES RECORD WAS SET OR TIED.
MM INDICATES DATA IS MISSING.
T  INDICATES TRACE AMOUNT.




$$
