000
CDUS44 KJAN 310910
CLIHBG


CLIMATE REPORT
NATIONAL WEATHER SERVICE JACKSON MS
408 AM CDT TUE MAR 31 2015


...................................

...THE HATTIESBURG CLIMATE SUMMARY FOR MARCH 30 2015...

CLIMATE NORMAL PERIOD 1981 TO 2010
CLIMATE RECORD PERIOD 1948 TO 2015


WEATHER ITEM   OBSERVED TIME   RECORD YEAR NORMAL DEPARTURE LAST
                VALUE   (LST)  VALUE       VALUE  FROM      YEAR
                                                  NORMAL
..................................................................
TEMPERATURE (F)
 YESTERDAY
  MAXIMUM         83    305 PM  89    1974  74      9       72
  MINIMUM         54    258 AM  28    1964  49      5       40
  AVERAGE         69                        62      7       56

PRECIPITATION (IN)
  YESTERDAY        0.00          3.63 1981   0.18  -0.18     0.00
  MONTH TO DATE    5.71                      5.31   0.40     6.37
  SINCE MAR 1      5.71                      5.31   0.40     6.37
  SINCE JAN 1     13.54                     16.44  -2.90    16.27

SNOWFALL (IN)
  YESTERDAY        0.0

DEGREE DAYS
 HEATING
  YESTERDAY        0                         5     -5        9
  MONTH TO DATE  116                       212    -96      267
  SINCE MAR 1    116                       212    -96      267
  SINCE JUL 1   1897                      1890      7     2190

 COOLING
  YESTERDAY        4                         2      2        0
  MONTH TO DATE   84                        32     52        9
  SINCE MAR 1     84                        32     52        9
  SINCE JAN 1     90                        47     43       26
..................................................................


WIND (MPH)
  HIGHEST WIND SPEED    16   HIGHEST WIND DIRECTION     W (280)
  HIGHEST GUST SPEED    24   HIGHEST GUST DIRECTION     W (290)
  AVERAGE WIND SPEED     5.1


SKY COVER
  POSSIBLE SUNSHINE  MM
  AVERAGE SKY COVER 0.3


WEATHER CONDITIONS
 THE FOLLOWING WEATHER WAS RECORDED YESTERDAY.
  FOG
  FOG W/VISIBILITY <= 1/4 MILE


RELATIVE HUMIDITY (PERCENT)
 HIGHEST   100           400 AM
 LOWEST     37           300 PM
 AVERAGE    69

..........................................................


THE HATTIESBURG CLIMATE NORMALS FOR TODAY
                         NORMAL    RECORD    YEAR
 MAXIMUM TEMPERATURE (F)   75        89      1954
 MINIMUM TEMPERATURE (F)   49        30      2003
                                             1987


SUNRISE AND SUNSET
MARCH 31 2015.........SUNRISE   647 AM CDT   SUNSET   716 PM CDT
APRIL  1 2015.........SUNRISE   646 AM CDT   SUNSET   716 PM CDT


-  INDICATES NEGATIVE NUMBERS.
R  INDICATES RECORD WAS SET OR TIED.
MM INDICATES DATA IS MISSING.
T  INDICATES TRACE AMOUNT.




$$
