000
CDUS44 KJAN 182215
CLIHBG


CLIMATE REPORT
NATIONAL WEATHER SERVICE JACKSON MS
413 PM CST THU DEC 18 2014


...................................

...THE HATTIESBURG CLIMATE SUMMARY FOR DECEMBER 18 2014...
VALID TODAY AS OF 0400 PM LOCAL TIME.

CLIMATE NORMAL PERIOD 1981 TO 2010
CLIMATE RECORD PERIOD 1948 TO 2014


WEATHER ITEM   OBSERVED TIME   RECORD YEAR NORMAL DEPARTURE LAST
                VALUE   (LST)  VALUE       VALUE  FROM      YEAR
                                                  NORMAL
..................................................................
TEMPERATURE (F)
 TODAY
  MAXIMUM         63    203 PM  78    1995  61      2       66
                                      1984
  MINIMUM         39    136 AM  22    2000  39      0       31
  AVERAGE         51                        50      1       49

PRECIPITATION (IN)
  TODAY            0.01          2.60 1995   0.17  -0.16     0.00
  MONTH TO DATE    0.13                      2.89  -2.76     1.74
  SINCE DEC 1      0.13                      2.89  -2.76     1.74
  SINCE JAN 1     46.24                     57.15 -10.91    63.82

SNOWFALL (IN)
  TODAY            0.0

DEGREE DAYS
 HEATING
  TODAY           14                        15     -1       16
  MONTH TO DATE  177                       252    -75      255
  SINCE DEC 1    177                       252    -75      255
  SINCE JUL 1    593                       580     13      622

 COOLING
  TODAY            0                         0      0        0
  MONTH TO DATE    5                        12     -7       22
  SINCE DEC 1      5                        12     -7       22
  SINCE JAN 1   2469                      2402     67     2430
..................................................................


WIND (MPH)
  HIGHEST WIND SPEED    13   HIGHEST WIND DIRECTION     N (350)
  HIGHEST GUST SPEED    16   HIGHEST GUST DIRECTION     N (360)
  AVERAGE WIND SPEED     2.4


SKY COVER
  POSSIBLE SUNSHINE  MM
  AVERAGE SKY COVER 0.6


WEATHER CONDITIONS
 THE FOLLOWING WEATHER WAS RECORDED TODAY.
  LIGHT RAIN


RELATIVE HUMIDITY (PERCENT)
 HIGHEST    96           400 AM
 LOWEST     48           100 PM
 AVERAGE    72

..........................................................


THE HATTIESBURG CLIMATE NORMALS FOR TOMORROW
                         NORMAL    RECORD    YEAR
 MAXIMUM TEMPERATURE (F)   61        79      2008
 MINIMUM TEMPERATURE (F)   39        17      1981


SUNRISE AND SUNSET
DECEMBER 18 2014......SUNRISE   650 AM CST   SUNSET   457 PM CST
DECEMBER 19 2014......SUNRISE   651 AM CST   SUNSET   458 PM CST


-  INDICATES NEGATIVE NUMBERS.
R  INDICATES RECORD WAS SET OR TIED.
MM INDICATES DATA IS MISSING.
T  INDICATES TRACE AMOUNT.




$$
