000
CDUS44 KJAN 260813
CLIHBG


CLIMATE REPORT
NATIONAL WEATHER SERVICE JACKSON MS
211 AM CST WED NOV 26 2014


...................................

...THE HATTIESBURG CLIMATE SUMMARY FOR NOVEMBER 25 2014...

CLIMATE NORMAL PERIOD 1981 TO 2010
CLIMATE RECORD PERIOD 1948 TO 2014


WEATHER ITEM   OBSERVED TIME   RECORD YEAR NORMAL DEPARTURE LAST
                VALUE   (LST)  VALUE       VALUE  FROM      YEAR
                                                  NORMAL
..................................................................
TEMPERATURE (F)
 YESTERDAY
  MAXIMUM         57    202 PM  82    1978  67    -10       50
                                      1951
  MINIMUM         40   1159 PM  18    1950  43     -3       35
  AVERAGE         49                        55     -6       43

PRECIPITATION (IN)
  YESTERDAY        0.00          3.70 1986   0.15  -0.15     0.30
  MONTH TO DATE    1.68                      3.42  -1.74     2.16
  SINCE SEP 1      8.83                     11.25  -2.42     8.49
  SINCE JAN 1     46.11                     53.41  -7.30    60.66

SNOWFALL (IN)
  YESTERDAY        0.0

DEGREE DAYS
 HEATING
  YESTERDAY       16                        11      5       22
  MONTH TO DATE  303                       194    109      209
  SINCE SEP 1    348                       269     79      254
  SINCE JUL 1    348                       269     79      254

 COOLING
  YESTERDAY        0                         1     -1        0
  MONTH TO DATE    2                        29    -27       18
  SINCE SEP 1    585                       520     65      629
  SINCE JAN 1   2464                      2391     73     2408
..................................................................


WIND (MPH)
  HIGHEST WIND SPEED    14   HIGHEST WIND DIRECTION     N (340)
  HIGHEST GUST SPEED    18   HIGHEST GUST DIRECTION     N (340)
  AVERAGE WIND SPEED     5.8


SKY COVER
  POSSIBLE SUNSHINE  MM
  AVERAGE SKY COVER 0.2


WEATHER CONDITIONS
 THE FOLLOWING WEATHER WAS RECORDED YESTERDAY.
  NO SIGNIFICANT WEATHER WAS OBSERVED.


RELATIVE HUMIDITY (PERCENT)
 HIGHEST    83           600 AM
 LOWEST     36           200 PM
 AVERAGE    60

..........................................................


THE HATTIESBURG CLIMATE NORMALS FOR TODAY
                         NORMAL    RECORD    YEAR
 MAXIMUM TEMPERATURE (F)   66        83      2001
 MINIMUM TEMPERATURE (F)   43        21      1950


SUNRISE AND SUNSET
NOVEMBER 26 2014......SUNRISE   634 AM CST   SUNSET   455 PM CST
NOVEMBER 27 2014......SUNRISE   635 AM CST   SUNSET   454 PM CST


-  INDICATES NEGATIVE NUMBERS.
R  INDICATES RECORD WAS SET OR TIED.
MM INDICATES DATA IS MISSING.
T  INDICATES TRACE AMOUNT.




$$
