000
CDUS44 KJAN 272230
CLIHBG


CLIMATE REPORT
NATIONAL WEATHER SERVICE JACKSON MS
530 PM CDT THU APR 27 2017


...................................

...THE HATTIESBURG CLIMATE SUMMARY FOR APRIL 27 2017...
VALID AS OF 0500 PM LOCAL TIME.

CLIMATE NORMAL PERIOD 1981 TO 2010
CLIMATE RECORD PERIOD 1948 TO 2017


WEATHER ITEM   OBSERVED TIME   RECORD YEAR NORMAL DEPARTURE LAST
                VALUE   (LST)  VALUE       VALUE  FROM      YEAR
                                                  NORMAL
..................................................................
TEMPERATURE (F)
 TODAY
  MAXIMUM         82    354 PM  91    2002  81      1       81
  MINIMUM         60    445 AM  42    1977  56      4       64
  AVERAGE         71                        68      3       73

PRECIPITATION (IN)
  TODAY            0.18          3.30 1964   0.12   0.06     0.11
  MONTH TO DATE    4.46                      4.56  -0.10     4.99
  SINCE MAR 1      7.60                     10.06  -2.46    18.31
  SINCE JAN 1     19.20                     21.19  -1.99    27.68

SNOWFALL (IN)
  TODAY            0.0

DEGREE DAYS
 HEATING
  TODAY            0                         1     -1        0
  MONTH TO DATE   33                        80    -47       28
  SINCE MAR 1    176                       297   -121      141
  SINCE JUL 1   1143                      1975   -832     1379

 COOLING
  TODAY            6                         4      2        8
  MONTH TO DATE  107                        77     30       82
  SINCE MAR 1    195                       110     85      148
  SINCE JAN 1    264                       125    139      173
..................................................................


WIND (MPH)
  HIGHEST WIND SPEED    23   HIGHEST WIND DIRECTION    NW (310)
  HIGHEST GUST SPEED    30   HIGHEST GUST DIRECTION    NW (310)
  AVERAGE WIND SPEED     4.3


SKY COVER
  POSSIBLE SUNSHINE  MM
  AVERAGE SKY COVER 0.6


WEATHER CONDITIONS
 THE FOLLOWING WEATHER WAS RECORDED TODAY.
  HEAVY RAIN
  RAIN
  FOG


RELATIVE HUMIDITY (PERCENT)
 HIGHEST    97           300 AM
 LOWEST     36           400 PM
 AVERAGE    67

..........................................................


THE HATTIESBURG CLIMATE NORMALS FOR TOMORROW
                         NORMAL    RECORD    YEAR
 MAXIMUM TEMPERATURE (F)   81        91      2002
 MINIMUM TEMPERATURE (F)   56        43      1992


SUNRISE AND SUNSET
APRIL 27 2017.........SUNRISE   616 AM CDT   SUNSET   734 PM CDT
APRIL 28 2017.........SUNRISE   615 AM CDT   SUNSET   734 PM CDT


-  INDICATES NEGATIVE NUMBERS.
R  INDICATES RECORD WAS SET OR TIED.
MM INDICATES DATA IS MISSING.
T  INDICATES TRACE AMOUNT.




$$
