000
CDUS44 KJAN 122225
CLIHBG


CLIMATE REPORT
NATIONAL WEATHER SERVICE JACKSON MS
423 PM CST FRI FEB 12 2016


...................................

...THE HATTIESBURG CLIMATE SUMMARY FOR FEBRUARY 12 2016...
VALID TODAY AS OF 0400 PM LOCAL TIME.

CLIMATE NORMAL PERIOD 1981 TO 2010
CLIMATE RECORD PERIOD 1948 TO 2016


WEATHER ITEM   OBSERVED TIME   RECORD YEAR NORMAL DEPARTURE LAST
                VALUE   (LST)  VALUE       VALUE  FROM      YEAR
                                                  NORMAL
..................................................................
TEMPERATURE (F)
 TODAY
  MAXIMUM         75    248 PM  82    1999  63     12       61
  MINIMUM         56    719 AM  17    1981  39     17       36
  AVERAGE         66                        51     15       49

PRECIPITATION (IN)
  TODAY            0.00          1.05 1966   0.21  -0.21     0.00
  MONTH TO DATE    0.92                      2.17  -1.25     0.59
  SINCE DEC 1     15.45                     12.82   2.63    12.14
  SINCE JAN 1      5.44                      7.91  -2.47     5.94

SNOWFALL (IN)
  TODAY            0.0

DEGREE DAYS
 HEATING
  TODAY            0                        14    -14       16
  MONTH TO DATE  163                       185    -22      184
  SINCE DEC 1    901                      1156   -255     1058
  SINCE JUL 1   1079                      1484   -405     1474

 COOLING
  TODAY            1                         0      1        0
  MONTH TO DATE   13                         0     13        0
  SINCE DEC 1     84                        19     65       13
  SINCE JAN 1     13                         6      7        6
..................................................................


WIND (MPH)
  HIGHEST WIND SPEED    18   HIGHEST WIND DIRECTION     W (270)
  HIGHEST GUST SPEED    26   HIGHEST GUST DIRECTION     W (260)
  AVERAGE WIND SPEED     9.3


SKY COVER
  POSSIBLE SUNSHINE  MM
  AVERAGE SKY COVER 0.3


WEATHER CONDITIONS
 THE FOLLOWING WEATHER WAS RECORDED TODAY.
  NO SIGNIFICANT WEATHER WAS OBSERVED.


RELATIVE HUMIDITY (PERCENT)
 HIGHEST    93           700 AM
 LOWEST     38           400 PM
 AVERAGE    66

..........................................................


THE HATTIESBURG CLIMATE NORMALS FOR TOMORROW
                         NORMAL    RECORD    YEAR
 MAXIMUM TEMPERATURE (F)   63        84      1962
 MINIMUM TEMPERATURE (F)   40        18      1958


SUNRISE AND SUNSET
FEBRUARY 12 2016......SUNRISE   641 AM CST   SUNSET   541 PM CST
FEBRUARY 13 2016......SUNRISE   641 AM CST   SUNSET   542 PM CST


-  INDICATES NEGATIVE NUMBERS.
R  INDICATES RECORD WAS SET OR TIED.
MM INDICATES DATA IS MISSING.
T  INDICATES TRACE AMOUNT.




$$
