634
CDUS44 KJAN 240720
CLIHBG


CLIMATE REPORT
NATIONAL WEATHER SERVICE JACKSON MS
216 AM CDT FRI MAR 24 2017


...................................

...THE HATTIESBURG CLIMATE SUMMARY FOR MARCH 23 2017...

CLIMATE NORMAL PERIOD 1981 TO 2010
CLIMATE RECORD PERIOD 1948 TO 2017


WEATHER ITEM   OBSERVED TIME   RECORD YEAR NORMAL DEPARTURE LAST
                VALUE   (LST)  VALUE       VALUE  FROM      YEAR
                                                  NORMAL
..................................................................
TEMPERATURE (F)
 YESTERDAY
  MAXIMUM         86R   327 PM  85    1995  73     13       77
                                      1991
  MINIMUM         52    621 AM  29    1986  48      4       48
                                      1955
  AVERAGE         69                        61      8       63

PRECIPITATION (IN)
  YESTERDAY        0.00          1.36 1953   0.16  -0.16     0.00
  MONTH TO DATE    1.63                      4.07  -2.44    10.22
  SINCE MAR 1      1.63                      4.07  -2.44    10.22
  SINCE JAN 1     13.23                     15.20  -1.97    19.59

SNOWFALL (IN)
  YESTERDAY        0.0

DEGREE DAYS
 HEATING
  YESTERDAY        0                         6     -6        2
  MONTH TO DATE  142                       176    -34      103
  SINCE MAR 1    142                       176    -34      103
  SINCE JUL 1   1109                      1854   -745     1341

 COOLING
  YESTERDAY        4                         1      3        0
  MONTH TO DATE   40                        23     17       51
  SINCE MAR 1     40                        23     17       51
  SINCE JAN 1    109                        38     71       76
..................................................................


WIND (MPH)
  HIGHEST WIND SPEED    15   HIGHEST WIND DIRECTION    SE (150)
  HIGHEST GUST SPEED    19   HIGHEST GUST DIRECTION     S (190)
  AVERAGE WIND SPEED     6.5


SKY COVER
  POSSIBLE SUNSHINE  MM
  AVERAGE SKY COVER 0.2


WEATHER CONDITIONS
 THE FOLLOWING WEATHER WAS RECORDED YESTERDAY.
  NO SIGNIFICANT WEATHER WAS OBSERVED.


RELATIVE HUMIDITY (PERCENT)
 HIGHEST    93           400 AM
 LOWEST     34           400 PM
 AVERAGE    64

..........................................................


THE HATTIESBURG CLIMATE NORMALS FOR TODAY
                         NORMAL    RECORD    YEAR
 MAXIMUM TEMPERATURE (F)   73        87      1995
 MINIMUM TEMPERATURE (F)   48        24      1968


SUNRISE AND SUNSET
MARCH 24 2017.........SUNRISE   655 AM CDT   SUNSET   711 PM CDT
MARCH 25 2017.........SUNRISE   654 AM CDT   SUNSET   712 PM CDT


-  INDICATES NEGATIVE NUMBERS.
R  INDICATES RECORD WAS SET OR TIED.
MM INDICATES DATA IS MISSING.
T  INDICATES TRACE AMOUNT.




$$
