000
CDUS44 KJAN 022134
CLIHBG


CLIMATE REPORT
NATIONAL WEATHER SERVICE JACKSON MS
432 PM CDT TUE SEP 2 2014


...................................

...THE HATTIESBURG CLIMATE SUMMARY FOR SEPTEMBER 2 2014...
VALID TODAY AS OF 0400 PM LOCAL TIME.

CLIMATE NORMAL PERIOD 1981 TO 2010
CLIMATE RECORD PERIOD 1948 TO 2014


WEATHER ITEM   OBSERVED TIME   RECORD YEAR NORMAL DEPARTURE LAST
                VALUE   (LST)  VALUE       VALUE  FROM      YEAR
                                                  NORMAL
..................................................................
TEMPERATURE (F)
 TODAY
  MAXIMUM         92   1115 AM  98    1997  91      1       94
                                      1964
  MINIMUM         74    508 AM  55    1954  69      5       75
  AVERAGE         83                        80      3       85

PRECIPITATION (IN)
  TODAY            0.32          3.68 2008   0.13   0.19     0.00
  MONTH TO DATE    0.32                      0.27   0.05     0.00
  SINCE SEP 1      0.32                      0.27   0.05     0.00
  SINCE JAN 1     37.60                     42.43  -4.83    52.17

SNOWFALL (IN)
  TODAY            0.0

DEGREE DAYS
 HEATING
  TODAY            0                         0      0        0
  MONTH TO DATE    0                         0      0        0
  SINCE SEP 1      0                         0      0        0
  SINCE JUL 1      0                         0      0        0

 COOLING
  TODAY           18                        15      3       20
  MONTH TO DATE   37                        30      7       39
  SINCE SEP 1     37                        30      7       39
  SINCE JAN 1   1916                      1901     15     1818
..................................................................


WIND (MPH)
  HIGHEST WIND SPEED    21   HIGHEST WIND DIRECTION    SE (140)
  HIGHEST GUST SPEED    22   HIGHEST GUST DIRECTION    SE (140)
  AVERAGE WIND SPEED     0.7


SKY COVER
  POSSIBLE SUNSHINE  MM
  AVERAGE SKY COVER 0.0


WEATHER CONDITIONS
 THE FOLLOWING WEATHER WAS RECORDED TODAY.
  THUNDERSTORM
  HEAVY RAIN
  LIGHT RAIN
  FOG
  HAZE


RELATIVE HUMIDITY (PERCENT)
 HIGHEST    94           200 AM
 LOWEST     59          1100 AM
 AVERAGE    77

..........................................................


THE HATTIESBURG CLIMATE NORMALS FOR TOMORROW
                         NORMAL    RECORD    YEAR
 MAXIMUM TEMPERATURE (F)   91       100      1951
 MINIMUM TEMPERATURE (F)   69        54      1952


SUNRISE AND SUNSET
SEPTEMBER  2 2014.....SUNRISE   634 AM CDT   SUNSET   719 PM CDT
SEPTEMBER  3 2014.....SUNRISE   634 AM CDT   SUNSET   718 PM CDT


-  INDICATES NEGATIVE NUMBERS.
R  INDICATES RECORD WAS SET OR TIED.
MM INDICATES DATA IS MISSING.
T  INDICATES TRACE AMOUNT.




$$
