000
CDUS44 KJAN 180732
CLIHBG


CLIMATE REPORT
NATIONAL WEATHER SERVICE JACKSON MS
231 AM CDT FRI APR 18 2014


...................................

...THE HATTIESBURG CLIMATE SUMMARY FOR APRIL 17 2014...

CLIMATE NORMAL PERIOD 1981 TO 2010
CLIMATE RECORD PERIOD 1948 TO 2014


WEATHER ITEM   OBSERVED TIME   RECORD YEAR NORMAL DEPARTURE LAST
                VALUE   (LST)  VALUE       VALUE  FROM      YEAR
                                                  NORMAL
..................................................................
TEMPERATURE (F)
 YESTERDAY
  MAXIMUM         68    126 PM  90    2006  78    -10       86
  MINIMUM         41    333 AM  33    1951  53    -12       68
  AVERAGE         55                        66    -11       77

PRECIPITATION (IN)
  YESTERDAY        T             1.72 1973   0.16  -0.16     0.00
  MONTH TO DATE    3.98                      2.99   0.99     5.91
  SINCE MAR 1     10.35                      8.49   1.86     8.06
  SINCE JAN 1     20.25                     19.62   0.63    26.49

SNOWFALL (IN)
  YESTERDAY        0.0

DEGREE DAYS
 HEATING
  YESTERDAY       10                         2      8        0
  MONTH TO DATE   65                        65      0       51
  SINCE MAR 1    337                       282     55      400
  SINCE JUL 1   2260                      1960    300     1793

 COOLING
  YESTERDAY        0                         3     -3       12
  MONTH TO DATE   30                        41    -11       56
  SINCE MAR 1     39                        74    -35       65
  SINCE JAN 1     56                        89    -33       93
..................................................................


WIND (MPH)
  HIGHEST WIND SPEED    10   HIGHEST WIND DIRECTION     E (90)
  HIGHEST GUST SPEED    15   HIGHEST GUST DIRECTION     E (70)
  AVERAGE WIND SPEED     4.4


SKY COVER
  POSSIBLE SUNSHINE  MM
  AVERAGE SKY COVER 0.7


WEATHER CONDITIONS
 THE FOLLOWING WEATHER WAS RECORDED YESTERDAY.
  LIGHT RAIN
  HAZE


RELATIVE HUMIDITY (PERCENT)
 HIGHEST   100           100 AM
 LOWEST     63           100 PM
 AVERAGE    82

..........................................................


THE HATTIESBURG CLIMATE NORMALS FOR TODAY
                         NORMAL    RECORD    YEAR
 MAXIMUM TEMPERATURE (F)   79        93      2006
 MINIMUM TEMPERATURE (F)   53        35      1997


SUNRISE AND SUNSET
APRIL 18 2014.........SUNRISE   626 AM CDT   SUNSET   728 PM CDT
APRIL 19 2014.........SUNRISE   624 AM CDT   SUNSET   728 PM CDT


-  INDICATES NEGATIVE NUMBERS.
R  INDICATES RECORD WAS SET OR TIED.
MM INDICATES DATA IS MISSING.
T  INDICATES TRACE AMOUNT.




$$
