000
CDUS44 KJAN 230639
CLIHBG


CLIMATE REPORT
NATIONAL WEATHER SERVICE JACKSON MS
136 AM CDT FRI JUN 23 2017


...................................

...THE HATTIESBURG CLIMATE SUMMARY FOR JUNE 22 2017...

CLIMATE NORMAL PERIOD 1981 TO 2010
CLIMATE RECORD PERIOD 1948 TO 2017


WEATHER ITEM   OBSERVED TIME   RECORD YEAR NORMAL DEPARTURE LAST
                VALUE   (LST)  VALUE       VALUE  FROM      YEAR
                                                  NORMAL
..................................................................
TEMPERATURE (F)
 YESTERDAY
  MAXIMUM         88    203 PM 100    2009  91     -3       91
  MINIMUM         74    423 AM  60    1976  70      4       73
  AVERAGE         81                        80      1       82

PRECIPITATION (IN)
  YESTERDAY        0.40          1.48 1963   0.23   0.17     0.00
  MONTH TO DATE    8.96                      3.67   5.29     5.90
  SINCE JUN 1      8.96                      3.67   5.29     5.90
  SINCE JAN 1     39.39                     30.21   9.18    37.06

SNOWFALL (IN)
  YESTERDAY        0.0

DEGREE DAYS
 HEATING
  YESTERDAY        0                         0      0        0
  MONTH TO DATE    0                         0      0        0
  SINCE JUN 1      0                         0      0        0
  SINCE JUL 1   1157                      1985   -828     1383

 COOLING
  YESTERDAY       16                        15      1       17
  MONTH TO DATE  276                       298    -22      357
  SINCE JUN 1    276                       298    -22      357
  SINCE JAN 1    797                       713     84      821
..................................................................


WIND (MPH)
  HIGHEST WIND SPEED    26   HIGHEST WIND DIRECTION     S (170)
  HIGHEST GUST SPEED    38   HIGHEST GUST DIRECTION     S (200)
  AVERAGE WIND SPEED    12.5


SKY COVER
  POSSIBLE SUNSHINE  MM
  AVERAGE SKY COVER 0.6


WEATHER CONDITIONS
 THE FOLLOWING WEATHER WAS RECORDED YESTERDAY.
  HEAVY RAIN
  RAIN
  LIGHT RAIN
  FOG


RELATIVE HUMIDITY (PERCENT)
 HIGHEST    94           300 AM
 LOWEST     70           500 PM
 AVERAGE    82

..........................................................


THE HATTIESBURG CLIMATE NORMALS FOR TODAY
                         NORMAL    RECORD    YEAR
 MAXIMUM TEMPERATURE (F)   91       102      2009
 MINIMUM TEMPERATURE (F)   70        61      1961


SUNRISE AND SUNSET
JUNE 23 2017..........SUNRISE   554 AM CDT   SUNSET   805 PM CDT
JUNE 24 2017..........SUNRISE   554 AM CDT   SUNSET   805 PM CDT


-  INDICATES NEGATIVE NUMBERS.
R  INDICATES RECORD WAS SET OR TIED.
MM INDICATES DATA IS MISSING.
T  INDICATES TRACE AMOUNT.




$$
