000
CDUS44 KJAN 302113
CLIHBG


CLIMATE REPORT
NATIONAL WEATHER SERVICE JACKSON MS
411 PM CDT THU JUN 30 2016


...................................

...THE HATTIESBURG CLIMATE SUMMARY FOR JUNE 30 2016...
VALID TODAY AS OF 0400 PM LOCAL TIME.

CLIMATE NORMAL PERIOD 1981 TO 2010
CLIMATE RECORD PERIOD 1948 TO 2016


WEATHER ITEM   OBSERVED TIME   RECORD YEAR NORMAL DEPARTURE LAST
                VALUE   (LST)  VALUE       VALUE  FROM      YEAR
                                                  NORMAL
..................................................................
TEMPERATURE (F)
 TODAY
  MAXIMUM         94    258 PM 102    1954  91      3       88
  MINIMUM         72    515 AM  56    1974  71      1       71
  AVERAGE         83                        81      2       80

PRECIPITATION (IN)
  TODAY            0.00          5.28 2003   0.22  -0.22     0.07
  MONTH TO DATE    8.13                      5.50   2.63     4.73
  SINCE JUN 1      8.13                      5.50   2.63     4.73
  SINCE JAN 1     39.29                     32.04   7.25    28.55

SNOWFALL (IN)
  TODAY            0.0

DEGREE DAYS
 HEATING
  TODAY            0                         0      0        0
  MONTH TO DATE    0                         0      0        0
  SINCE JUN 1      0                         0      0        0
  SINCE JUL 1   1383                      1985   -602     1912

 COOLING
  TODAY           18                        16      2       15
  MONTH TO DATE  507                       423     84      479
  SINCE JUN 1    507                       423     84      479
  SINCE JAN 1    971                       838    133     1056
..................................................................


WIND (MPH)
  HIGHEST WIND SPEED    10   HIGHEST WIND DIRECTION     N (360)
  HIGHEST GUST SPEED    14   HIGHEST GUST DIRECTION    NE (30)
  AVERAGE WIND SPEED     2.7


SKY COVER
  POSSIBLE SUNSHINE  MM
  AVERAGE SKY COVER 0.1


WEATHER CONDITIONS
 THE FOLLOWING WEATHER WAS RECORDED TODAY.
  NO SIGNIFICANT WEATHER WAS OBSERVED.


RELATIVE HUMIDITY (PERCENT)
 HIGHEST    93           400 AM
 LOWEST     44           300 PM
 AVERAGE    69

..........................................................


THE HATTIESBURG CLIMATE NORMALS FOR TOMORROW
                         NORMAL    RECORD    YEAR
 MAXIMUM TEMPERATURE (F)   91       103      2009
 MINIMUM TEMPERATURE (F)   71        60      1950


SUNRISE AND SUNSET
JUNE 30 2016..........SUNRISE   556 AM CDT   SUNSET   805 PM CDT
JULY  1 2016..........SUNRISE   557 AM CDT   SUNSET   805 PM CDT


-  INDICATES NEGATIVE NUMBERS.
R  INDICATES RECORD WAS SET OR TIED.
MM INDICATES DATA IS MISSING.
T  INDICATES TRACE AMOUNT.




$$
