000
CDUS44 KJAN 030644
CLIHBG


CLIMATE REPORT
NATIONAL WEATHER SERVICE JACKSON MS
141 AM CDT THU SEP 3 2015


...................................

...THE HATTIESBURG CLIMATE SUMMARY FOR SEPTEMBER 2 2015...

CLIMATE NORMAL PERIOD 1981 TO 2010
CLIMATE RECORD PERIOD 1948 TO 2015


WEATHER ITEM   OBSERVED TIME   RECORD YEAR NORMAL DEPARTURE LAST
                VALUE   (LST)  VALUE       VALUE  FROM      YEAR
                                                  NORMAL
..................................................................
TEMPERATURE (F)
 YESTERDAY
  MAXIMUM         95   1221 PM  98    1997  91      4       92
                                      1964
  MINIMUM         73    555 AM  55    1954  69      4       73
  AVERAGE         84                        80      4       83

PRECIPITATION (IN)
  YESTERDAY        T             3.68 2008   0.13  -0.13     0.42
  MONTH TO DATE    T                         0.27  -0.27     0.42
  SINCE SEP 1      T                         0.27  -0.27     0.42
  SINCE JAN 1     37.21                     42.43  -5.22    37.70

SNOWFALL (IN)
  YESTERDAY        0.0

DEGREE DAYS
 HEATING
  YESTERDAY        0                         0      0        0
  MONTH TO DATE    0                         0      0        0
  SINCE SEP 1      0                         0      0        0
  SINCE JUL 1      0                         0      0        0

 COOLING
  YESTERDAY       19                        15      4       18
  MONTH TO DATE   37                        30      7       37
  SINCE SEP 1     37                        30      7       37
  SINCE JAN 1   2254                      1901    353     1916
..................................................................


WIND (MPH)
  HIGHEST WIND SPEED    16   HIGHEST WIND DIRECTION    SW (210)
  HIGHEST GUST SPEED    21   HIGHEST GUST DIRECTION    SW (210)
  AVERAGE WIND SPEED     2.6


SKY COVER
  POSSIBLE SUNSHINE  MM
  AVERAGE SKY COVER 0.1


WEATHER CONDITIONS
 THE FOLLOWING WEATHER WAS RECORDED YESTERDAY.
  LIGHT RAIN


RELATIVE HUMIDITY (PERCENT)
 HIGHEST    87           300 AM
 LOWEST     36           200 PM
 AVERAGE    62

..........................................................


THE HATTIESBURG CLIMATE NORMALS FOR TODAY
                         NORMAL    RECORD    YEAR
 MAXIMUM TEMPERATURE (F)   91       100      1951
 MINIMUM TEMPERATURE (F)   69        54      1952


SUNRISE AND SUNSET
SEPTEMBER  3 2015.....SUNRISE   634 AM CDT   SUNSET   718 PM CDT
SEPTEMBER  4 2015.....SUNRISE   635 AM CDT   SUNSET   717 PM CDT


-  INDICATES NEGATIVE NUMBERS.
R  INDICATES RECORD WAS SET OR TIED.
MM INDICATES DATA IS MISSING.
T  INDICATES TRACE AMOUNT.




$$
