000
CDUS44 KJAN 050637
CLIHBG


CLIMATE REPORT
NATIONAL WEATHER SERVICE JACKSON MS
1233 AM CST THU MAR 5 2015


...................................

...THE HATTIESBURG CLIMATE SUMMARY FOR MARCH 4 2015...

CLIMATE NORMAL PERIOD 1981 TO 2010
CLIMATE RECORD PERIOD 1948 TO 2015


WEATHER ITEM   OBSERVED TIME   RECORD YEAR NORMAL DEPARTURE LAST
                VALUE   (LST)  VALUE       VALUE  FROM      YEAR
                                                  NORMAL
..................................................................
TEMPERATURE (F)
 YESTERDAY
  MAXIMUM         82    337 PM  87    1951  68     14       37
  MINIMUM         68    642 AM  23    1960  45     23       31
  AVERAGE         75                        57     18       34

PRECIPITATION (IN)
  YESTERDAY        0.02          3.25 1979   0.19  -0.17     0.32
  MONTH TO DATE    1.60                      0.76   0.84     0.51
  SINCE MAR 1      1.60                      0.76   0.84     0.51
  SINCE JAN 1      9.43                     11.89  -2.46    10.41

SNOWFALL (IN)
  YESTERDAY        0.0

DEGREE DAYS
 HEATING
  YESTERDAY        0                         9     -9       31
  MONTH TO DATE   12                        38    -26       46
  SINCE MAR 1     12                        38    -26       46
  SINCE JUL 1   1793                      1716     77     1969

 COOLING
  YESTERDAY       10                         1      9        0
  MONTH TO DATE   14                         4     10        4
  SINCE MAR 1     14                         4     10        4
  SINCE JAN 1     20                        19      1       21
..................................................................


WIND (MPH)
  HIGHEST WIND SPEED    25   HIGHEST WIND DIRECTION     S (180)
  HIGHEST GUST SPEED    33   HIGHEST GUST DIRECTION     S (190)
  AVERAGE WIND SPEED    10.4


SKY COVER
  POSSIBLE SUNSHINE  MM
  AVERAGE SKY COVER 0.7


WEATHER CONDITIONS
 THE FOLLOWING WEATHER WAS RECORDED YESTERDAY.
  LIGHT RAIN
  FOG


RELATIVE HUMIDITY (PERCENT)
 HIGHEST    93           100 AM
 LOWEST     58           300 PM
 AVERAGE    76

..........................................................


THE HATTIESBURG CLIMATE NORMALS FOR TODAY
                         NORMAL    RECORD    YEAR
 MAXIMUM TEMPERATURE (F)   69        85      1955
 MINIMUM TEMPERATURE (F)   45        22      2002


SUNRISE AND SUNSET
MARCH  5 2015.........SUNRISE   619 AM CST   SUNSET   558 PM CST
MARCH  6 2015.........SUNRISE   618 AM CST   SUNSET   559 PM CST


-  INDICATES NEGATIVE NUMBERS.
R  INDICATES RECORD WAS SET OR TIED.
MM INDICATES DATA IS MISSING.
T  INDICATES TRACE AMOUNT.




$$
