000
CDUS44 KJAN 210744
CLIHBG


CLIMATE REPORT
NATIONAL WEATHER SERVICE JACKSON MS
141 AM CST TUE NOV 21 2017


...................................

...THE HATTIESBURG CLIMATE SUMMARY FOR NOVEMBER 20 2017...

CLIMATE NORMAL PERIOD 1981 TO 2010
CLIMATE RECORD PERIOD 1948 TO 2017


WEATHER ITEM   OBSERVED TIME   RECORD YEAR NORMAL DEPARTURE LAST
                VALUE   (LST)  VALUE       VALUE  FROM      YEAR
                                                  NORMAL
..................................................................
TEMPERATURE (F)
 YESTERDAY
  MAXIMUM         59    306 PM  83    1981  68     -9       64
  MINIMUM         31    656 AM  24    1951  44    -13       29
  AVERAGE         45                        56    -11       47

PRECIPITATION (IN)
  YESTERDAY        0.00          3.38 1953   0.15  -0.15     0.00
  MONTH TO DATE    0.58                      2.68  -2.10     0.10
  SINCE SEP 1      5.50                     10.51  -5.01     4.29
  SINCE JAN 1     61.92                     52.67   9.25    55.30

SNOWFALL (IN)
  YESTERDAY        0.0

DEGREE DAYS
 HEATING
  YESTERDAY       20                        10     10       18
  MONTH TO DATE  107                       142    -35       92
  SINCE SEP 1    191                       217    -26      111
  SINCE JUL 1    191                       217    -26      111

 COOLING
  YESTERDAY        0                         1     -1        0
  MONTH TO DATE   50                        24     26       24
  SINCE SEP 1    599                       515     84      688
  SINCE JAN 1   2544                      2386    158     2802
..................................................................


WIND (MPH)
  HIGHEST WIND SPEED     9   HIGHEST WIND DIRECTION     E (90)
  HIGHEST GUST SPEED    12   HIGHEST GUST DIRECTION     E (90)
  AVERAGE WIND SPEED     2.0


SKY COVER
  POSSIBLE SUNSHINE  MM
  AVERAGE SKY COVER 0.0


WEATHER CONDITIONS
 THE FOLLOWING WEATHER WAS RECORDED YESTERDAY.
  NO SIGNIFICANT WEATHER WAS OBSERVED.


RELATIVE HUMIDITY (PERCENT)
 HIGHEST   100           300 AM
 LOWEST     40           400 PM
 AVERAGE    70

..........................................................


THE HATTIESBURG CLIMATE NORMALS FOR TODAY
                         NORMAL    RECORD    YEAR
 MAXIMUM TEMPERATURE (F)   68        82      2011
                                             1973
 MINIMUM TEMPERATURE (F)   44        25      1951


SUNRISE AND SUNSET
NOVEMBER 21 2017......SUNRISE   630 AM CST   SUNSET   456 PM CST
NOVEMBER 22 2017......SUNRISE   631 AM CST   SUNSET   456 PM CST


-  INDICATES NEGATIVE NUMBERS.
R  INDICATES RECORD WAS SET OR TIED.
MM INDICATES DATA IS MISSING.
T  INDICATES TRACE AMOUNT.




$$
