000
CDUS44 KJAN 292124
CLIHBG


CLIMATE REPORT
NATIONAL WEATHER SERVICE JACKSON MS
420 PM CDT SUN MAR 29 2015


...................................

...THE HATTIESBURG CLIMATE SUMMARY FOR MARCH 29 2015...
VALID TODAY AS OF 0400 PM LOCAL TIME.

CLIMATE NORMAL PERIOD 1981 TO 2010
CLIMATE RECORD PERIOD 1948 TO 2015


WEATHER ITEM   OBSERVED TIME   RECORD YEAR NORMAL DEPARTURE LAST
                VALUE   (LST)  VALUE       VALUE  FROM      YEAR
                                                  NORMAL
..................................................................
TEMPERATURE (F)
 TODAY
  MAXIMUM         76    255 PM  87    2007  74      2       70
  MINIMUM         38    610 AM  27    1955  49    -11       50
  AVERAGE         57                        62     -5       60

PRECIPITATION (IN)
  TODAY            0.00          3.65 1951   0.19  -0.19     0.29
  MONTH TO DATE    5.71                      5.13   0.58     6.37
  SINCE MAR 1      5.71                      5.13   0.58     6.37
  SINCE JAN 1     13.54                     16.26  -2.72    16.27

SNOWFALL (IN)
  TODAY            0.0

DEGREE DAYS
 HEATING
  TODAY            8                         5      3        5
  MONTH TO DATE  116                       207    -91      258
  SINCE MAR 1    116                       207    -91      258
  SINCE JUL 1   1897                      1885     12     2181

 COOLING
  TODAY            0                         2     -2        0
  MONTH TO DATE   80                        30     50        9
  SINCE MAR 1     80                        30     50        9
  SINCE JAN 1     86                        45     41       26
..................................................................


WIND (MPH)
  HIGHEST WIND SPEED    18   HIGHEST WIND DIRECTION     S (190)
  HIGHEST GUST SPEED    22   HIGHEST GUST DIRECTION     S (170)
  AVERAGE WIND SPEED     5.8


SKY COVER
  POSSIBLE SUNSHINE  MM
  AVERAGE SKY COVER 0.2


WEATHER CONDITIONS
 THE FOLLOWING WEATHER WAS RECORDED TODAY.
  NO SIGNIFICANT WEATHER WAS OBSERVED.


RELATIVE HUMIDITY (PERCENT)
 HIGHEST    85           500 AM
 LOWEST     46           200 PM
 AVERAGE    66

..........................................................


THE HATTIESBURG CLIMATE NORMALS FOR TOMORROW
                         NORMAL    RECORD    YEAR
 MAXIMUM TEMPERATURE (F)   74        89      1974
 MINIMUM TEMPERATURE (F)   49        28      1964


SUNRISE AND SUNSET
MARCH 29 2015.........SUNRISE   650 AM CDT   SUNSET   714 PM CDT
MARCH 30 2015.........SUNRISE   649 AM CDT   SUNSET   715 PM CDT


-  INDICATES NEGATIVE NUMBERS.
R  INDICATES RECORD WAS SET OR TIED.
MM INDICATES DATA IS MISSING.
T  INDICATES TRACE AMOUNT.




$$
