000
CDUS44 KJAN 270733
CLIHBG


CLIMATE REPORT
NATIONAL WEATHER SERVICE JACKSON MS
220 AM CDT MON MAR 27 2017


...................................

...THE HATTIESBURG CLIMATE SUMMARY FOR MARCH 26 2017...

CLIMATE NORMAL PERIOD 1981 TO 2010
CLIMATE RECORD PERIOD 1948 TO 2017


WEATHER ITEM   OBSERVED TIME   RECORD YEAR NORMAL DEPARTURE LAST
                VALUE   (LST)  VALUE       VALUE  FROM      YEAR
                                                  NORMAL
..................................................................
TEMPERATURE (F)
 YESTERDAY
  MAXIMUM         84    323 PM  87    2011  74     10       77
  MINIMUM         57    329 AM  30    2014  48      9       45
                                      1979
  AVERAGE         71                        61     10       61

PRECIPITATION (IN)
  YESTERDAY        0.00          2.09 1988   0.19  -0.19     0.00
  MONTH TO DATE    2.43                      4.60  -2.17    10.34
  SINCE MAR 1      2.43                      4.60  -2.17    10.34
  SINCE JAN 1     14.03                     15.73  -1.70    19.71

SNOWFALL (IN)
  YESTERDAY        0.0

DEGREE DAYS
 HEATING
  YESTERDAY        0                         5     -5        4
  MONTH TO DATE  143                       192    -49      112
  SINCE MAR 1    143                       192    -49      112
  SINCE JUL 1   1110                      1870   -760     1350

 COOLING
  YESTERDAY        6                         1      5        0
  MONTH TO DATE   54                        26     28       53
  SINCE MAR 1     54                        26     28       53
  SINCE JAN 1    123                        41     82       78
..................................................................


WIND (MPH)
  HIGHEST WIND SPEED    18   HIGHEST WIND DIRECTION     S (160)
  HIGHEST GUST SPEED    23   HIGHEST GUST DIRECTION     S (170)
  AVERAGE WIND SPEED     6.7


SKY COVER
  POSSIBLE SUNSHINE  MM
  AVERAGE SKY COVER 0.6


WEATHER CONDITIONS
 THE FOLLOWING WEATHER WAS RECORDED YESTERDAY.
  FOG
  FOG W/VISIBILITY <= 1/4 MILE


RELATIVE HUMIDITY (PERCENT)
 HIGHEST   100           100 AM
 LOWEST     46           300 PM
 AVERAGE    73

..........................................................


THE HATTIESBURG CLIMATE NORMALS FOR TODAY
                         NORMAL    RECORD    YEAR
 MAXIMUM TEMPERATURE (F)   74        86      2012
 MINIMUM TEMPERATURE (F)   49        25      1955


SUNRISE AND SUNSET
MARCH 27 2017.........SUNRISE   652 AM CDT   SUNSET   713 PM CDT
MARCH 28 2017.........SUNRISE   650 AM CDT   SUNSET   714 PM CDT


-  INDICATES NEGATIVE NUMBERS.
R  INDICATES RECORD WAS SET OR TIED.
MM INDICATES DATA IS MISSING.
T  INDICATES TRACE AMOUNT.




$$
