000
CDUS44 KJAN 110744
CLIHBG


CLIMATE REPORT
NATIONAL WEATHER SERVICE JACKSON MS
138 AM CST THU FEB 11 2016


...................................

...THE HATTIESBURG CLIMATE SUMMARY FOR FEBRUARY 10 2016...

CLIMATE NORMAL PERIOD 1981 TO 2010
CLIMATE RECORD PERIOD 1948 TO 2016


WEATHER ITEM   OBSERVED TIME   RECORD YEAR NORMAL DEPARTURE LAST
                VALUE   (LST)  VALUE       VALUE  FROM      YEAR
                                                  NORMAL
..................................................................
TEMPERATURE (F)
 YESTERDAY
  MAXIMUM         57    440 PM  83    1994  62     -5       61
                                      1957
  MINIMUM         26    714 AM  17    1971  39    -13       35
  AVERAGE         42                        51     -9       48

PRECIPITATION (IN)
  YESTERDAY        0.00          3.90 2013   0.19  -0.19     0.00
  MONTH TO DATE    0.92                      1.75  -0.83     0.59
  SINCE DEC 1     15.45                     12.40   3.05    12.14
  SINCE JAN 1      5.44                      7.49  -2.05     5.94

SNOWFALL (IN)
  YESTERDAY        0.0

DEGREE DAYS
 HEATING
  YESTERDAY       23                        15      8       17
  MONTH TO DATE  156                       156      0      153
  SINCE DEC 1    894                      1127   -233     1027
  SINCE JUL 1   1072                      1455   -383     1443

 COOLING
  YESTERDAY        0                         0      0        0
  MONTH TO DATE   12                         0     12        0
  SINCE DEC 1     83                        19     64       13
  SINCE JAN 1     12                         6      6        6
..................................................................


WIND (MPH)
  HIGHEST WIND SPEED    15   HIGHEST WIND DIRECTION    NW (300)
  HIGHEST GUST SPEED    21   HIGHEST GUST DIRECTION    NW (330)
  AVERAGE WIND SPEED     4.6


SKY COVER
  POSSIBLE SUNSHINE  MM
  AVERAGE SKY COVER 0.0


WEATHER CONDITIONS
 THE FOLLOWING WEATHER WAS RECORDED YESTERDAY.
  NO SIGNIFICANT WEATHER WAS OBSERVED.


RELATIVE HUMIDITY (PERCENT)
 HIGHEST    81           500 AM
 LOWEST     24           100 PM
 AVERAGE    53

..........................................................


THE HATTIESBURG CLIMATE NORMALS FOR TODAY
                         NORMAL    RECORD    YEAR
 MAXIMUM TEMPERATURE (F)   62        81      1999
 MINIMUM TEMPERATURE (F)   39        22      1979


SUNRISE AND SUNSET
FEBRUARY 11 2016......SUNRISE   642 AM CST   SUNSET   541 PM CST
FEBRUARY 12 2016......SUNRISE   641 AM CST   SUNSET   541 PM CST


-  INDICATES NEGATIVE NUMBERS.
R  INDICATES RECORD WAS SET OR TIED.
MM INDICATES DATA IS MISSING.
T  INDICATES TRACE AMOUNT.




$$
