000
CDUS44 KJAN 310719
CLIHBG


CLIMATE REPORT
NATIONAL WEATHER SERVICE JACKSON MS
218 AM CDT MON AUG 31 2015


...................................

...THE HATTIESBURG CLIMATE SUMMARY FOR AUGUST 30 2015...

CLIMATE NORMAL PERIOD 1981 TO 2010
CLIMATE RECORD PERIOD 1948 TO 2015


WEATHER ITEM   OBSERVED TIME   RECORD YEAR NORMAL DEPARTURE LAST
                VALUE   (LST)  VALUE       VALUE  FROM      YEAR
                                                  NORMAL
..................................................................
TEMPERATURE (F)
 YESTERDAY
  MAXIMUM         93    231 PM 106    1951  91      2       92
  MINIMUM         70    613 AM  56    1968  70      0       74
  AVERAGE         82                        81      1       83

PRECIPITATION (IN)
  YESTERDAY        0.00          3.04 2012   0.15  -0.15     0.52
  MONTH TO DATE    2.46                      4.58  -2.12     1.60
  SINCE JUN 1     13.39                     15.47  -2.08     8.80
  SINCE JAN 1     37.21                     42.01  -4.80    37.28

SNOWFALL (IN)
  YESTERDAY        0.0

DEGREE DAYS
 HEATING
  YESTERDAY        0                         0      0        0
  MONTH TO DATE    0                         0      0        0
  SINCE JUN 1      0                         0      0        0
  SINCE JUL 1      0                         0      0        0

 COOLING
  YESTERDAY       17                        16      1       18
  MONTH TO DATE  525                       498     27      537
  SINCE JUN 1   1623                      1443    180     1483
  SINCE JAN 1   2200                      1858    342     1859
..................................................................


WIND (MPH)
  HIGHEST WIND SPEED     9   HIGHEST WIND DIRECTION    SE (130)
  HIGHEST GUST SPEED    20   HIGHEST GUST DIRECTION     S (190)
  AVERAGE WIND SPEED     1.8


SKY COVER
  POSSIBLE SUNSHINE  MM
  AVERAGE SKY COVER 0.1


WEATHER CONDITIONS
 THE FOLLOWING WEATHER WAS RECORDED YESTERDAY.
  FOG


RELATIVE HUMIDITY (PERCENT)
 HIGHEST    97           600 AM
 LOWEST     32           400 PM
 AVERAGE    65

..........................................................


THE HATTIESBURG CLIMATE NORMALS FOR TODAY
                         NORMAL    RECORD    YEAR
 MAXIMUM TEMPERATURE (F)   91       105      1951
 MINIMUM TEMPERATURE (F)   70        59      1968


SUNRISE AND SUNSET
AUGUST 31 2015........SUNRISE   632 AM CDT   SUNSET   722 PM CDT
SEPTEMBER  1 2015.....SUNRISE   633 AM CDT   SUNSET   721 PM CDT


-  INDICATES NEGATIVE NUMBERS.
R  INDICATES RECORD WAS SET OR TIED.
MM INDICATES DATA IS MISSING.
T  INDICATES TRACE AMOUNT.




$$
