000
CDUS44 KJAN 280646
CLIHBG


CLIMATE REPORT
NATIONAL WEATHER SERVICE JACKSON MS
142 AM CDT TUE JUN 28 2016


...................................

...THE HATTIESBURG CLIMATE SUMMARY FOR JUNE 27 2016...

CLIMATE NORMAL PERIOD 1981 TO 2010
CLIMATE RECORD PERIOD 1948 TO 2016


WEATHER ITEM   OBSERVED TIME   RECORD YEAR NORMAL DEPARTURE LAST
                VALUE   (LST)  VALUE       VALUE  FROM      YEAR
                                                  NORMAL
..................................................................
TEMPERATURE (F)
 YESTERDAY
  MAXIMUM         97    237 PM 100    2009  91      6       88
                                      1952
  MINIMUM         76   1159 PM  57    1974  70      6       73
  AVERAGE         87                        81      6       81

PRECIPITATION (IN)
  YESTERDAY        T             2.41 2003   0.23  -0.23     0.71
  MONTH TO DATE    5.90                      4.83   1.07     4.29
  SINCE JUN 1      5.90                      4.83   1.07     4.29
  SINCE JAN 1     37.06                     31.37   5.69    28.11

SNOWFALL (IN)
  YESTERDAY        0.0

DEGREE DAYS
 HEATING
  YESTERDAY        0                         0      0        0
  MONTH TO DATE    0                         0      0        0
  SINCE JUN 1      0                         0      0        0
  SINCE JUL 1   1383                      1985   -602     1912

 COOLING
  YESTERDAY       22                        16      6       16
  MONTH TO DATE  455                       375     80      432
  SINCE JUN 1    455                       375     80      432
  SINCE JAN 1    919                       790    129     1009
..................................................................


WIND (MPH)
  HIGHEST WIND SPEED    17   HIGHEST WIND DIRECTION    NW (320)
  HIGHEST GUST SPEED    24   HIGHEST GUST DIRECTION    NW (310)
  AVERAGE WIND SPEED     4.0


SKY COVER
  POSSIBLE SUNSHINE  MM
  AVERAGE SKY COVER 0.2


WEATHER CONDITIONS
 THE FOLLOWING WEATHER WAS RECORDED YESTERDAY.
  THUNDERSTORM
  LIGHT RAIN


RELATIVE HUMIDITY (PERCENT)
 HIGHEST    88           400 AM
 LOWEST     43           200 PM
 AVERAGE    66

..........................................................


THE HATTIESBURG CLIMATE NORMALS FOR TODAY
                         NORMAL    RECORD    YEAR
 MAXIMUM TEMPERATURE (F)   91       102      2009
 MINIMUM TEMPERATURE (F)   70        55      1974


SUNRISE AND SUNSET
JUNE 28 2016..........SUNRISE   555 AM CDT   SUNSET   805 PM CDT
JUNE 29 2016..........SUNRISE   556 AM CDT   SUNSET   805 PM CDT


-  INDICATES NEGATIVE NUMBERS.
R  INDICATES RECORD WAS SET OR TIED.
MM INDICATES DATA IS MISSING.
T  INDICATES TRACE AMOUNT.




$$
