392
CDUS44 KJAN 200636
CLIHBG


CLIMATE REPORT
NATIONAL WEATHER SERVICE JACKSON MS
133 AM CDT SUN AUG 20 2017


...................................

...THE HATTIESBURG CLIMATE SUMMARY FOR AUGUST 19 2017...

CLIMATE NORMAL PERIOD 1981 TO 2010
CLIMATE RECORD PERIOD 1948 TO 2017


WEATHER ITEM   OBSERVED TIME   RECORD YEAR NORMAL DEPARTURE LAST
                VALUE   (LST)  VALUE       VALUE  FROM      YEAR
                                                  NORMAL
..................................................................
TEMPERATURE (F)
 YESTERDAY
  MAXIMUM         94   1143 AM 100    2000  92      2       91
  MINIMUM         73   1159 PM  61    1976  71      2       74
  AVERAGE         84                        82      2       83

PRECIPITATION (IN)
  YESTERDAY        0.78          1.78 1953   0.16   0.62      T
  MONTH TO DATE    7.28                      2.85   4.43     3.83
  SINCE JUN 1     24.05                     13.74  10.31    18.08
  SINCE JAN 1     54.48                     40.28  14.20    49.24

SNOWFALL (IN)
  YESTERDAY        0.0

DEGREE DAYS
 HEATING
  YESTERDAY        0                         0      0        0
  MONTH TO DATE    0                         0      0        0
  SINCE JUN 1      0                         0      0        0
  SINCE JUL 1      0                         0      0        0

 COOLING
  YESTERDAY       19                        16      3       18
  MONTH TO DATE  318                       322     -4      347
  SINCE JUN 1   1240                      1267    -27     1426
  SINCE JAN 1   1761                      1682     79     1890
..................................................................


WIND (MPH)
  HIGHEST WIND SPEED    21   HIGHEST WIND DIRECTION    NW (320)
  HIGHEST GUST SPEED    27   HIGHEST GUST DIRECTION     N (350)
  AVERAGE WIND SPEED     3.7


SKY COVER
  POSSIBLE SUNSHINE  MM
  AVERAGE SKY COVER 0.1


WEATHER CONDITIONS
 THE FOLLOWING WEATHER WAS RECORDED YESTERDAY.
  THUNDERSTORM
  HEAVY RAIN
  LIGHT RAIN
  FOG


RELATIVE HUMIDITY (PERCENT)
 HIGHEST   100          1200 AM
 LOWEST     60          1200 PM
 AVERAGE    80

..........................................................


THE HATTIESBURG CLIMATE NORMALS FOR TODAY
                         NORMAL    RECORD    YEAR
 MAXIMUM TEMPERATURE (F)   92       102      2000
 MINIMUM TEMPERATURE (F)   71        60      1976


SUNRISE AND SUNSET
AUGUST 20 2017........SUNRISE   626 AM CDT   SUNSET   734 PM CDT
AUGUST 21 2017........SUNRISE   627 AM CDT   SUNSET   733 PM CDT


-  INDICATES NEGATIVE NUMBERS.
R  INDICATES RECORD WAS SET OR TIED.
MM INDICATES DATA IS MISSING.
T  INDICATES TRACE AMOUNT.




$$
