000
CDUS44 KJAN 271120
CLIHBG


CLIMATE REPORT
NATIONAL WEATHER SERVICE JACKSON MS
518 AM CST FRI FEB 27 2015


...................................

...THE HATTIESBURG CLIMATE SUMMARY FOR FEBRUARY 26 2015...

CLIMATE NORMAL PERIOD 1981 TO 2010
CLIMATE RECORD PERIOD 1948 TO 2015


WEATHER ITEM   OBSERVED TIME   RECORD YEAR NORMAL DEPARTURE LAST
                VALUE   (LST)  VALUE       VALUE  FROM      YEAR
                                                  NORMAL
..................................................................
TEMPERATURE (F)
 YESTERDAY
  MAXIMUM         50    507 PM  83    1977  67    -17       54
  MINIMUM         34   1159 PM  23    1974  43     -9       36
  AVERAGE         42                        55    -13       45

PRECIPITATION (IN)
  YESTERDAY        0.00          1.69 2003   0.20  -0.20     0.71
  MONTH TO DATE    2.48                      5.00  -2.52     7.23
  SINCE DEC 1     14.03                     15.65  -1.62    13.82
  SINCE JAN 1      7.83                     10.74  -2.91     9.90

SNOWFALL (IN)
  YESTERDAY        0.0

DEGREE DAYS
 HEATING
  YESTERDAY       23                        11     12       20
  MONTH TO DATE  451                       358     93      347
  SINCE DEC 1   1325                      1329     -4     1514
  SINCE JUL 1   1741                      1657     84     1881

 COOLING
  YESTERDAY        0                         1     -1        0
  MONTH TO DATE    0                         1     -1       17
  SINCE DEC 1     13                        20     -7       51
  SINCE JAN 1      6                         7     -1       17
..................................................................


WIND (MPH)
  HIGHEST WIND SPEED    18   HIGHEST WIND DIRECTION     N (340)
  HIGHEST GUST SPEED    24   HIGHEST GUST DIRECTION     N (340)
  AVERAGE WIND SPEED     9.2


SKY COVER
  POSSIBLE SUNSHINE  MM
  AVERAGE SKY COVER 0.6


WEATHER CONDITIONS
 THE FOLLOWING WEATHER WAS RECORDED YESTERDAY.
  FOG


RELATIVE HUMIDITY (PERCENT)
 HIGHEST   100           400 AM
 LOWEST     42           500 PM
 AVERAGE    71

..........................................................


THE HATTIESBURG CLIMATE NORMALS FOR TODAY
                         NORMAL    RECORD    YEAR
 MAXIMUM TEMPERATURE (F)   67        84      2011
                                             1951
 MINIMUM TEMPERATURE (F)   43        22      1974


SUNRISE AND SUNSET
FEBRUARY 27 2015......SUNRISE   626 AM CST   SUNSET   554 PM CST
FEBRUARY 28 2015......SUNRISE   625 AM CST   SUNSET   554 PM CST


-  INDICATES NEGATIVE NUMBERS.
R  INDICATES RECORD WAS SET OR TIED.
MM INDICATES DATA IS MISSING.
T  INDICATES TRACE AMOUNT.




$$
