000
CDUS44 KJAN 252115
CLIHBG


CLIMATE REPORT
NATIONAL WEATHER SERVICE JACKSON MS
411 PM CDT SAT OCT 25 2014


...................................

...THE HATTIESBURG CLIMATE SUMMARY FOR OCTOBER 25 2014...
VALID TODAY AS OF 0400 PM LOCAL TIME.

CLIMATE NORMAL PERIOD 1981 TO 2010
CLIMATE RECORD PERIOD 1948 TO 2014


WEATHER ITEM   OBSERVED TIME   RECORD YEAR NORMAL DEPARTURE LAST
                VALUE   (LST)  VALUE       VALUE  FROM      YEAR
                                                  NORMAL
..................................................................
TEMPERATURE (F)
 TODAY
  MAXIMUM         80    259 PM  89    2010  77      3       66
  MINIMUM         45    636 AM  32    1965  51     -6       41
                                      1952
  AVERAGE         63                        64     -1       54

PRECIPITATION (IN)
  TODAY            0.00          3.60 1977   0.12  -0.12     0.00
  MONTH TO DATE    1.50                      3.09  -1.59     0.71
  SINCE SEP 1      7.15                      7.17  -0.02     5.75
  SINCE JAN 1     44.43                     49.33  -4.90    57.92

SNOWFALL (IN)
  TODAY            0.0

DEGREE DAYS
 HEATING
  TODAY            2                         4     -2       11
  MONTH TO DATE   33                        48    -15       31
  SINCE SEP 1     33                        50    -17       31
  SINCE JUL 1     33                        50    -17       31

 COOLING
  TODAY            0                         3     -3        0
  MONTH TO DATE  140                       119     21      160
  SINCE SEP 1    565                       475     90      590
  SINCE JAN 1   2444                      2346     98     2369
..................................................................


WIND (MPH)
  HIGHEST WIND SPEED    12   HIGHEST WIND DIRECTION     N (340)
  HIGHEST GUST SPEED    17   HIGHEST GUST DIRECTION    NW (330)
  AVERAGE WIND SPEED     2.1


SKY COVER
  POSSIBLE SUNSHINE  MM
  AVERAGE SKY COVER 0.0


WEATHER CONDITIONS
 THE FOLLOWING WEATHER WAS RECORDED TODAY.
  NO SIGNIFICANT WEATHER WAS OBSERVED.


RELATIVE HUMIDITY (PERCENT)
 HIGHEST   100           200 AM
 LOWEST     45           200 PM
 AVERAGE    73

..........................................................


THE HATTIESBURG CLIMATE NORMALS FOR TOMORROW
                         NORMAL    RECORD    YEAR
 MAXIMUM TEMPERATURE (F)   77        91      2010
 MINIMUM TEMPERATURE (F)   51        31      1955


SUNRISE AND SUNSET
OCTOBER 25 2014.......SUNRISE   707 AM CDT   SUNSET   615 PM CDT
OCTOBER 26 2014.......SUNRISE   708 AM CDT   SUNSET   614 PM CDT


-  INDICATES NEGATIVE NUMBERS.
R  INDICATES RECORD WAS SET OR TIED.
MM INDICATES DATA IS MISSING.
T  INDICATES TRACE AMOUNT.




$$
