000
CDUS44 KJAN 110628
CLIHBG


CLIMATE REPORT
NATIONAL WEATHER SERVICE JACKSON MS
1226 AM CST MON DEC 11 2017


...................................

...THE HATTIESBURG CLIMATE SUMMARY FOR DECEMBER 10 2017...

CLIMATE NORMAL PERIOD 1981 TO 2010
CLIMATE RECORD PERIOD 1948 TO 2017


WEATHER ITEM   OBSERVED TIME   RECORD YEAR NORMAL DEPARTURE LAST
                VALUE   (LST)  VALUE       VALUE  FROM      YEAR
                                                  NORMAL
..................................................................
TEMPERATURE (F)
 YESTERDAY
  MAXIMUM         57    223 PM  82    2007  62     -5       54
  MINIMUM         27    728 AM  19    1995  40    -13       25
  AVERAGE         42                        51     -9       40

PRECIPITATION (IN)
  YESTERDAY        0.00          4.47 1967   0.18  -0.18     0.00
  MONTH TO DATE    1.74                      1.60   0.14     1.09
  SINCE DEC 1      1.74                      1.60   0.14     1.09
  SINCE JAN 1     64.08                     55.86   8.22    57.94

SNOWFALL (IN)
  YESTERDAY        0.0

DEGREE DAYS
 HEATING
  YESTERDAY       23                        14      9       25
  MONTH TO DATE  155                       133     22      140
  SINCE DEC 1    155                       133     22      140
  SINCE JUL 1    460                       461     -1      336

 COOLING
  YESTERDAY        0                         1     -1        0
  MONTH TO DATE    0                        10    -10        0
  SINCE DEC 1      0                        10    -10        0
  SINCE JAN 1   2544                      2400    144     2810
..................................................................


WIND (MPH)
  HIGHEST WIND SPEED    10   HIGHEST WIND DIRECTION     W (270)
  HIGHEST GUST SPEED    14   HIGHEST GUST DIRECTION     W (260)
  AVERAGE WIND SPEED     1.2


SKY COVER
  POSSIBLE SUNSHINE  MM
  AVERAGE SKY COVER 0.1


WEATHER CONDITIONS
 THE FOLLOWING WEATHER WAS RECORDED YESTERDAY.
  FOG


RELATIVE HUMIDITY (PERCENT)
 HIGHEST   100          1200 AM
 LOWEST     38           400 PM
 AVERAGE    69

..........................................................


THE HATTIESBURG CLIMATE NORMALS FOR TODAY
                         NORMAL    RECORD    YEAR
 MAXIMUM TEMPERATURE (F)   62        80      2015
                                             1961
 MINIMUM TEMPERATURE (F)   40        20      1995
                                             1950


SUNRISE AND SUNSET
DECEMBER 11 2017......SUNRISE   646 AM CST   SUNSET   455 PM CST
DECEMBER 12 2017......SUNRISE   646 AM CST   SUNSET   455 PM CST


-  INDICATES NEGATIVE NUMBERS.
R  INDICATES RECORD WAS SET OR TIED.
MM INDICATES DATA IS MISSING.
T  INDICATES TRACE AMOUNT.




$$
