000
CDUS44 KJAN 010700
CLIHBG


CLIMATE REPORT
NATIONAL WEATHER SERVICE JACKSON MS
153 AM CDT MON SEP 1 2014


...................................

...THE HATTIESBURG CLIMATE SUMMARY FOR AUGUST 31 2014...

CLIMATE NORMAL PERIOD 1981 TO 2010
CLIMATE RECORD PERIOD 1948 TO 2014


WEATHER ITEM   OBSERVED TIME   RECORD YEAR NORMAL DEPARTURE LAST
                VALUE   (LST)  VALUE       VALUE  FROM      YEAR
                                                  NORMAL
..................................................................
TEMPERATURE (F)
 YESTERDAY
  MAXIMUM         96    220 PM 105    1951  91      5       93
  MINIMUM         74   1121 PM  59    1968  70      4       71
  AVERAGE         85                        80      5       82

PRECIPITATION (IN)
  YESTERDAY        0.00          1.14 2000   0.15  -0.15     0.00
  MONTH TO DATE    1.60                      4.73  -3.13     4.03
  SINCE JUN 1      8.80                     15.62  -6.82    14.96
  SINCE JAN 1     37.28                     42.16  -4.88    52.17

SNOWFALL (IN)
  YESTERDAY        0.0

DEGREE DAYS
 HEATING
  YESTERDAY        0                         0      0        0
  MONTH TO DATE    0                         0      0        0
  SINCE JUN 1      0                         0      0        0
  SINCE JUL 1      0                         0      0        0

 COOLING
  YESTERDAY       20                        15      5       17
  MONTH TO DATE  557                       511     46      499
  SINCE JUN 1   1503                      1456     47     1437
  SINCE JAN 1   1879                      1871      8     1779
..................................................................


WIND (MPH)
  HIGHEST WIND SPEED    14   HIGHEST WIND DIRECTION     S (170)
  HIGHEST GUST SPEED    MM   HIGHEST GUST DIRECTION     S (200)
  AVERAGE WIND SPEED     3.7


SKY COVER
  POSSIBLE SUNSHINE  MM
  AVERAGE SKY COVER 0.4


WEATHER CONDITIONS
 THE FOLLOWING WEATHER WAS RECORDED YESTERDAY.
  FOG
  FOG W/VISIBILITY <= 1/4 MILE


RELATIVE HUMIDITY (PERCENT)
 HIGHEST   100          1200 AM
 LOWEST     36           200 PM
 AVERAGE    68

..........................................................


THE HATTIESBURG CLIMATE NORMALS FOR TODAY
                         NORMAL    RECORD    YEAR
 MAXIMUM TEMPERATURE (F)   91        98      2000
 MINIMUM TEMPERATURE (F)   70        56      1954


SUNRISE AND SUNSET
SEPTEMBER  1 2014.....SUNRISE   633 AM CDT   SUNSET   720 PM CDT
SEPTEMBER  2 2014.....SUNRISE   634 AM CDT   SUNSET   719 PM CDT


-  INDICATES NEGATIVE NUMBERS.
R  INDICATES RECORD WAS SET OR TIED.
MM INDICATES DATA IS MISSING.
T  INDICATES TRACE AMOUNT.




$$
