000
CDUS44 KJAN 272220
CLIHBG


CLIMATE REPORT
NATIONAL WEATHER SERVICE JACKSON MS
410 PM CST TUE JAN 27 2015


...................................

...THE HATTIESBURG CLIMATE SUMMARY FOR JANUARY 27 2015...
VALID TODAY AS OF 0400 PM LOCAL TIME.

CLIMATE NORMAL PERIOD 1981 TO 2010
CLIMATE RECORD PERIOD 1948 TO 2015


WEATHER ITEM   OBSERVED TIME   RECORD YEAR NORMAL DEPARTURE LAST
                VALUE   (LST)  VALUE       VALUE  FROM      YEAR
                                                  NORMAL
..................................................................
TEMPERATURE (F)
 TODAY
  MAXIMUM         71    353 PM  81    1957  60     11       64
                                      1952
  MINIMUM         36   1237 AM  21    1978  37     -1       39
                                      1966
  AVERAGE         54                        49      5       52

PRECIPITATION (IN)
  TODAY            0.00          2.52 1962   0.20  -0.20     0.06
  MONTH TO DATE    5.35                      4.90   0.45     2.36
  SINCE DEC 1     11.55                      9.81   1.74     6.28
  SINCE JAN 1      5.35                      4.90   0.45     2.36

SNOWFALL (IN)
  TODAY            0.0

DEGREE DAYS
 HEATING
  TODAY           11                        17     -6       13
  MONTH TO DATE  484                       452     32      585
  SINCE DEC 1    817                       909    -92     1039
  SINCE JUL 1   1233                      1237     -4     1406

 COOLING
  TODAY            0                         0      0        0
  MONTH TO DATE    6                         0      6        0
  SINCE DEC 1     13                        13      0       34
  SINCE JAN 1      6                         0      6        0
..................................................................


WIND (MPH)
  HIGHEST WIND SPEED    17   HIGHEST WIND DIRECTION    NW (310)
  HIGHEST GUST SPEED    24   HIGHEST GUST DIRECTION    NW (310)
  AVERAGE WIND SPEED     6.6


SKY COVER
  POSSIBLE SUNSHINE  MM
  AVERAGE SKY COVER 0.0


WEATHER CONDITIONS
 THE FOLLOWING WEATHER WAS RECORDED TODAY.
  NO SIGNIFICANT WEATHER WAS OBSERVED.


RELATIVE HUMIDITY (PERCENT)
 HIGHEST    85          1200 AM
 LOWEST     22           400 PM
 AVERAGE    54

..........................................................


THE HATTIESBURG CLIMATE NORMALS FOR TOMORROW
                         NORMAL    RECORD    YEAR
 MAXIMUM TEMPERATURE (F)   60        83      1957
 MINIMUM TEMPERATURE (F)   37        20      1986
                                             1963


SUNRISE AND SUNSET
JANUARY 27 2015.......SUNRISE   652 AM CST   SUNSET   528 PM CST
JANUARY 28 2015.......SUNRISE   652 AM CST   SUNSET   528 PM CST


-  INDICATES NEGATIVE NUMBERS.
R  INDICATES RECORD WAS SET OR TIED.
MM INDICATES DATA IS MISSING.
T  INDICATES TRACE AMOUNT.




$$
