000
CXUS54 KJAN 022016
CLMHBG


CLIMATE REPORT
NATIONAL WEATHER SERVICE JACKSON MS
315 PM CDT THU JUN 2 2016

...................................

...THE HATTIESBURG CLIMATE SUMMARY FOR THE MONTH OF MAY 2016...

CLIMATE NORMAL PERIOD 1981 TO 2010
CLIMATE RECORD PERIOD 1948 TO 2016

WEATHER         OBSERVED          NORMAL  DEPART  LAST YEAR`S
                 VALUE   DATE(S)  VALUE   FROM    VALUE  DATE(S)
                                          NORMAL
................................................................
TEMPERATURE (F)
RECORD
 HIGH             104   05/31/1951
 LOW               38   05/04/2013
HIGHEST            95   05/30        MM      MM       90  05/20
                                                          05/10
LOWEST             46   05/06        MM      MM       46  05/02
AVG. MAXIMUM     84.1              85.6    -1.5     85.7
AVG. MINIMUM     61.9              61.7     0.2     63.0
MEAN             73.0              73.7    -0.7     74.4
DAYS MAX >= 90      3               6.0    -3.0        2
DAYS MAX <= 32      0               0.0     0.0        0
DAYS MIN <= 32      0               0.0     0.0        0
DAYS MIN <= 0       0               0.0     0.0        0

PRECIPITATION (INCHES)
RECORD
 MAXIMUM        11.60   1990
 MINIMUM         0.25   1951
TOTALS           2.47              4.98   -2.51     6.91
DAILY AVG.       0.08              0.16   -0.08     0.22
DAYS >= .01         6                MM      MM       14
DAYS >= .10         4                MM      MM       11
DAYS >= .50         1                MM      MM        7
DAYS >= 1.00        1                MM      MM        0
GREATEST
 24 HR. TOTAL    1.33   05/17 TO 05/17              1.16

SNOWFALL (INCHES)
TOTALS            0.0
SINCE 7/1         0.0
DAYS >= TRACE       0
DAYS >= 1.0         0
GREATEST
 24 HR TOTAL      0.0   05/31 TO 05/31

DEGREE_DAYS
HEATING TOTAL       4                 7      -3        1
 SINCE 7/1       1383              1985    -602     1912
COOLING TOTAL     259               275     -16      298
 SINCE 1/1        464               415      49      577
.................................................................

WIND (MPH)
AVERAGE WIND SPEED              4.7
HIGHEST WIND SPEED/DIRECTION    41/140    DATE  05/01
HIGHEST GUST SPEED/DIRECTION    47/140    DATE  05/01

SKY COVER
POSSIBLE SUNSHINE (PERCENT)   MM
AVERAGE SKY COVER           0.20
NUMBER OF DAYS FAIR           21
NUMBER OF DAYS PC              9
NUMBER OF DAYS CLOUDY          1

AVERAGE RH (PERCENT)     69

WEATHER CONDITIONS. NUMBER OF DAYS WITH
THUNDERSTORM              6     MIXED PRECIP               0
HEAVY RAIN                3     RAIN                       4
LIGHT RAIN                9     FREEZING RAIN              0
LT FREEZING RAIN          0     HAIL                       0
HEAVY SNOW                0     SNOW                       0
LIGHT SNOW                0     SLEET                      0
FOG                      11     FOG W/VIS <= 1/4 MILE      2
HAZE                      0

-  INDICATES NEGATIVE NUMBERS.
R  INDICATES RECORD WAS SET OR TIED.
MM INDICATES DATA IS MISSING.
T  INDICATES TRACE AMOUNT.

$$
