000
CXUS54 KJAN 012031
CLMHBG


CLIMATE REPORT
NATIONAL WEATHER SERVICE JACKSON MS
330 PM CDT THU SEP 1 2016

...................................

...THE HATTIESBURG CLIMATE SUMMARY FOR THE MONTH OF AUGUST 2016...

CLIMATE NORMAL PERIOD 1981 TO 2010
CLIMATE RECORD PERIOD 1948 TO 2016

WEATHER         OBSERVED          NORMAL  DEPART  LAST YEAR`S
                 VALUE   DATE(S)  VALUE   FROM    VALUE  DATE(S)
                                          NORMAL
................................................................
TEMPERATURE (F)
RECORD
 HIGH             106   08/30/1951
 LOW               55   08/15/2004
                        08/28/1952
HIGHEST            97   08/03        MM      MM      100  08/08
LOWEST             71   08/27        71       0       58  08/27
                        08/14
AVG. MAXIMUM     92.4              92.2     0.2     93.6
AVG. MINIMUM     74.1              70.8     3.3     70.7
MEAN             83.2              81.5     1.7     82.2
DAYS MAX >= 90     27              22.5     4.5       25
DAYS MAX <= 32      0               0.0     0.0        0
DAYS MIN <= 32      0               0.0     0.0        0
DAYS MIN <= 0       0               0.0     0.0        0

PRECIPITATION (INCHES)
RECORD
 MAXIMUM        14.68   2012
 MINIMUM         0.19   1976
TOTALS           5.60              4.73    0.87     2.46
DAILY AVG.       0.18              0.15    0.03     0.08
DAYS >= .01        15                MM      MM        6
DAYS >= .10         9                MM      MM        4
DAYS >= .50         3                MM      MM        2
DAYS >= 1.00        2                MM      MM        0
GREATEST
 24 HR. TOTAL    1.68   08/20 TO 08/21              1.09
                        08/21 TO 08/21
                        08/21 TO 08/22

SNOWFALL (INCHES)
TOTALS            0.0
SINCE 7/1         0.0
DAYS >= TRACE       0
DAYS >= 1.0         0
GREATEST
 24 HR TOTAL      0.0   08/31 TO 08/31

DEGREE_DAYS
HEATING TOTAL       0                 0       0        0
 SINCE 7/1          0                 0       0        0
COOLING TOTAL     571               511      60      542
 SINCE 1/1       2114              1871     243     2217
.................................................................

WIND (MPH)
AVERAGE WIND SPEED              3.8
HIGHEST WIND SPEED/DIRECTION    28/360    DATE  08/05
HIGHEST GUST SPEED/DIRECTION    36/360    DATE  08/05

SKY COVER
POSSIBLE SUNSHINE (PERCENT)   MM
AVERAGE SKY COVER           0.30
NUMBER OF DAYS FAIR           23
NUMBER OF DAYS PC              5
NUMBER OF DAYS CLOUDY          3

AVERAGE RH (PERCENT)     76

WEATHER CONDITIONS. NUMBER OF DAYS WITH
THUNDERSTORM             18     MIXED PRECIP               0
HEAVY RAIN                8     RAIN                       8
LIGHT RAIN               20     FREEZING RAIN              0
LT FREEZING RAIN          0     HAIL                       0
HEAVY SNOW                0     SNOW                       0
LIGHT SNOW                0     SLEET                      0
FOG                      15     FOG W/VIS <= 1/4 MILE      5
HAZE                      0

-  INDICATES NEGATIVE NUMBERS.
R  INDICATES RECORD WAS SET OR TIED.
MM INDICATES DATA IS MISSING.
T  INDICATES TRACE AMOUNT.

$$
