000
CXUS54 KJAN 011631
CLMHBG


CLIMATE REPORT
NATIONAL WEATHER SERVICE JACKSON MS
1128 AM CDT WED APR 1 2015

...................................

...THE HATTIESBURG CLIMATE SUMMARY FOR THE MONTH OF MARCH 2015...

CLIMATE NORMAL PERIOD 1981 TO 2010
CLIMATE RECORD PERIOD 1948 TO 2015

WEATHER         OBSERVED          NORMAL  DEPART  LAST YEAR`S
                 VALUE   DATE(S)  VALUE   FROM    VALUE  DATE(S)
                                          NORMAL
................................................................
TEMPERATURE (F)
RECORD
 HIGH              89   03/15/2008
                        03/17/2002
                        03/19/1982
 LOW               17   03/03/1980
HIGHEST            85   03/20        MM      MM       82  03/31
                        03/17
LOWEST             26   03/07        MM      MM       30  03/26
                        03/06
AVG. MAXIMUM     74.8              71.3     3.5     68.5
AVG. MINIMUM     53.3              46.8     6.5     43.9
MEAN             64.0              59.0     5.0     56.2
DAYS MAX >= 90      0               0.2    -0.2        0
DAYS MAX <= 32      0               0.0     0.0        0
DAYS MIN <= 32      3               1.5     1.5        3
DAYS MIN <= 0       0               0.0     0.0        0

PRECIPITATION (INCHES)
RECORD
 MAXIMUM        13.94   1961
 MINIMUM         0.34   1955
TOTALS           5.71              5.50    0.21     6.37
DAILY AVG.       0.18              0.18    0.00     0.21
DAYS >= .01        14                MM      MM       10
DAYS >= .10         8                MM      MM        9
DAYS >= .50         4                MM      MM        3
DAYS >= 1.00        2                MM      MM        3
GREATEST
 24 HR. TOTAL    1.78   03/09 TO 03/09              2.65

SNOWFALL (INCHES)
TOTALS            0.0
SINCE 7/1           T
DAYS >= TRACE       0
DAYS >= 1.0         0
GREATEST
 24 HR TOTAL      0.0   03/31 TO 03/31

DEGREE_DAYS
HEATING TOTAL     116               217    -101      272
 SINCE 7/1       1897              1895       2     2195
COOLING TOTAL      92                33      59        9
 SINCE 1/1         98                48      50       26
.................................................................

WIND (MPH)
AVERAGE WIND SPEED              5.5
HIGHEST WIND SPEED/DIRECTION    26/150    DATE  03/13
HIGHEST GUST SPEED/DIRECTION    33/190    DATE  03/04

SKY COVER
POSSIBLE SUNSHINE (PERCENT)   MM
AVERAGE SKY COVER           0.50
NUMBER OF DAYS FAIR           11
NUMBER OF DAYS PC              8
NUMBER OF DAYS CLOUDY         12

AVERAGE RH (PERCENT)     74

WEATHER CONDITIONS. NUMBER OF DAYS WITH
THUNDERSTORM              4     MIXED PRECIP               0
HEAVY RAIN                6     RAIN                       7
LIGHT RAIN               19     FREEZING RAIN              0
LT FREEZING RAIN          0     HAIL                       0
HEAVY SNOW                0     SNOW                       0
LIGHT SNOW                0     SLEET                      0
FOG                      21     FOG W/VIS <= 1/4 MILE      7
HAZE                      2

-  INDICATES NEGATIVE NUMBERS.
R  INDICATES RECORD WAS SET OR TIED.
MM INDICATES DATA IS MISSING.
T  INDICATES TRACE AMOUNT.

$$
