000
CXUS54 KJAN 030303
CLMHBG


CLIMATE REPORT
NATIONAL WEATHER SERVICE JACKSON MS
955 PM CDT SAT AUG 2 2014

...................................

...THE HATTIESBURG CLIMATE SUMMARY FOR THE MONTH OF JULY 2014...

CLIMATE NORMAL PERIOD 1981 TO 2010
CLIMATE RECORD PERIOD 1948 TO 2014

WEATHER         OBSERVED          NORMAL  DEPART  LAST YEAR`S
                 VALUE   DATE(S)  VALUE   FROM    VALUE  DATE(S)
                                          NORMAL
................................................................
TEMPERATURE (F)
RECORD
 HIGH             105   07/17/2000
 LOW               57   07/11/1953
HIGHEST            95   07/27        MM      MM       93  07/30
                        07/26                             07/29
                        07/02
LOWEST             61   07/17        MM      MM       65  07/02
                                                          07/01
AVG. MAXIMUM     90.2              92.1    -1.9     88.6
AVG. MINIMUM     70.2              71.6    -1.4     71.0
MEAN             80.2              81.9    -1.7     79.8
DAYS MAX >= 90     19              23.1    -4.1       14
DAYS MAX <= 32      0               0.0     0.0        0
DAYS MIN <= 32      0               0.0     0.0        0
DAYS MIN <= 0       0               0.0     0.0        0

PRECIPITATION (INCHES)
RECORD
 MAXIMUM        14.52   1979
 MINIMUM         2.00   1983
TOTALS           2.26              5.39   -3.13     5.85
DAILY AVG.       0.07              0.17   -0.10     0.19
DAYS >= .01         8                MM      MM       14
DAYS >= .10         3                MM      MM       10
DAYS >= .50         2                MM      MM        5
DAYS >= 1.00        1                MM      MM        2
GREATEST
 24 HR. TOTAL    1.00   07/10 TO 07/10              1.41

SNOWFALL (INCHES)
TOTALS            0.0
GREATEST
 24 HR TOTAL      0.0

DEGREE_DAYS
HEATING TOTAL       0                 0       0        0
 SINCE 7/1          0                 0       0        0
COOLING TOTAL     479               522     -43      468
 SINCE 1/1       1322              1360     -38     1280
.................................................................

WIND (MPH)
AVERAGE WIND SPEED              3.8
HIGHEST WIND SPEED/DIRECTION    23/310    DATE  07/10
HIGHEST GUST SPEED/DIRECTION    33/240    DATE  07/18

SKY COVER
POSSIBLE SUNSHINE (PERCENT)   MM
AVERAGE SKY COVER           0.20
NUMBER OF DAYS FAIR           24
NUMBER OF DAYS PC              6
NUMBER OF DAYS CLOUDY          1

AVERAGE RH (PERCENT)     72

WEATHER CONDITIONS. NUMBER OF DAYS WITH
THUNDERSTORM             10     MIXED PRECIP               0
HEAVY RAIN                3     RAIN                       4
LIGHT RAIN               12     FREEZING RAIN              0
LT FREEZING RAIN          0     HAIL                       0
HEAVY SNOW                0     SNOW                       0
LIGHT SNOW                0     SLEET                      0
FOG                      19     FOG W/VIS <= 1/4 MILE      4
HAZE                     13

-  INDICATES NEGATIVE NUMBERS.
R  INDICATES RECORD WAS SET OR TIED.
MM INDICATES DATA IS MISSING.
T  INDICATES TRACE AMOUNT.

$$
