000
CXUS54 KJAN 012238
CLMHBG


CLIMATE REPORT
NATIONAL WEATHER SERVICE JACKSON MS
537 PM CDT WED JUL 1 2015

...................................

...THE HATTIESBURG CLIMATE SUMMARY FOR THE MONTH OF JUNE 2015...

CLIMATE NORMAL PERIOD 1981 TO 2010
CLIMATE RECORD PERIOD 1948 TO 2015

WEATHER         OBSERVED          NORMAL  DEPART  LAST YEAR`S
                 VALUE   DATE(S)  VALUE   FROM    VALUE  DATE(S)
                                          NORMAL
................................................................
TEMPERATURE (F)
RECORD
 HIGH             106   06/14/1963
 LOW               49   06/02/1972
                        06/03/1956
HIGHEST            97   06/23        MM      MM       95  06/20
LOWEST             64   06/04        MM      MM       65  06/12
AVG. MAXIMUM     90.5              89.9     0.6     89.9
AVG. MINIMUM     71.0              68.3     2.7     70.8
MEAN             80.8              79.1     1.7     80.4
DAYS MAX >= 90     17              16.1     0.9       20
DAYS MAX <= 32      0               0.0     0.0        0
DAYS MIN <= 32      0               0.0     0.0        0
DAYS MIN <= 0       0               0.0     0.0        0

PRECIPITATION (INCHES)
RECORD
 MAXIMUM        14.02   2003
 MINIMUM         0.53   2009
TOTALS           4.73              5.50   -0.77     4.94
DAILY AVG.       0.16              0.18   -0.02     0.16
DAYS >= .01        13                MM      MM       16
DAYS >= .10         8                MM      MM        8
DAYS >= .50         3                MM      MM        2
DAYS >= 1.00        1                MM      MM        1
GREATEST
 24 HR. TOTAL    1.85   06/09 TO 06/09              1.83

SNOWFALL (INCHES)
TOTALS            0.0
SINCE 7/1           T
DAYS >= TRACE       0
DAYS >= 1.0         0
GREATEST
 24 HR TOTAL      0.0   06/30 TO 06/30

DEGREE_DAYS
HEATING TOTAL       0                 0       0        0
 SINCE 7/1       1912              1985     -73     2276
COOLING TOTAL     479               423      56      467
 SINCE 1/1       1056               838     218      843
.................................................................

WIND (MPH)
AVERAGE WIND SPEED              3.9
HIGHEST WIND SPEED/DIRECTION    28/320    DATE  06/27
HIGHEST GUST SPEED/DIRECTION    43/310    DATE  06/27

SKY COVER
POSSIBLE SUNSHINE (PERCENT)   MM
AVERAGE SKY COVER           0.20
NUMBER OF DAYS FAIR           25
NUMBER OF DAYS PC              5
NUMBER OF DAYS CLOUDY          0

AVERAGE RH (PERCENT)     73

WEATHER CONDITIONS. NUMBER OF DAYS WITH
THUNDERSTORM             16     MIXED PRECIP               0
HEAVY RAIN                8     RAIN                      10
LIGHT RAIN               14     FREEZING RAIN              0
LT FREEZING RAIN          0     HAIL                       0
HEAVY SNOW                0     SNOW                       0
LIGHT SNOW                0     SLEET                      0
FOG                      17     FOG W/VIS <= 1/4 MILE      6
HAZE                      2

-  INDICATES NEGATIVE NUMBERS.
R  INDICATES RECORD WAS SET OR TIED.
MM INDICATES DATA IS MISSING.
T  INDICATES TRACE AMOUNT.

$$
