000
CXUS54 KJAN 011828
CLMHBG


CLIMATE REPORT
NATIONAL WEATHER SERVICE JACKSON MS
126 PM CDT SAT APR 1 2017

...................................

...THE HATTIESBURG CLIMATE SUMMARY FOR THE MONTH OF MARCH 2017...

CLIMATE NORMAL PERIOD 1981 TO 2010
CLIMATE RECORD PERIOD 1948 TO 2017

WEATHER         OBSERVED          NORMAL  DEPART  LAST YEAR`S
                 VALUE   DATE(S)  VALUE   FROM    VALUE  DATE(S)
                                          NORMAL
................................................................
TEMPERATURE (F)
RECORD
 HIGH              89   03/15/2008
                        03/17/2002
                        03/19/1982
 LOW               17   03/03/1980
HIGHEST            86   03/23        MM      MM       85  03/14
                        03/21
LOWEST             31   03/16        MM      MM       34  03/21
AVG. MAXIMUM     74.8              71.3     3.5     74.2
AVG. MINIMUM     51.1              46.8     4.3     52.3
MEAN             63.0              59.0     4.0     63.2
DAYS MAX >= 90      0               0.2    -0.2        0
DAYS MAX <= 32      0               0.0     0.0        0
DAYS MIN <= 32      2               1.5     0.5        0
DAYS MIN <= 0       0               0.0     0.0        0

PRECIPITATION (INCHES)
RECORD
 MAXIMUM        13.94   1961
 MINIMUM         0.34   1955
TOTALS           3.14              5.50   -2.36    13.32
DAILY AVG.       0.10              0.18   -0.08     0.43
DAYS >= .01         8                MM      MM       13
DAYS >= .10         6                MM      MM        9
DAYS >= .50         3                MM      MM        8
DAYS >= 1.00        0                MM      MM        3
GREATEST
 24 HR. TOTAL    0.95   03/07 TO 03/07              7.61

SNOWFALL (INCHES)
TOTALS            0.0
SINCE 7/1           T
DAYS >= TRACE       0
DAYS >= 1.0         0
GREATEST
 24 HR TOTAL      0.0   03/31 TO 03/31

DEGREE_DAYS
HEATING TOTAL     143               217     -74      113
 SINCE 7/1       1110              1895    -785     1351
COOLING TOTAL      88                33      55       66
 SINCE 1/1        157                48     109       91
.................................................................

WIND (MPH)
AVERAGE WIND SPEED              6.4
HIGHEST WIND SPEED/DIRECTION    25/140    DATE  03/24
HIGHEST GUST SPEED/DIRECTION    34/150    DATE  03/24

SKY COVER
POSSIBLE SUNSHINE (PERCENT)   MM
AVERAGE SKY COVER           0.40
NUMBER OF DAYS FAIR           12
NUMBER OF DAYS PC             14
NUMBER OF DAYS CLOUDY          5

AVERAGE RH (PERCENT)     69

WEATHER CONDITIONS. NUMBER OF DAYS WITH
THUNDERSTORM              5     MIXED PRECIP               0
HEAVY RAIN                4     RAIN                       6
LIGHT RAIN               13     FREEZING RAIN              0
LT FREEZING RAIN          0     HAIL                       0
HEAVY SNOW                0     SNOW                       0
LIGHT SNOW                0     SLEET                      0
FOG                      14     FOG W/VIS <= 1/4 MILE      3
HAZE                      0

-  INDICATES NEGATIVE NUMBERS.
R  INDICATES RECORD WAS SET OR TIED.
MM INDICATES DATA IS MISSING.
T  INDICATES TRACE AMOUNT.

$$
