000
CXUS54 KJAN 201410
CF6JAN
PRELIMINARY LOCAL CLIMATOLOGICAL DATA (WS FORM: F-6)
STATION: JACKSON
MONTH: APRIL
YEAR: 2024
LATITUDE: 32 19 N
LONGITUDE: 90 5 W
TEMPERATURE IN F: :PCPN: SNOW: WIND :SUNSHINE: SKY :PK WND
================================================================================
1 2 3 4 5 6A 6B 7 8 9 10 11 12 13 14 15 16 17 18
12Z AVG MX 2MIN
DY MAX MIN AVG DEP HDD CDD WTR SNW DPTH SPD SPD DIR MIN PSBL S-S WX SPD DR
================================================================================
1 M M M M M M M M M M M M M M M M M
2 84 58 71 9 0 6 0.02 0.0 0 12.9 30 180 M M 6 3 41 170
3 69 45 57 -5 8 0 0.00 0.0 0 10.3 24 280 M M 4 35 300
4 74 38 56 -6 9 0 0.00 0.0 0 6.6 22 280 M M 0 32 290
5 76 41 59 -3 6 0 0.00 0.0 0 3.4 12 30 M M 0 19 360
6 76 50 63 0 2 0 0.00 0.0 0 5.5 13 120 M M 5 17 130
7 80 53 67 4 0 2 0.00 0.0 M 10.6 20 210 M M 5 1 28 180
8 75 62 69 6 0 4 0.74 0.0 0 10.0 21 180 M M 9 13 31 290
9 72 62 67 4 0 2 4.64 0.0 M 9.8 25 130 M M 10 123 36 310
10 69 62 66 2 0 1 2.00 0.0 0 10.8 43 360 M M 10 13 59 360
11 74 56 65 1 0 0 0.01 0.0 0 12.1 24 350 M M 6 1 37 330
12 77 45 61 -3 4 0 0.00 0.0 0 4.5 20 340 M M 0 33 340
13 85 48 67 3 0 2 0.00 0.0 0 3.6 13 280 M M 1 19 200
14 83 57 70 6 0 5 0.00 0.0 0 9.4 21 170 M M 3 29 200
15 83 59 71 6 0 6 0.00 0.0 0 7.6 15 140 M M 3 19 150
16 85 68 77 12 0 12 0.00 0.0 M 12.1 23 180 M M 4 31 180
17 78 69 74 9 0 9 0.00 0.0 M 7.1 16 180 M M 9 23 170
18 78 67 73 8 0 8 T 0.0 M 7.3 16 120 M M 6 13 22 160
19 86 68 77 11 0 12 T 0.0 0 5.3 17 350 M M 8 1 20 350
================================================================================
SM 1404 1008 29 69 7.41 0.0 148.9 M 89
================================================================================
AV 78.0 56.0 8.3 FASTST M M 5 MAX(MPH)
MISC ----> 43 360 59 360
================================================================================
NOTES:
# LAST OF SEVERAL OCCURRENCES
COLUMN 17 PEAK WIND IN M.P.H.
PRELIMINARY LOCAL CLIMATOLOGICAL DATA (WS FORM: F-6) , PAGE 2
STATION: JACKSON
MONTH: APRIL
YEAR: 2024
LATITUDE: 32 19 N
LONGITUDE: 90 5 W
[TEMPERATURE DATA] [PRECIPITATION DATA] SYMBOLS USED IN COLUMN 16
AVERAGE MONTHLY: 67.0 TOTAL FOR MONTH: 7.41 1 = FOG OR MIST
DPTR FM NORMAL: 3.4 DPTR FM NORMAL: 3.46 2 = FOG REDUCING VISIBILITY
HIGHEST: 86 ON 19 GRTST 24HR 6.32 ON 9-10 TO 1/4 MILE OR LESS
LOWEST: 38 ON 4 3 = THUNDER
SNOW, ICE PELLETS, HAIL 4 = ICE PELLETS
TOTAL MONTH: 0.0 INCH 5 = HAIL
GRTST 24HR 0.0 6 = FREEZING RAIN OR DRIZZLE
GRTST DEPTH: 0 7 = DUSTSTORM OR SANDSTORM:
VSBY 1/2 MILE OR LESS
8 = SMOKE OR HAZE
[NO. OF DAYS WITH] [WEATHER - DAYS WITH] 9 = BLOWING SNOW
X = TORNADO
MAX 32 OR BELOW: 0 0.01 INCH OR MORE: 5
MAX 90 OR ABOVE: 0 0.10 INCH OR MORE: 3
MIN 32 OR BELOW: 0 0.50 INCH OR MORE: 3
MIN 0 OR BELOW: 0 1.00 INCH OR MORE: 2
[HDD (BASE 65) ]
TOTAL THIS MO. 29 CLEAR (SCALE 0-3) 6
DPTR FM NORMAL -45 PTCLDY (SCALE 4-7) 8
TOTAL FM JUL 1 1809 CLOUDY (SCALE 8-10) 4
DPTR FM NORMAL -382
[CDD (BASE 65) ]
TOTAL THIS MO. 69
DPTR FM NORMAL 22 [PRESSURE DATA]
TOTAL FM JAN 1 108 HIGHEST SLP M ON M
DPTR FM NORMAL 15 LOWEST SLP 29.49 ON 10
[REMARKS]