000
CXUS54 KJAN 301200
CF6JAN
PRELIMINARY LOCAL CLIMATOLOGICAL DATA (WS FORM: F-6)

                                          STATION:   JACKSON
                                          MONTH:     OCTOBER
                                          YEAR:      2014
                                          LATITUDE:   32 19 N
                                          LONGITUDE:  90  5 W

  TEMPERATURE IN F:       :PCPN:    SNOW:  WIND      :SUNSHINE: SKY     :PK WND
================================================================================
1   2   3   4   5  6A  6B    7    8   9   10  11  12  13   14  15   16   17  18
                                     12Z  AVG MX 2MIN
DY MAX MIN AVG DEP HDD CDD  WTR  SNW DPTH SPD SPD DIR MIN PSBL S-S WX    SPD DR
================================================================================

 1  90  65  78   8   0  13 0.00  0.0    0  6.4 14 130   M    M   4 18     19 180
 2  90  74  82  12   0  17 0.47  0.0    0 10.0 26 140   M    M   7 138    36 140
 3  82  57  70   0   0   5 0.92  0.0    0  7.0 26 320   M    M   5 138    40 340
 4  71  49  60  -9   5   0 0.00  0.0    0  6.9 21 360   M    M   1        27  10
 5  79  46  63  -6   2   0 0.00  0.0    0  7.8 18 220   M    M   1        24 210
 6  81  61  71   3   0   6 0.00  0.0    0  9.0 20 200   M    M   5        29 190
 7  87  66  77   9   0  12 0.00  0.0    0  8.2 15 200   M    M   4 1      20 190
 8  89  64  77   9   0  12 0.00  0.0    0  4.1 12 190   M    M   3 1      15 200
 9  87  66  77  10   0  12 0.00  0.0    0  5.8 12 170   M    M   4 12     21 150
10  89  72  81  14   0  16 0.00  0.0    0  8.7 18 210   M    M   6 1      23 220
11  89  69  79  12   0  14 0.00  0.0    0  6.6 15 200   M    M   5        21 230
12  87  68  78  12   0  13 0.00  0.0    0  6.8 15 170   M    M   5        21 160
13  89  61  75   9   0  10 1.59  0.0    0 13.3 32 160   M    M   8 13     42 170
14  72  55  64  -2   1   0 0.00  0.0    0  8.0 18 270   M    M   7        23 260
15  74  48  61  -4   4   0 0.00  0.0    0  5.8 21 270   M    M   0        27 270
16  80  45  63  -2   2   0 0.00  0.0    0  2.3 12 280   M    M   1        14 280
17  82  51  67   2   0   2 0.00  0.0    0  4.2 16 220   M    M   1        22 190
18  80  57  69   5   0   4 0.00  0.0    0  6.3 14 350   M    M   1 12     17 350
19  73  46  60  -4   5   0 0.00  0.0    0  4.4 13  70   M    M   0 1      17  70
20  77  43  60  -4   5   0 0.00  0.0    0  1.5 10 360   M    M   2 1      14 340
21  80  48  64   0   1   0 0.00  0.0    0  2.0 10 350   M    M   0 1      13 340
22  75  46  61  -2   4   0 0.00  0.0    0  6.2 15 360   M    M   0 1      19 340
23  69  42  56  -7   9   0 0.00  0.0    0  3.3  9  10   M    M   4        12 340
24  76  43  60  -3   5   0 0.00  0.0    0  2.4 13 350   M    M   1 1      16  10
25  82  45  64   2   1   0 0.00  0.0    0  1.8 10 290   M    M   0 1      14 320
26  85  53  69   7   0   4 0.00  0.0    0  1.3  9 200   M    M   0 1      12 190
27  83  56  70   8   0   5 0.00  0.0    0  7.7 18 170   M    M   1 18     23 160
28  80  58  69   8   0   4 0.00  0.0    0  6.2 13 170   M    M   5 1      17 180
29  76  47  62   1   3   0    T  0.0    0  6.5 20  10   M    M   5 1      24 360
================================================================================
SM 2354 1601        47 149  2.98     0.0 170.5          M       86
================================================================================
AV 81.2 55.2                               5.9 FASTST   M    M   3    MAX(MPH)
                                 MISC ---->  # 32 160               # 42  170
================================================================================
NOTES:
# LAST OF SEVERAL OCCURRENCES

COLUMN 17 PEAK WIND IN M.P.H.

PRELIMINARY LOCAL CLIMATOLOGICAL DATA (WS FORM: F-6) , PAGE 2

                                          STATION:  JACKSON
                                          MONTH:    OCTOBER
                                          YEAR:     2014
                                          LATITUDE:   32 19 N
                                          LONGITUDE:  90  5 W

[TEMPERATURE DATA]      [PRECIPITATION DATA]       SYMBOLS USED IN COLUMN 16

AVERAGE MONTHLY: 68.2   TOTAL FOR MONTH:   2.98    1 = FOG OR MIST
DPTR FM NORMAL:   2.7   DPTR FM NORMAL:   -0.69    2 = FOG REDUCING VISIBILITY
HIGHEST:    90 ON  2, 1 GRTST 24HR  1.59 ON 13-13      TO 1/4 MILE OR LESS
LOWEST:     42 ON 23                               3 = THUNDER
                        SNOW, ICE PELLETS, HAIL    4 = ICE PELLETS
                        TOTAL MONTH:   0.0 INCH    5 = HAIL
                        GRTST 24HR     0.0         6 = FREEZING RAIN OR DRIZZLE
                        GRTST DEPTH:   0           7 = DUSTSTORM OR SANDSTORM:
                                                       VSBY 1/2 MILE OR LESS
                                                   8 = SMOKE OR HAZE
[NO. OF DAYS WITH]      [WEATHER - DAYS WITH]      9 = BLOWING SNOW
                                                   X = TORNADO
MAX 32 OR BELOW:   0    0.01 INCH OR MORE:   3
MAX 90 OR ABOVE:   2    0.10 INCH OR MORE:   3
MIN 32 OR BELOW:   0    0.50 INCH OR MORE:   2
MIN  0 OR BELOW:   0    1.00 INCH OR MORE:   1

[HDD (BASE 65) ]
TOTAL THIS MO.    47    CLEAR  (SCALE 0-3)  14
DPTR FM NORMAL   -41    PTCLDY (SCALE 4-7)  14
TOTAL FM JUL 1    47    CLOUDY (SCALE 8-10)  1
DPTR FM NORMAL   -48

[CDD (BASE 65) ]
TOTAL THIS MO.   149
DPTR FM NORMAL    47    [PRESSURE DATA]
TOTAL FM JAN 1  2278    HIGHEST SLP M ON M
DPTR FM NORMAL    50    LOWEST  SLP 29.68 ON 13

[REMARKS]
