000
CXUS54 KJAN 271414
CF6JAN
PRELIMINARY LOCAL CLIMATOLOGICAL DATA (WS FORM: F-6)

                                          STATION:   JACKSON
                                          MONTH:     JUNE
                                          YEAR:      2016
                                          LATITUDE:   32 19 N
                                          LONGITUDE:  90  5 W

  TEMPERATURE IN F:       :PCPN:    SNOW:  WIND      :SUNSHINE: SKY     :PK WND
================================================================================
1   2   3   4   5  6A  6B    7    8   9   10  11  12  13   14  15   16   17  18
                                     12Z  AVG MX 2MIN
DY MAX MIN AVG DEP HDD CDD  WTR  SNW DPTH SPD SPD DIR MIN PSBL S-S WX    SPD DR
================================================================================

 1  87  68  78   2   0  13 0.06  0.0    0  3.8 17 160   M    M   5 1      19 160
 2  90  71  81   4   0  16    T  0.0    0  4.5 18 150   M    M   6        23 140
 3  89  71  80   3   0  15 0.17  0.0    0  5.9 21 180   M    M   6 13     27 170
 4  84  69  77   0   0  12 0.00  0.0    0  5.4 13 210   M    M   6 1      16 220
 5  89  71  80   3   0  15    T  0.0    0  4.2 12 170   M    M   5        17 150
 6  91  70  81   3   0  16 0.00  0.0    0  5.3 17 350   M    M   4        22 340
 7  94  65  80   2   0  15 0.00  0.0    0  4.6 15 340   M    M   0        21 340
 8  92  67  80   2   0  15 0.00  0.0    0  6.1 16 350   M    M   2        19 350
 9  93  64  79   1   0  14 0.00  0.0    0  3.1 10 120   M    M   3        13 120
10  95  64  80   2   0  15 0.00  0.0    0  2.0 12 130   M    M   2        14 140
11  91  72  82   4   0  17    T  0.0    0  4.5 21 120   M    M   4 138    27 120
12  93  72  83   4   0  18 0.90  0.0    0  5.5 28 310   M    M   5 138    33 310
13  95  72  84   5   0  19 0.07  0.0    0  3.7 24 230   M    M   5 13     34 240
14  85  73  79   0   0  14 0.03  0.0    0  5.7 20 270   M    M   7 1      24 290
15  94  76  85   6   0  20 0.00  0.0    0  5.9 15 220   M    M   6        18 210
16  96  77  87   8   0  22 0.00  0.0    0  6.1 15 270   M    M   2        19 260
17  96  71  84   4   0  19 0.48  0.0    0  6.7 33  30   M    M   4 13     42  40
18  92  70  81   1   0  16 0.00  0.0    0  5.3 12  70   M    M   4 3      15 360
19  90  74  82   2   0  17 0.25  0.0    0  6.2 18 110   M    M   6 8      23 110
20  92  74  83   3   0  18    T  0.0    0  2.3 12 180   M    M   7        13 190
21  90  73  82   2   0  17 0.01  0.0    0  4.6 15 290   M    M   4        19 290
22  93  73  83   3   0  18 0.01  0.0    0  5.5 15 190   M    M   5        20 180
23  93  76  85   5   0  20    T  0.0    0  4.2 10 180   M    M   7        13 250
24  95  74  85   5   0  20    T  0.0    0  3.1 10 320   M    M   4        13 330
25  97  75  86   6   0  21 0.00  0.0    0  2.1  9 320   M    M   4        11 280
26  97  74  86   5   0  21 0.00  0.0    0  2.8 10 330   M    M   2        15 340
================================================================================
SM 2393 1856         0 443  1.98     0.0 119.1          M      115
================================================================================
AV 92.0 71.4                               4.6 FASTST   M    M   4    MAX(MPH)
                                 MISC ---->  # 33  30               # 42   40
================================================================================
NOTES:
# LAST OF SEVERAL OCCURRENCES

COLUMN 17 PEAK WIND IN M.P.H.

PRELIMINARY LOCAL CLIMATOLOGICAL DATA (WS FORM: F-6) , PAGE 2

                                          STATION:  JACKSON
                                          MONTH:    JUNE
                                          YEAR:     2016
                                          LATITUDE:   32 19 N
                                          LONGITUDE:  90  5 W

[TEMPERATURE DATA]      [PRECIPITATION DATA]       SYMBOLS USED IN COLUMN 16

AVERAGE MONTHLY: 81.7   TOTAL FOR MONTH:   1.98    1 = FOG OR MIST
DPTR FM NORMAL:   2.9   DPTR FM NORMAL:   -1.53    2 = FOG REDUCING VISIBILITY
HIGHEST:    97 ON 26,25 GRTST 24HR  0.90 ON 12-12      TO 1/4 MILE OR LESS
LOWEST:     64 ON 10, 9                            3 = THUNDER
                        SNOW, ICE PELLETS, HAIL    4 = ICE PELLETS
                        TOTAL MONTH:   0.0 INCH    5 = HAIL
                        GRTST 24HR     0.0         6 = FREEZING RAIN OR DRIZZLE
                        GRTST DEPTH:   0           7 = DUSTSTORM OR SANDSTORM:
                                                       VSBY 1/2 MILE OR LESS
                                                   8 = SMOKE OR HAZE
[NO. OF DAYS WITH]      [WEATHER - DAYS WITH]      9 = BLOWING SNOW
                                                   X = TORNADO
MAX 32 OR BELOW:   0    0.01 INCH OR MORE:   9
MAX 90 OR ABOVE:  21    0.10 INCH OR MORE:   4
MIN 32 OR BELOW:   0    0.50 INCH OR MORE:   1
MIN  0 OR BELOW:   0    1.00 INCH OR MORE:   0

[HDD (BASE 65) ]
TOTAL THIS MO.     0    CLEAR  (SCALE 0-3)   6
DPTR FM NORMAL     0    PTCLDY (SCALE 4-7)  20
TOTAL FM JUL 1  1587    CLOUDY (SCALE 8-10)  0
DPTR FM NORMAL  -804

[CDD (BASE 65) ]
TOTAL THIS MO.   443
DPTR FM NORMAL    86    [PRESSURE DATA]
TOTAL FM JAN 1   831    HIGHEST SLP M ON M
DPTR FM NORMAL   116    LOWEST  SLP 29.74 ON  6

[REMARKS]
