000
CDUS44 KJAN 210713
CLIJAN


CLIMATE REPORT
NATIONAL WEATHER SERVICE JACKSON MS
111 AM CST SUN JAN 21 2018


...................................

...THE JACKSON CLIMATE SUMMARY FOR JANUARY 20 2018...

CLIMATE NORMAL PERIOD 1981 TO 2010
CLIMATE RECORD PERIOD 1896 TO 2018


WEATHER ITEM   OBSERVED TIME   RECORD YEAR NORMAL DEPARTURE LAST
                VALUE   (LST)  VALUE       VALUE  FROM      YEAR
                                                  NORMAL
..................................................................
TEMPERATURE (F)
 YESTERDAY
  MAXIMUM         68    131 PM  81    1935  56     12       77
  MINIMUM         36    712 AM   2    1985  35      1       50
  AVERAGE         52                        46      6       64

PRECIPITATION (IN)
  YESTERDAY        T             2.86 1979   0.16  -0.16     0.00
  MONTH TO DATE    1.69                      3.06  -1.37     5.20
  SINCE DEC 1      5.36                      8.21  -2.85    10.94
  SINCE JAN 1      1.69                      3.06  -1.37     5.20

SNOWFALL (IN)
  YESTERDAY        0.0           T    1985   0.0    0.0      0.0
                                      1983
                                      1978
  MONTH TO DATE    0.8                       0.2    0.6      0.8
  SINCE DEC 1      5.9                       0.5    5.4      0.8
  SINCE JUL 1      5.9                       0.5    5.4      0.8

DEGREE DAYS
 HEATING
  YESTERDAY       13                        19     -6        1
  MONTH TO DATE  547                       399    148      196
  SINCE DEC 1   1023                       941     82      600
  SINCE JUL 1   1282                      1349    -67      804

 COOLING
  YESTERDAY        0                         0      0        0
  MONTH TO DATE    0                         0      0       22
  SINCE DEC 1     11                         8      3       52
  SINCE JAN 1      0                         0      0       22
..................................................................


WIND (MPH)
  HIGHEST WIND SPEED    17   HIGHEST WIND DIRECTION     S (180)
  HIGHEST GUST SPEED    23   HIGHEST GUST DIRECTION     S (180)
  AVERAGE WIND SPEED     8.2


SKY COVER
  POSSIBLE SUNSHINE  MM
  AVERAGE SKY COVER 0.4


WEATHER CONDITIONS
 THE FOLLOWING WEATHER WAS RECORDED YESTERDAY.
  LIGHT RAIN


RELATIVE HUMIDITY (PERCENT)
 HIGHEST    77           900 PM
 LOWEST     37           800 AM
 AVERAGE    57

..........................................................


THE JACKSON CLIMATE NORMALS FOR TODAY
                         NORMAL    RECORD    YEAR
 MAXIMUM TEMPERATURE (F)   56        80      1938
 MINIMUM TEMPERATURE (F)   35         2      1985


SUNRISE AND SUNSET
JANUARY 21 2018.......SUNRISE   700 AM CST   SUNSET   524 PM CST
JANUARY 22 2018.......SUNRISE   700 AM CST   SUNSET   525 PM CST


-  INDICATES NEGATIVE NUMBERS.
R  INDICATES RECORD WAS SET OR TIED.
MM INDICATES DATA IS MISSING.
T  INDICATES TRACE AMOUNT.

&&

AT 1 AM:

THE PEARL RIVER STAGE AT JACKSON WAS 3.5 FEET. THE RIVER FELL 0.1 FEET
OVER THE PAST 24 HOURS.

THE MISSISSIPPI RIVER STAGE AT VICKSBURG WAS 12.9 FEET. THE RIVER ROSE
1.4  FEET OVER THE PAST 24 HOURS.


$$
