000
CDUS44 KJAN 040641
CLIJAN


CLIMATE REPORT
NATIONAL WEATHER SERVICE JACKSON MS
139 AM CDT WED MAY 4 2016


...................................

...THE JACKSON CLIMATE SUMMARY FOR MAY 3 2016...

CLIMATE NORMAL PERIOD 1981 TO 2010
CLIMATE RECORD PERIOD 1896 TO 2016


WEATHER ITEM   OBSERVED TIME   RECORD YEAR NORMAL DEPARTURE LAST
                VALUE   (LST)  VALUE       VALUE  FROM      YEAR
                                                  NORMAL
..................................................................
TEMPERATURE (F)
 YESTERDAY
  MAXIMUM         76    209 PM  92    1943  80     -4       84
  MINIMUM         54   1115 PM  40    2013  58     -4       53
  AVERAGE         65                        69     -4       69

PRECIPITATION (IN)
  YESTERDAY        T             2.40 1916   0.14  -0.14     0.00
  MONTH TO DATE    1.01                      0.42   0.59     0.00
  SINCE MAR 1     20.50                     10.42  10.08    11.02
  SINCE JAN 1     32.10                     20.15  11.95    21.22

SNOWFALL (IN)
  YESTERDAY        0.0           0.0    MM   0.0    0.0      0.0
  MONTH TO DATE    0.0                       0.0    0.0      0.0
  SINCE MAR 1      0.0                       0.1   -0.1      0.3
  SINCE JUL 1      T                         0.8   -0.8      0.3

DEGREE DAYS
 HEATING
  YESTERDAY        0                         1     -1        0
  MONTH TO DATE    0                         3     -3        2
  SINCE MAR 1    189                       390   -201      227
  SINCE JUL 1   1580                      2382   -802     2353

 COOLING
  YESTERDAY        0                         5     -5        4
  MONTH TO DATE   12                        14     -2        4
  SINCE MAR 1    162                       122     40      180
  SINCE JAN 1    171                       132     39      180
..................................................................


WIND (MPH)
  HIGHEST WIND SPEED    16   HIGHEST WIND DIRECTION     N (340)
  HIGHEST GUST SPEED    21   HIGHEST GUST DIRECTION     N (350)
  AVERAGE WIND SPEED     7.0


SKY COVER
  POSSIBLE SUNSHINE  MM
  AVERAGE SKY COVER 0.6


WEATHER CONDITIONS
 THE FOLLOWING WEATHER WAS RECORDED YESTERDAY.
  LIGHT RAIN
  FOG


RELATIVE HUMIDITY (PERCENT)
 HIGHEST    93           200 AM
 LOWEST     46           300 PM
 AVERAGE    70

..........................................................


THE JACKSON CLIMATE NORMALS FOR TODAY
                         NORMAL    RECORD    YEAR
 MAXIMUM TEMPERATURE (F)   80        93      1949
 MINIMUM TEMPERATURE (F)   58        36      2013


SUNRISE AND SUNSET
MAY  4 2016...........SUNRISE   611 AM CDT   SUNSET   744 PM CDT
MAY  5 2016...........SUNRISE   610 AM CDT   SUNSET   745 PM CDT


-  INDICATES NEGATIVE NUMBERS.
R  INDICATES RECORD WAS SET OR TIED.
MM INDICATES DATA IS MISSING.
T  INDICATES TRACE AMOUNT.

&&

AT 1 AM...

THE PEARL RIVER STAGE AT JACKSON WAS 6.4 FEET. THE RIVER FELL 3.4
FEET OVER THE PAST 24 HOURS.

THE MISSISSIPPI RIVER STAGE AT VICKSBURG WAS 28.6 FEET. THE RIVER
ROSE 1.3 FEET OVER THE PAST 24 HOURS.



$$
