000
CDUS44 KJAN 090824
CLIJAN


CLIMATE REPORT
NATIONAL WEATHER SERVICE JACKSON MS
222 AM CST TUE FEB 9 2016


...................................

...THE JACKSON CLIMATE SUMMARY FOR FEBRUARY 8 2016...

CLIMATE NORMAL PERIOD 1981 TO 2010
CLIMATE RECORD PERIOD 1896 TO 2016


WEATHER ITEM   OBSERVED TIME   RECORD YEAR NORMAL DEPARTURE LAST
                VALUE   (LST)  VALUE       VALUE  FROM      YEAR
                                                  NORMAL
..................................................................
TEMPERATURE (F)
 YESTERDAY
  MAXIMUM         53        MM  83    1937  59     -6       74
  MINIMUM         38   1155 PM  15    1933  37      1       49
  AVERAGE         46                        48     -2       62

PRECIPITATION (IN)
  YESTERDAY        0.00          2.54 1933   0.17  -0.17      T
  MONTH TO DATE    5.15                      1.39   3.76     0.57
  SINCE DEC 1     14.39                     11.51   2.88     9.22
  SINCE JAN 1      8.52                      6.36   2.16     5.29

SNOWFALL (IN)
  YESTERDAY        0.0           T    1973   0.0    0.0      0.0
                                      1971
                                      1933
  MONTH TO DATE    0.0                       0.0    0.0      0.0
  SINCE DEC 1      T                         0.6   -0.6      0.0
  SINCE JUL 1      T                         0.6   -0.6      0.0

DEGREE DAYS
 HEATING
  YESTERDAY       19                        17      2        3
  MONTH TO DATE  125                       142    -17      147
  SINCE DEC 1    962                      1286   -324     1182
  SINCE JUL 1   1154                      1694   -540     1682

 COOLING
  YESTERDAY        0                         0      0        0
  MONTH TO DATE    5                         0      5        0
  SINCE DEC 1     74                        12     62        2
  SINCE JAN 1      5                         4      1        0
..................................................................


WIND (MPH)
  HIGHEST WIND SPEED    24   HIGHEST WIND DIRECTION     W (280)
  HIGHEST GUST SPEED    32   HIGHEST GUST DIRECTION    NW (310)
  AVERAGE WIND SPEED    10.0


SKY COVER
  POSSIBLE SUNSHINE  MM
  AVERAGE SKY COVER 0.3


WEATHER CONDITIONS
 THE FOLLOWING WEATHER WAS RECORDED YESTERDAY.
  NO SIGNIFICANT WEATHER WAS OBSERVED.


RELATIVE HUMIDITY (PERCENT)
 HIGHEST    65           400 AM
 LOWEST     29           200 PM
 AVERAGE    47

..........................................................


THE JACKSON CLIMATE NORMALS FOR TODAY
                         NORMAL    RECORD    YEAR
 MAXIMUM TEMPERATURE (F)   59        82      1957
 MINIMUM TEMPERATURE (F)   37        12      1933


SUNRISE AND SUNSET
FEBRUARY  9 2016......SUNRISE   649 AM CST   SUNSET   541 PM CST
FEBRUARY 10 2016......SUNRISE   648 AM CST   SUNSET   542 PM CST


-  INDICATES NEGATIVE NUMBERS.
R  INDICATES RECORD WAS SET OR TIED.
MM INDICATES DATA IS MISSING.
T  INDICATES TRACE AMOUNT.

&&

AT 2 AM:

THE PEARL RIVER STAGE AT JACKSON WAS 30.4 FEET. THE RIVER HAS
FALLEN 0.7 FEET IN THE LAST 24 HOURS.

THE MISSISSIPPI RIVER STAGE AT VICKSBURG WAS 34.9 FEET. THE RIVER
HAS REMAINED STEADY OVER THE PAST 24 HOURS.

$$
