000
CDUS44 KJAN 222209
CLIJAN


CLIMATE REPORT
NATIONAL WEATHER SERVICE JACKSON MS
509 PM CDT MON MAY 22 2017


...................................

...THE JACKSON CLIMATE SUMMARY FOR MAY 22 2017...
VALID AS OF 0500 PM LOCAL TIME.

CLIMATE NORMAL PERIOD 1981 TO 2010
CLIMATE RECORD PERIOD 1896 TO 2017


WEATHER ITEM   OBSERVED TIME   RECORD YEAR NORMAL DEPARTURE LAST
                VALUE   (LST)  VALUE       VALUE  FROM      YEAR
                                                  NORMAL
..................................................................
TEMPERATURE (F)
 TODAY
  MAXIMUM         74   1218 PM  98    1902  85    -11       83
  MINIMUM         65    621 AM  46    1993  63      2       59
  AVERAGE         70                        74     -4       71

PRECIPITATION (IN)
  TODAY            0.30          2.58 1959   0.14   0.16     0.00
  MONTH TO DATE    2.74                      3.10  -0.36     1.30
  SINCE MAR 1     17.72                     13.10   4.62    20.79
  SINCE JAN 1     27.93                     22.83   5.10    32.39

SNOWFALL (IN)
  TODAY            0.0           0.0    MM   0.0    0.0      0.0
  MONTH TO DATE    0.0                       0.0    0.0      0.0
  SINCE MAR 1      T                         0.1   -0.1      0.0
  SINCE JUL 1      0.8                       0.8    0.0       T

DEGREE DAYS
 HEATING
  TODAY            0                         0      0        0
  MONTH TO DATE   13                        10      3        7
  SINCE MAR 1    210                       397   -187      196
  SINCE JUL 1   1328                      2389  -1061     1587

 COOLING
  TODAY            5                         9     -4        6
  MONTH TO DATE  145                       147     -2      117
  SINCE MAR 1    369                       255    114      267
  SINCE JAN 1    427                       265    162      276
..................................................................


WIND (MPH)
  HIGHEST WIND SPEED    10   HIGHEST WIND DIRECTION     N (10)
  HIGHEST GUST SPEED    13   HIGHEST GUST DIRECTION     N (360)
  AVERAGE WIND SPEED     3.2


SKY COVER
  POSSIBLE SUNSHINE  MM
  AVERAGE SKY COVER 0.9


WEATHER CONDITIONS
 THE FOLLOWING WEATHER WAS RECORDED TODAY.
  RAIN
  LIGHT RAIN
  FOG


RELATIVE HUMIDITY (PERCENT)
 HIGHEST    93          1200 AM
 LOWEST     68          1100 AM
 AVERAGE    81

..........................................................


THE JACKSON CLIMATE NORMALS FOR TOMORROW
                         NORMAL    RECORD    YEAR
 MAXIMUM TEMPERATURE (F)   85        95      1950
                                             1948
                                             1941
 MINIMUM TEMPERATURE (F)   64        49      2002


SUNRISE AND SUNSET
MAY 22 2017...........SUNRISE   558 AM CDT   SUNSET   756 PM CDT
MAY 23 2017...........SUNRISE   558 AM CDT   SUNSET   757 PM CDT


-  INDICATES NEGATIVE NUMBERS.
R  INDICATES RECORD WAS SET OR TIED.
MM INDICATES DATA IS MISSING.
T  INDICATES TRACE AMOUNT.




$$
