000
CDUS44 KJAN 300700
CLIJAN

CLIMATE REPORT
NATIONAL WEATHER SERVICE JACKSON MS
157 AM CDT MON MAY 30 2016

...................................

...THE JACKSON CLIMATE SUMMARY FOR MAY 29 2016...

CLIMATE NORMAL PERIOD 1981 TO 2010
CLIMATE RECORD PERIOD 1896 TO 2016


WEATHER ITEM   OBSERVED TIME   RECORD YEAR NORMAL DEPARTURE LAST
                VALUE   (LST)  VALUE       VALUE  FROM      YEAR
                                                  NORMAL
..................................................................
TEMPERATURE (F)
 YESTERDAY
  MAXIMUM         93    313 PM  99    1911  86      7       89
  MINIMUM         64    413 AM  51    1961  65     -1       72
  AVERAGE         79                        76      3       81

PRECIPITATION (IN)
  YESTERDAY        0.00          2.02 1912   0.15  -0.15     0.00
  MONTH TO DATE    1.31                      4.10  -2.79     4.82
  SINCE MAR 1     20.80                     14.10   6.70    15.84
  SINCE JAN 1     32.40                     23.83   8.57    26.04

SNOWFALL (IN)
  YESTERDAY        0.0           0.0    MM   0.0    0.0      0.0
  MONTH TO DATE    0.0                       0.0    0.0      0.0
  SINCE MAR 1      0.0                       0.1   -0.1      0.3
  SINCE JUL 1      T                         0.8   -0.8      0.3

DEGREE DAYS
 HEATING
  YESTERDAY        0                         0      0        0
  MONTH TO DATE    7                        10     -3        2
  SINCE MAR 1    196                       397   -201      227
  SINCE JUL 1   1587                      2389   -802     2353

 COOLING
  YESTERDAY       14                        11      3       16
  MONTH TO DATE  200                       218    -18      254
  SINCE MAR 1    350                       326     24      430
  SINCE JAN 1    359                       336     23      430
..................................................................


WIND (MPH)
  HIGHEST WIND SPEED    12   HIGHEST WIND DIRECTION     N (350)
  HIGHEST GUST SPEED    16   HIGHEST GUST DIRECTION     N (350)
  AVERAGE WIND SPEED     2.8


SKY COVER
  POSSIBLE SUNSHINE  MM
  AVERAGE SKY COVER 0.3


WEATHER CONDITIONS
 THE FOLLOWING WEATHER WAS RECORDED YESTERDAY.
  FOG


RELATIVE HUMIDITY (PERCENT)
 HIGHEST    93           200 AM
 LOWEST     41           400 PM
 AVERAGE    67

..........................................................


THE JACKSON CLIMATE NORMALS FOR TODAY
                         NORMAL    RECORD    YEAR
 MAXIMUM TEMPERATURE (F)   87        99      1911
                                             1896
 MINIMUM TEMPERATURE (F)   65        45      1984


SUNRISE AND SUNSET
MAY 30 2016...........SUNRISE   555 AM CDT   SUNSET   801 PM CDT
MAY 31 2016...........SUNRISE   554 AM CDT   SUNSET   802 PM CDT


-  INDICATES NEGATIVE NUMBERS.
R  INDICATES RECORD WAS SET OR TIED.
MM INDICATES DATA IS MISSING.
T  INDICATES TRACE AMOUNT.

&&

AT 2 AM...

THE PEARL RIVER STAGE AT JACKSON WAS 3.8 FEET. THE RIVER LEVEL WAS
UNCHANGED OVER THE PAST 24 HOURS.

THE MISSISSIPPI RIVER STAGE AT VICKSBURG WAS 33.4 FEET. THE RIVER
FELL 0.2 FEET OVER THE PAST 24 HOURS.

$$
