000
CDUS44 KJAN 010828
CLIJAN


CLIMATE REPORT
NATIONAL WEATHER SERVICE JACKSON MS
322 AM CDT TUE SEP 1 2015


...................................

...THE JACKSON CLIMATE SUMMARY FOR AUGUST 31 2015...

CLIMATE NORMAL PERIOD 1981 TO 2010
CLIMATE RECORD PERIOD 1896 TO 2015


WEATHER ITEM   OBSERVED TIME   RECORD YEAR NORMAL DEPARTURE LAST
                VALUE   (LST)  VALUE       VALUE  FROM      YEAR
                                                  NORMAL
..................................................................
TEMPERATURE (F)
 YESTERDAY
  MAXIMUM         96    129 PM 106    2000  91      5       86
  MINIMUM         70    547 AM  57    1946  69      1       73
  AVERAGE         83                        80      3       80

PRECIPITATION (IN)
  YESTERDAY        0.00          0.89 1938   0.11  -0.11      T
  MONTH TO DATE    0.40                      4.24  -3.84     3.51
  SINCE JUN 1      8.33                     13.17  -4.84    12.08
  SINCE JAN 1     36.61                     37.28  -0.67    43.68

SNOWFALL (IN)
  YESTERDAY        0.0           0.0  2002   0.0    0.0      0.0
                                      2001
  MONTH TO DATE    0.0                       0.0    0.0      0.0
  SINCE JUN 1      0.0                       0.0    0.0      0.0
  SINCE JUL 1      0.0                       0.0    0.0      0.0

DEGREE DAYS
 HEATING
  YESTERDAY        0                         0      0        0
  MONTH TO DATE    0                         0      0        0
  SINCE JUN 1      0                         0      0        0
  SINCE JUL 1      0                         0      0        0

 COOLING
  YESTERDAY       18                        15      3       15
  MONTH TO DATE  576                       504     72      516
  SINCE JUN 1   1676                      1441    235     1399
  SINCE JAN 1   2129                      1799    330     1730
..................................................................


WIND (MPH)
  HIGHEST WIND SPEED    12   HIGHEST WIND DIRECTION    NW (300)
  HIGHEST GUST SPEED    16   HIGHEST GUST DIRECTION     W (280)
  AVERAGE WIND SPEED     3.6


SKY COVER
  POSSIBLE SUNSHINE  MM
  AVERAGE SKY COVER 0.3


WEATHER CONDITIONS
 THE FOLLOWING WEATHER WAS RECORDED YESTERDAY.
  NO SIGNIFICANT WEATHER WAS OBSERVED.


RELATIVE HUMIDITY (PERCENT)
 HIGHEST    90           500 AM
 LOWEST     30           100 PM
 AVERAGE    60

..........................................................


THE JACKSON CLIMATE NORMALS FOR TODAY
                         NORMAL    RECORD    YEAR
 MAXIMUM TEMPERATURE (F)   90       104      2000
 MINIMUM TEMPERATURE (F)   69        52      1903


SUNRISE AND SUNSET
SEPTEMBER  1 2015.....SUNRISE   635 AM CDT   SUNSET   725 PM CDT
SEPTEMBER  2 2015.....SUNRISE   636 AM CDT   SUNSET   724 PM CDT


-  INDICATES NEGATIVE NUMBERS.
R  INDICATES RECORD WAS SET OR TIED.
MM INDICATES DATA IS MISSING.
T  INDICATES TRACE AMOUNT.

&&

AT 3 AM:

THE PEARL RIVER STAGE AT JACKSON WAS 3.4 FEET. THE RIVER STAGE HAS
REMAINED STEADY OVER THE PAST 24 HOURS.

THE MISSISSIPPI RIVER STAGE AT VICKSBURG WAS 17 FEET. THE RIVER
STAGE FELL TWO TENTHS OF A FOOT OVER THE PAST 24 HOURS.

$$
