000
CDUS44 KJAN 240834
CLIJAN


CLIMATE REPORT
NATIONAL WEATHER SERVICE JACKSON MS
231 AM CST MON NOV 24 2014


...................................

...THE JACKSON CLIMATE SUMMARY FOR NOVEMBER 23 2014...

CLIMATE NORMAL PERIOD 1981 TO 2010
CLIMATE RECORD PERIOD 1896 TO 2014


WEATHER ITEM   OBSERVED TIME   RECORD YEAR NORMAL DEPARTURE LAST
                VALUE   (LST)  VALUE       VALUE  FROM      YEAR
                                                  NORMAL
..................................................................
TEMPERATURE (F)
 YESTERDAY
  MAXIMUM         70    416 PM  85    1921  65      5       57
                                      1913
  MINIMUM         61    759 AM  22    1903  42     19       40
  AVERAGE         66                        53     13       49

PRECIPITATION (IN)
  YESTERDAY        0.34          1.95 1983   0.17   0.17     0.45
  MONTH TO DATE    3.88                      3.50   0.38     1.67
  SINCE SEP 1      8.58                     10.45  -1.87    11.14
  SINCE JAN 1     52.26                     47.73   4.53    54.80

SNOWFALL (IN)
  YESTERDAY        0.0           T    1971   0.0    0.0      0.0
                                      1964
  MONTH TO DATE    0.0                       0.0    0.0      0.0
  SINCE SEP 1      0.0                       0.0    0.0      0.0
  SINCE JUL 1      0.0                       0.0    0.0      0.0

DEGREE DAYS
 HEATING
  YESTERDAY        0                        12    -12       16
  MONTH TO DATE  335                       209    126      203
  SINCE SEP 1    398                       316     82      285
  SINCE JUL 1    398                       316     82      285

 COOLING
  YESTERDAY        1                         0      1        0
  MONTH TO DATE    3                        21    -18       15
  SINCE SEP 1    551                       453     98      583
  SINCE JAN 1   2281                      2252     29     2347
..................................................................


WIND (MPH)
  HIGHEST WIND SPEED    25   HIGHEST WIND DIRECTION    SW (220)
  HIGHEST GUST SPEED    37   HIGHEST GUST DIRECTION     S (200)
  AVERAGE WIND SPEED    13.1


SKY COVER
  POSSIBLE SUNSHINE  MM
  AVERAGE SKY COVER 0.7


WEATHER CONDITIONS
 THE FOLLOWING WEATHER WAS RECORDED YESTERDAY.
  HEAVY RAIN
  RAIN
  LIGHT RAIN
  FOG


RELATIVE HUMIDITY (PERCENT)
 HIGHEST   100           800 AM
 LOWEST     66           400 PM
 AVERAGE    83

..........................................................


THE JACKSON CLIMATE NORMALS FOR TODAY
                         NORMAL    RECORD    YEAR
 MAXIMUM TEMPERATURE (F)   64        86      1921
 MINIMUM TEMPERATURE (F)   42        19      1970


SUNRISE AND SUNSET
NOVEMBER 24 2014......SUNRISE   638 AM CST   SUNSET   456 PM CST
NOVEMBER 25 2014......SUNRISE   639 AM CST   SUNSET   456 PM CST


-  INDICATES NEGATIVE NUMBERS.
R  INDICATES RECORD WAS SET OR TIED.
MM INDICATES DATA IS MISSING.
T  INDICATES TRACE AMOUNT.

&&

THIS MORNING:

THE PEARL RIVER STAGE AT JACKSON WAS 6.2 FEET. THE RIVER HAS FALLEN
1.3 FEET OVER THE PAST 24 HOURS.

THE MISSISSIPPI RIVER STAGE AT VICKSBURG WAS 11.8 FEET. THE RIVER
HAS FALLEN 0.5 FEET OVER THE PAST 24 HOURS.

$$
