000
CDUS44 KJAN 300625
CLIJAN


CLIMATE REPORT
NATIONAL WEATHER SERVICE JACKSON MS
121 AM CDT TUE JUN 30 2015


...................................

...THE JACKSON CLIMATE SUMMARY FOR JUNE 29 2015...

CLIMATE NORMAL PERIOD 1981 TO 2010
CLIMATE RECORD PERIOD 1896 TO 2015


WEATHER ITEM   OBSERVED TIME   RECORD YEAR NORMAL DEPARTURE LAST
                VALUE   (LST)  VALUE       VALUE  FROM      YEAR
                                                  NORMAL
..................................................................
TEMPERATURE (F)
 YESTERDAY
  MAXIMUM         92    331 PM 105    1988  91      1       90
  MINIMUM         67    310 AM  58    1974  71     -4       75
  AVERAGE         80                        81     -1       83

PRECIPITATION (IN)
  YESTERDAY        0.00          1.53 1943   0.16  -0.16     0.00
  MONTH TO DATE    5.42                      3.97   1.45     6.43
  SINCE JUN 1      5.42                      3.97   1.45     6.43
  SINCE JAN 1     33.70                     28.08   5.62    38.03

SNOWFALL (IN)
  YESTERDAY        0.0           0.0    MM   0.0    0.0      0.0
  MONTH TO DATE    0.0                       0.0    0.0      0.0
  SINCE JUN 1      0.0                       0.0    0.0      0.0
  SINCE JUL 1      0.3                       0.8   -0.5      0.8

DEGREE DAYS
 HEATING
  YESTERDAY        0                         0      0        0
  MONTH TO DATE    0                         0      0        0
  SINCE JUN 1      0                         0      0        0
  SINCE JUL 1   2353                      2391    -38     2744

 COOLING
  YESTERDAY       15                        16     -1       18
  MONTH TO DATE  468                       405     63      425
  SINCE JUN 1    468                       405     63      425
  SINCE JAN 1    921                       763    158      756
..................................................................


WIND (MPH)
  HIGHEST WIND SPEED    16   HIGHEST WIND DIRECTION     S (200)
  HIGHEST GUST SPEED    22   HIGHEST GUST DIRECTION     S (190)
  AVERAGE WIND SPEED     6.0


SKY COVER
  POSSIBLE SUNSHINE  MM
  AVERAGE SKY COVER 0.3


WEATHER CONDITIONS
 THE FOLLOWING WEATHER WAS RECORDED YESTERDAY.
  NO SIGNIFICANT WEATHER WAS OBSERVED.


RELATIVE HUMIDITY (PERCENT)
 HIGHEST    90          1200 AM
 LOWEST     41           200 PM
 AVERAGE    66

..........................................................


THE JACKSON CLIMATE NORMALS FOR TODAY
                         NORMAL    RECORD    YEAR
 MAXIMUM TEMPERATURE (F)   91       103      1914
                                             1902
 MINIMUM TEMPERATURE (F)   71        54      1923


SUNRISE AND SUNSET
JUNE 30 2015..........SUNRISE   557 AM CDT   SUNSET   811 PM CDT
JULY  1 2015..........SUNRISE   557 AM CDT   SUNSET   811 PM CDT


-  INDICATES NEGATIVE NUMBERS.
R  INDICATES RECORD WAS SET OR TIED.
MM INDICATES DATA IS MISSING.
T  INDICATES TRACE AMOUNT.




$$
