000
CDUS44 KJAN 170710
CLIJAN


CLIMATE REPORT
NATIONAL WEATHER SERVICE JACKSON MS
207 AM CDT WED SEP 17 2014


...................................

...THE JACKSON CLIMATE SUMMARY FOR SEPTEMBER 16 2014...

CLIMATE NORMAL PERIOD 1981 TO 2010
CLIMATE RECORD PERIOD 1896 TO 2014


WEATHER ITEM   OBSERVED TIME   RECORD YEAR NORMAL DEPARTURE LAST
                VALUE   (LST)  VALUE       VALUE  FROM      YEAR
                                                  NORMAL
..................................................................
TEMPERATURE (F)
 YESTERDAY
  MAXIMUM         89    137 PM 103    1927  87      2       96
  MINIMUM         71    422 AM  42    1902  65      6       67
  AVERAGE         80                        76      4       82

PRECIPITATION (IN)
  YESTERDAY        0.00          4.59 1971   0.10  -0.10     0.00
  MONTH TO DATE    1.54                      1.60  -0.06     0.27
  SINCE SEP 1      1.54                      1.60  -0.06     0.27
  SINCE JAN 1     45.22                     38.88   6.34    43.93

SNOWFALL (IN)
  YESTERDAY        0.0           0.0  2002   0.0    0.0      0.0
                                      2001
  MONTH TO DATE    0.0                       0.0    0.0      0.0
  SINCE SEP 1      0.0                       0.0    0.0      0.0
  SINCE JUL 1      0.0                       0.0    0.0      0.0

DEGREE DAYS
 HEATING
  YESTERDAY        0                         0      0        0
  MONTH TO DATE    0                         0      0        0
  SINCE SEP 1      0                         0      0        0
  SINCE JUL 1      0                         0      0        0

 COOLING
  YESTERDAY       15                        11      4       17
  MONTH TO DATE  252                       207     45      276
  SINCE SEP 1    252                       207     45      276
  SINCE JAN 1   1982                      2006    -24     2040
..................................................................


WIND (MPH)
  HIGHEST WIND SPEED    13   HIGHEST WIND DIRECTION     N (360)
  HIGHEST GUST SPEED    16   HIGHEST GUST DIRECTION    NE (40)
  AVERAGE WIND SPEED     3.8


SKY COVER
  POSSIBLE SUNSHINE  MM
  AVERAGE SKY COVER 0.5


WEATHER CONDITIONS
 THE FOLLOWING WEATHER WAS RECORDED YESTERDAY.
  NO SIGNIFICANT WEATHER WAS OBSERVED.


RELATIVE HUMIDITY (PERCENT)
 HIGHEST    93           400 AM
 LOWEST     40           100 PM
 AVERAGE    67

..........................................................


THE JACKSON CLIMATE NORMALS FOR TODAY
                         NORMAL    RECORD    YEAR
 MAXIMUM TEMPERATURE (F)   87       102      1925
 MINIMUM TEMPERATURE (F)   64        50      1961
                                             1934


SUNRISE AND SUNSET
SEPTEMBER 17 2014.....SUNRISE   645 AM CDT   SUNSET   704 PM CDT
SEPTEMBER 18 2014.....SUNRISE   646 AM CDT   SUNSET   702 PM CDT


-  INDICATES NEGATIVE NUMBERS.
R  INDICATES RECORD WAS SET OR TIED.
MM INDICATES DATA IS MISSING.
T  INDICATES TRACE AMOUNT.

&&

AT 2 AM:

THE PEARL RIVER STAGE AT JACKSON WAS 3.7 FEET. THE RIVER HAS HELD
STEADY OVER THE PAST 24 HOURS.

THE MISSISSIPPI RIVER STAGE AT VICKSBURG WAS 16.5 FEET. THE RIVER
HAS FALLEN 0.1 FEET OVER THE PAST 24 HOURS.


$$
