000
CDUS44 KJAN 250826
CLIJAN

CLIMATE REPORT
NATIONAL WEATHER SERVICE JACKSON MS
316 AM CDT MON MAY 25 2015

...................................

...THE JACKSON CLIMATE SUMMARY FOR MAY 24 2015...

CLIMATE NORMAL PERIOD 1981 TO 2010
CLIMATE RECORD PERIOD 1896 TO 2015


WEATHER ITEM   OBSERVED TIME   RECORD YEAR NORMAL DEPARTURE LAST
                VALUE   (LST)  VALUE       VALUE  FROM      YEAR
                                                  NORMAL
..................................................................
TEMPERATURE (F)
 YESTERDAY
  MAXIMUM         87    225 PM  95    1996  85      2       84
                                      1953
  MINIMUM         68   1139 PM  46    1931  64      4       66
  AVERAGE         78                        74      4       75

PRECIPITATION (IN)
  YESTERDAY        1.74R         1.19 1932   0.14   1.60     0.00
  MONTH TO DATE    4.02                      3.38   0.64     2.60
  SINCE MAR 1     15.04                     13.38   1.66    20.77
  SINCE JAN 1     25.24                     23.11   2.13    27.82

SNOWFALL (IN)
  YESTERDAY        0.0           0.0    MM   0.0    0.0      0.0
  MONTH TO DATE    0.0                       0.0    0.0      0.0
  SINCE MAR 1      0.3                       0.1    0.2       T
  SINCE JUL 1      0.3                       0.8   -0.5      0.8

DEGREE DAYS
 HEATING
  YESTERDAY        0                         0      0        0
  MONTH TO DATE    2                        10     -8       20
  SINCE MAR 1    227                       397   -170      478
  SINCE JUL 1   2353                      2389    -36     2744

 COOLING
  YESTERDAY       13                        10      3       10
  MONTH TO DATE  191                       166     25      165
  SINCE MAR 1    367                       274     93      248
  SINCE JAN 1    367                       284     83      254
..................................................................


WIND (MPH)
  HIGHEST WIND SPEED    28   HIGHEST WIND DIRECTION     S (170)
  HIGHEST GUST SPEED    44   HIGHEST GUST DIRECTION     S (170)
  AVERAGE WIND SPEED    11.4


SKY COVER
  POSSIBLE SUNSHINE  MM
  AVERAGE SKY COVER 0.6


WEATHER CONDITIONS
 THE FOLLOWING WEATHER WAS RECORDED YESTERDAY.
  THUNDERSTORM
  HEAVY RAIN
  RAIN
  LIGHT RAIN
  FOG
  HAZE


RELATIVE HUMIDITY (PERCENT)
 HIGHEST    93           600 AM
 LOWEST     57           200 PM
 AVERAGE    75

..........................................................


THE JACKSON CLIMATE NORMALS FOR TODAY
                         NORMAL    RECORD    YEAR
 MAXIMUM TEMPERATURE (F)   85        97      1902
 MINIMUM TEMPERATURE (F)   64        46      1979


SUNRISE AND SUNSET
MAY 25 2015...........SUNRISE   557 AM CDT   SUNSET   758 PM CDT
MAY 26 2015...........SUNRISE   556 AM CDT   SUNSET   759 PM CDT


-  INDICATES NEGATIVE NUMBERS.
R  INDICATES RECORD WAS SET OR TIED.
MM INDICATES DATA IS MISSING.
T  INDICATES TRACE AMOUNT.

&&

AT 3 AM:

THE PEARL RIVER STAGE AT JACKSON WAS 8.0 FEET. THE RIVER HAS RISEN 4.1 FEET
OVER THE LAST 24 HOURS.

THE MISSISSIPPI RIVER STAGE AT VICKSBURG WAS 31.2 FEET. THE RIVER HAS RISEN
0.6 FEET OVER THE LAST 24 HOURS.

$$
