000
CDUS44 KJAN 302210
CLIJAN


CLIMATE REPORT
NATIONAL WEATHER SERVICE JACKSON MS
507 PM CDT MON MAR 30 2015


...................................

...THE JACKSON CLIMATE SUMMARY FOR MARCH 30 2015...
VALID AS OF 0500 PM LOCAL TIME.

CLIMATE NORMAL PERIOD 1981 TO 2010
CLIMATE RECORD PERIOD 1896 TO 2015


WEATHER ITEM   OBSERVED TIME   RECORD YEAR NORMAL DEPARTURE LAST
                VALUE   (LST)  VALUE       VALUE  FROM      YEAR
                                                  NORMAL
..................................................................
TEMPERATURE (F)
 TODAY
  MAXIMUM         79    349 PM  88    1946  72      7       72
                                      1914
  MINIMUM         61   1227 AM  30    1964  48     13       38
  AVERAGE         70

PRECIPITATION (IN)
  TODAY            T             2.26 1976   0.17  -0.17     0.00
  MONTH TO DATE    7.27                      4.86   2.41     5.65
  SINCE MAR 1      7.27                      4.86   2.41     5.65
  SINCE JAN 1     17.47                     14.59   2.88    12.70

SNOWFALL (IN)
  TODAY            0.0

..................................................................










-  INDICATES NEGATIVE NUMBERS.
R  INDICATES RECORD WAS SET OR TIED.
MM INDICATES DATA IS MISSING.
T  INDICATES TRACE AMOUNT.




$$
