000
CDUS44 KJAN 010743
CLIJAN


CLIMATE REPORT
NATIONAL WEATHER SERVICE JACKSON MS
238 AM CDT WED OCT 1 2014


...................................

...THE JACKSON CLIMATE SUMMARY FOR SEPTEMBER 30 2014...

CLIMATE NORMAL PERIOD 1981 TO 2010
CLIMATE RECORD PERIOD 1896 TO 2014


WEATHER ITEM   OBSERVED TIME   RECORD YEAR NORMAL DEPARTURE LAST
                VALUE   (LST)  VALUE       VALUE  FROM      YEAR
                                                  NORMAL
..................................................................
TEMPERATURE (F)
 YESTERDAY
  MAXIMUM         90    216 PM  97    1927  82      8       84
  MINIMUM         64    622 AM  37    1967  59      5       68
  AVERAGE         77                        71      6       76

PRECIPITATION (IN)
  YESTERDAY        0.00          3.70 1915   0.11  -0.11     0.01
  MONTH TO DATE    1.72                      3.03  -1.31     7.37
  SINCE SEP 1      1.72                      3.03  -1.31     7.37
  SINCE JAN 1     45.40                     40.31   5.09    51.03

SNOWFALL (IN)
  YESTERDAY        0.0           0.0  2002   0.0    0.0      0.0
                                      2001
  MONTH TO DATE    0.0                       0.0    0.0      0.0
  SINCE SEP 1      0.0                       0.0    0.0      0.0
  SINCE JUL 1      0.0                       0.0    0.0      0.0

DEGREE DAYS
 HEATING
  YESTERDAY        0                         1     -1        0
  MONTH TO DATE    0                         6     -6        0
  SINCE SEP 1      0                         7     -7        0
  SINCE JUL 1      0                         7     -7        0

 COOLING
  YESTERDAY       12                         6      6       11
  MONTH TO DATE  399                       327     72      423
  SINCE SEP 1    399                       327     72      423
  SINCE JAN 1   2129                      2126      3     2187
..................................................................


WIND (MPH)
  HIGHEST WIND SPEED     9   HIGHEST WIND DIRECTION     E (110)
  HIGHEST GUST SPEED    15   HIGHEST GUST DIRECTION     E (90)
  AVERAGE WIND SPEED     2.1


SKY COVER
  POSSIBLE SUNSHINE  MM
  AVERAGE SKY COVER 0.2


WEATHER CONDITIONS
 THE FOLLOWING WEATHER WAS RECORDED YESTERDAY.
  FOG


RELATIVE HUMIDITY (PERCENT)
 HIGHEST    93           100 AM
 LOWEST     41           300 PM
 AVERAGE    67

..........................................................


THE JACKSON CLIMATE NORMALS FOR TODAY
                         NORMAL    RECORD    YEAR
 MAXIMUM TEMPERATURE (F)   82        97      1919
                                             1911
 MINIMUM TEMPERATURE (F)   59        36      1984


SUNRISE AND SUNSET
OCTOBER  1 2014.......SUNRISE   654 AM CDT   SUNSET   645 PM CDT
OCTOBER  2 2014.......SUNRISE   655 AM CDT   SUNSET   644 PM CDT


-  INDICATES NEGATIVE NUMBERS.
R  INDICATES RECORD WAS SET OR TIED.
MM INDICATES DATA IS MISSING.
T  INDICATES TRACE AMOUNT.

&&

AT 2 AM:

THE PEARL RIVER STAGE AT JACKSON WAS 3.7 FEET. THE RIVER HAS
HAS REMAINED STEADY OVER THE PAST 24 HOURS.

THE MISSISSIPPI RIVER STAGE AT VICKSBURG WAS 16.3 FEET. THE RIVER
HAS FALLEN 1.0 FEET OVER THE PAST 24 HOURS.

$$
