000
CDUS44 KJAN 180732
CLIJAN


CLIMATE REPORT
NATIONAL WEATHER SERVICE JACKSON MS
231 AM CDT FRI APR 18 2014


...................................

...THE JACKSON CLIMATE SUMMARY FOR APRIL 17 2014...

CLIMATE NORMAL PERIOD 1981 TO 2010
CLIMATE RECORD PERIOD 1896 TO 2014


WEATHER ITEM   OBSERVED TIME   RECORD YEAR NORMAL DEPARTURE LAST
                VALUE   (LST)  VALUE       VALUE  FROM      YEAR
                                                  NORMAL
..................................................................
TEMPERATURE (F)
 YESTERDAY
  MAXIMUM         68    217 PM  91    1925  76     -8       87
                                      1901
  MINIMUM         41    552 AM  37    1951  52    -11       68
                                      1905
                                      1897
  AVERAGE         55                        64     -9       78

PRECIPITATION (IN)
  YESTERDAY        0.00          4.00 1900   0.16  -0.16     0.00
  MONTH TO DATE   10.41                      3.01   7.40     2.37
  SINCE MAR 1     16.06                      8.05   8.01     7.96
  SINCE JAN 1     23.11                     17.78   5.33    25.40

SNOWFALL (IN)
  YESTERDAY        0.0           0.0    MM   0.0    0.0      0.0
  MONTH TO DATE    0.0                       0.0    0.0      0.0
  SINCE MAR 1      T                         0.1   -0.1       T
  SINCE JUL 1      0.8                       0.8    0.0      1.7

DEGREE DAYS
 HEATING
  YESTERDAY       10                         3      7        0
  MONTH TO DATE  104                        80     24       67
  SINCE MAR 1    447                       358     89      459
  SINCE JUL 1   2713                      2350    363     2210

 COOLING
  YESTERDAY        0                         3     -3       13
  MONTH TO DATE   33                        36     -3       61
  SINCE MAR 1     37                        63    -26       64
  SINCE JAN 1     43                        73    -30       78
..................................................................


WIND (MPH)
  HIGHEST WIND SPEED    12   HIGHEST WIND DIRECTION    SE (140)
  HIGHEST GUST SPEED    17   HIGHEST GUST DIRECTION     E (110)
  AVERAGE WIND SPEED     4.3


SKY COVER
  POSSIBLE SUNSHINE  MM
  AVERAGE SKY COVER 0.7


WEATHER CONDITIONS
 THE FOLLOWING WEATHER WAS RECORDED YESTERDAY.
  NO SIGNIFICANT WEATHER WAS OBSERVED.


RELATIVE HUMIDITY (PERCENT)
 HIGHEST    93           500 AM
 LOWEST     52          1100 AM
 AVERAGE    73

..........................................................


THE JACKSON CLIMATE NORMALS FOR TODAY
                         NORMAL    RECORD    YEAR
 MAXIMUM TEMPERATURE (F)   77        90      2006
 MINIMUM TEMPERATURE (F)   53        33      1997


SUNRISE AND SUNSET
APRIL 18 2014.........SUNRISE   628 AM CDT   SUNSET   732 PM CDT
APRIL 19 2014.........SUNRISE   627 AM CDT   SUNSET   733 PM CDT


-  INDICATES NEGATIVE NUMBERS.
R  INDICATES RECORD WAS SET OR TIED.
MM INDICATES DATA IS MISSING.
T  INDICATES TRACE AMOUNT.

&&

AT 2 AM:

THE PEARL RIVER STAGE AT JACKSON WAS 32.6 FEET. THE RIVER HAS
FALLEN 0.2 FEET OVER THE PAST 24 HOURS.

THE MISSISSIPPI RIVER STAGE AT VICKSBURG WAS 38.1 FEET. THE RIVER
HAS RISEN 0.4 FEET OVER THE PAST 24 HOURS.

$$
