000
CDUS44 KJAN 290747
CLIJAN


CLIMATE REPORT
NATIONAL WEATHER SERVICE JACKSON MS
241 AM CDT SAT APR 29 2017


...................................

...THE JACKSON CLIMATE SUMMARY FOR APRIL 28 2017...

CLIMATE NORMAL PERIOD 1981 TO 2010
CLIMATE RECORD PERIOD 1896 TO 2017


WEATHER ITEM   OBSERVED TIME   RECORD YEAR NORMAL DEPARTURE LAST
                VALUE   (LST)  VALUE       VALUE  FROM      YEAR
                                                  NORMAL
..................................................................
TEMPERATURE (F)
 YESTERDAY
  MAXIMUM         89    305 PM  92    1899  79     10       88
  MINIMUM         58   1249 AM  38    1992  56      2       64
  AVERAGE         74                        67      7       76

PRECIPITATION (IN)
  YESTERDAY        0.00          2.68 1918   0.14  -0.14     0.00
  MONTH TO DATE    9.77                      4.70   5.07     7.06
  SINCE MAR 1     14.29                      9.74   4.55    19.30
  SINCE JAN 1     24.50                     19.47   5.03    30.90

SNOWFALL (IN)
  YESTERDAY        0.0           0.0         0.0    0.0      0.0
  MONTH TO DATE    T                         0.0    0.0      0.0
  SINCE MAR 1      T                         0.1   -0.1      0.0
  SINCE JUL 1      0.8                       0.8    0.0       T

DEGREE DAYS
 HEATING
  YESTERDAY        0                         2     -2        0
  MONTH TO DATE   33                       106    -73       45
  SINCE MAR 1    197                       384   -187      189
  SINCE JUL 1   1315                      2376  -1061     1580

 COOLING
  YESTERDAY        9                         4      5       11
  MONTH TO DATE  119                        72     47       79
  SINCE MAR 1    204                        99    105      131
  SINCE JAN 1    262                       109    153      140
..................................................................


WIND (MPH)
  HIGHEST WIND SPEED    31   HIGHEST WIND DIRECTION     S (180)
  HIGHEST GUST SPEED    41   HIGHEST GUST DIRECTION     S (180)
  AVERAGE WIND SPEED    15.5


SKY COVER
  POSSIBLE SUNSHINE  MM
  AVERAGE SKY COVER 0.6


WEATHER CONDITIONS
 THE FOLLOWING WEATHER WAS RECORDED YESTERDAY.
  FOG


RELATIVE HUMIDITY (PERCENT)
 HIGHEST    97           700 AM
 LOWEST     52           200 PM
 AVERAGE    75

..........................................................


THE JACKSON CLIMATE NORMALS FOR TODAY
                         NORMAL    RECORD    YEAR
 MAXIMUM TEMPERATURE (F)   79        94      1899
 MINIMUM TEMPERATURE (F)   56        40      1965


SUNRISE AND SUNSET
APRIL 29 2017.........SUNRISE   616 AM CDT   SUNSET   740 PM CDT
APRIL 30 2017.........SUNRISE   615 AM CDT   SUNSET   741 PM CDT


-  INDICATES NEGATIVE NUMBERS.
R  INDICATES RECORD WAS SET OR TIED.
MM INDICATES DATA IS MISSING.
T  INDICATES TRACE AMOUNT.

&&

AT 1 AM:

THE PEARL RIVER STAGE AT JACKSON WAS 8.7 FEET. THE RIVER HAS
FALLEN 0.9 FEET OVER THE PAST 24 HOURS.

THE MISSISSIPPI RIVER STAGE AT VICKSBURG WAS 33.1 FEET. THE RIVER
HAS RISEN 0.4 FEET OVER THE PAST 24 HOURS.

$$

NF
