000
CDUS44 KJAN 142120
CLIJAN


CLIMATE REPORT
NATIONAL WEATHER SERVICE JACKSON MS
417 PM CDT SUN SEP 14 2014


...................................

...THE JACKSON CLIMATE SUMMARY FOR SEPTEMBER 14 2014...
VALID TODAY AS OF 0400 PM LOCAL TIME.

CLIMATE NORMAL PERIOD 1981 TO 2010
CLIMATE RECORD PERIOD 1896 TO 2014


WEATHER ITEM   OBSERVED TIME   RECORD YEAR NORMAL DEPARTURE LAST
                VALUE   (LST)  VALUE       VALUE  FROM      YEAR
                                                  NORMAL
..................................................................
TEMPERATURE (F)
 TODAY
  MAXIMUM         86    254 PM 102    1921  87     -1       87
  MINIMUM         65    415 AM  42    1902  65      0       60
  AVERAGE         76                        76      0       74

PRECIPITATION (IN)
  TODAY            0.00          1.62 1962   0.10  -0.10     0.00
  MONTH TO DATE    1.54                      1.40   0.14     0.27
  SINCE SEP 1      1.54                      1.40   0.14     0.27
  SINCE JAN 1     45.22                     38.68   6.54    43.93

SNOWFALL (IN)
  TODAY            0.0           0.0  2002   0.0    0.0      0.0
                                      2001
  MONTH TO DATE    0.0                       0.0    0.0      0.0
  SINCE SEP 1      0.0                       0.0    0.0      0.0
  SINCE JUL 1      0.0                       0.0    0.0      0.0

DEGREE DAYS
 HEATING
  TODAY            0                         0      0        0
  MONTH TO DATE    0                         0      0        0
  SINCE SEP 1      0                         0      0        0
  SINCE JUL 1      0                         0      0        0

 COOLING
  TODAY           11                        11      0        9
  MONTH TO DATE  222                       185     37      249
  SINCE SEP 1    222                       185     37      249
  SINCE JAN 1   1952                      1984    -32     2013
..................................................................


WIND (MPH)
  HIGHEST WIND SPEED    12   HIGHEST WIND DIRECTION    NE (40)
  HIGHEST GUST SPEED    16   HIGHEST GUST DIRECTION     N (20)
  AVERAGE WIND SPEED     6.6


SKY COVER
  POSSIBLE SUNSHINE  MM
  AVERAGE SKY COVER 0.8


WEATHER CONDITIONS
 THE FOLLOWING WEATHER WAS RECORDED TODAY.
  NO SIGNIFICANT WEATHER WAS OBSERVED.


RELATIVE HUMIDITY (PERCENT)
 HIGHEST    87          1200 AM
 LOWEST     57           300 PM
 AVERAGE    72

..........................................................


THE JACKSON CLIMATE NORMALS FOR TOMORROW
                         NORMAL    RECORD    YEAR
 MAXIMUM TEMPERATURE (F)   87       104      1980
 MINIMUM TEMPERATURE (F)   65        42      1902


SUNRISE AND SUNSET
SEPTEMBER 14 2014.....SUNRISE   643 AM CDT   SUNSET   708 PM CDT
SEPTEMBER 15 2014.....SUNRISE   644 AM CDT   SUNSET   706 PM CDT


-  INDICATES NEGATIVE NUMBERS.
R  INDICATES RECORD WAS SET OR TIED.
MM INDICATES DATA IS MISSING.
T  INDICATES TRACE AMOUNT.

&&

AT 4 PM:

THE PEARL RIVER STAGE AT JACKSON WAS 3.9 FEET. THE RIVER HAS
FALLEN 0.3 FEET OVER THE PAST 24 HOURS.

THE MISSISSIPPI RIVER STAGE AT VICKSBURG WAS 16.4 FEET. THE RIVER
HAS RISEN 0.5 FEET OVER THE PAST 24 HOURS.

THE AIR QUALITY INDEX AT JACKSON WAS 60...WHICH IS MODERATE.

$$
