000
CDUS44 KJAN 300939
CLIJAN


CLIMATE REPORT
NATIONAL WEATHER SERVICE JACKSON MS
334 AM CST FRI JAN 30 2015


...................................

...THE JACKSON CLIMATE SUMMARY FOR JANUARY 29 2015...

CLIMATE NORMAL PERIOD 1981 TO 2010
CLIMATE RECORD PERIOD 1896 TO 2015


WEATHER ITEM   OBSERVED TIME   RECORD YEAR NORMAL DEPARTURE LAST
                VALUE   (LST)  VALUE       VALUE  FROM      YEAR
                                                  NORMAL
..................................................................
TEMPERATURE (F)
 YESTERDAY
  MAXIMUM         77    238 PM  81    1950  57     20       35
                                      1917
  MINIMUM         44    516 AM   9    1966  36      8       16
  AVERAGE         61                        46     15       26

PRECIPITATION (IN)
  YESTERDAY        0.00          2.23 1999   0.18  -0.18     0.00
  MONTH TO DATE    4.72                      4.60   0.12     1.61
  SINCE DEC 1      8.65                      9.75  -1.10     6.11
  SINCE JAN 1      4.72                      4.60   0.12     1.61

SNOWFALL (IN)
  YESTERDAY        0.0           T    1966   0.0    0.0      0.0
                                      1960
                                      1951
  MONTH TO DATE    0.0                       0.3   -0.3      0.8
  SINCE DEC 1      0.0                       0.6   -0.6      0.8
  SINCE JUL 1      0.0                       0.6   -0.6      0.8

DEGREE DAYS
 HEATING
  YESTERDAY        4                        19    -15       39
  MONTH TO DATE  572                       570      2      707
  SINCE DEC 1   1000                      1112   -112     1267
  SINCE JUL 1   1500                      1520    -20     1729

 COOLING
  YESTERDAY        0                         0      0        0
  MONTH TO DATE    0                         0      0        0
  SINCE DEC 1      2                         8     -6       12
  SINCE JAN 1      0                         0      0        0
..................................................................


WIND (MPH)
  HIGHEST WIND SPEED    24   HIGHEST WIND DIRECTION     N (340)
  HIGHEST GUST SPEED    31   HIGHEST GUST DIRECTION     N (340)
  AVERAGE WIND SPEED    10.9


SKY COVER
  POSSIBLE SUNSHINE  MM
  AVERAGE SKY COVER 0.3


WEATHER CONDITIONS
 THE FOLLOWING WEATHER WAS RECORDED YESTERDAY.
  NO SIGNIFICANT WEATHER WAS OBSERVED.


RELATIVE HUMIDITY (PERCENT)
 HIGHEST    86           600 AM
 LOWEST     36           200 PM
 AVERAGE    61

..........................................................


THE JACKSON CLIMATE NORMALS FOR TODAY
                         NORMAL    RECORD    YEAR
 MAXIMUM TEMPERATURE (F)   57        81      1917
 MINIMUM TEMPERATURE (F)   36         3      1904


SUNRISE AND SUNSET
JANUARY 30 2015.......SUNRISE   656 AM CST   SUNSET   532 PM CST
JANUARY 31 2015.......SUNRISE   655 AM CST   SUNSET   533 PM CST


-  INDICATES NEGATIVE NUMBERS.
R  INDICATES RECORD WAS SET OR TIED.
MM INDICATES DATA IS MISSING.
T  INDICATES TRACE AMOUNT.

&&

AT 3 AM:

THE PEARL RIVER STAGE AT JACKSON WAS 10.9 FEET. THE RIVER HAS FALLEN 1.1 FEET
OVER THE PAST 24 HOURS.

THE MISSISSIPPI RIVER STAGE AT VICKSBURG WAS 13.6 FEET. THE RIVER HAS
FALLEN 1.0 FEET OVER THE PAST 24 HOURS.

$$
