000
CDUS44 KJAN 202108
CLIJAN


CLIMATE REPORT
NATIONAL WEATHER SERVICE JACKSON MS
406 PM CDT MON OCT 20 2014


...................................

...THE JACKSON CLIMATE SUMMARY FOR OCTOBER 20 2014...
VALID TODAY AS OF 0400 PM LOCAL TIME.

CLIMATE NORMAL PERIOD 1981 TO 2010
CLIMATE RECORD PERIOD 1896 TO 2014


WEATHER ITEM   OBSERVED TIME   RECORD YEAR NORMAL DEPARTURE LAST
                VALUE   (LST)  VALUE       VALUE  FROM      YEAR
                                                  NORMAL
..................................................................
TEMPERATURE (F)
 TODAY
  MAXIMUM         77    246 PM  90    1941  76      1       70
                                      1939
  MINIMUM         43    604 AM  29    1989  52     -9       43
  AVERAGE         60                        64     -4       57

PRECIPITATION (IN)
  TODAY            0.00          1.30 1956   0.14  -0.14     0.00
  MONTH TO DATE    2.98                      2.49   0.49     0.51
  SINCE SEP 1      4.70                      5.52  -0.82     7.88
  SINCE JAN 1     48.38                     42.80   5.58    51.54

SNOWFALL (IN)
  TODAY            0.0           0.0  2002   0.0    0.0      0.0
                                      2001
  MONTH TO DATE    0.0                       0.0    0.0      0.0
  SINCE SEP 1      0.0                       0.0    0.0      0.0
  SINCE JUL 1      0.0                       0.0    0.0      0.0

DEGREE DAYS
 HEATING
  TODAY            5                         4      1        8
  MONTH TO DATE   24                        44    -20       28
  SINCE SEP 1     24                        51    -27       28
  SINCE JUL 1     24                        51    -27       28

 COOLING
  TODAY            0                         3     -3        0
  MONTH TO DATE  136                        83     53      127
  SINCE SEP 1    535                       410    125      550
  SINCE JAN 1   2265                      2209     56     2314
..................................................................


WIND (MPH)
  HIGHEST WIND SPEED    10   HIGHEST WIND DIRECTION     N (360)
  HIGHEST GUST SPEED    14   HIGHEST GUST DIRECTION     N (340)
  AVERAGE WIND SPEED     1.2


SKY COVER
  POSSIBLE SUNSHINE  MM
  AVERAGE SKY COVER 0.1


WEATHER CONDITIONS
 THE FOLLOWING WEATHER WAS RECORDED TODAY.
  FOG


RELATIVE HUMIDITY (PERCENT)
 HIGHEST   100           300 AM
 LOWEST     38          1200 PM
 AVERAGE    69

..........................................................


THE JACKSON CLIMATE NORMALS FOR TOMORROW
                         NORMAL    RECORD    YEAR
 MAXIMUM TEMPERATURE (F)   76        92      1899
 MINIMUM TEMPERATURE (F)   51        30      1917


SUNRISE AND SUNSET
OCTOBER 20 2014.......SUNRISE   708 AM CDT   SUNSET   622 PM CDT
OCTOBER 21 2014.......SUNRISE   709 AM CDT   SUNSET   621 PM CDT


-  INDICATES NEGATIVE NUMBERS.
R  INDICATES RECORD WAS SET OR TIED.
MM INDICATES DATA IS MISSING.
T  INDICATES TRACE AMOUNT.

&&

AT 4 PM:

THE PEARL RIVER STAGE AT JACKSON WAS 3.8 FEET. THE RIVER STAGE HAS
REMAINED STEADY OVER THE PAST 24 HOURS.

THE MISSISSIPPI RIVER STAGE AT VICKSBURG WAS 23.4 FEET. THE RIVER STAGE
HAS RISEN 1.1 FEET OVER THE PAST 24 HOURS.

THE AIR QUALITY INDEX AT JACKSON WAS 39...WHICH IS GOOD.


$$
