000
CDUS44 KJAN 310720
CLIJAN


CLIMATE REPORT
NATIONAL WEATHER SERVICE JACKSON MS
218 AM CDT FRI OCT 31 2014


...................................

...THE JACKSON CLIMATE SUMMARY FOR OCTOBER 30 2014...

CLIMATE NORMAL PERIOD 1981 TO 2010
CLIMATE RECORD PERIOD 1896 TO 2014


WEATHER ITEM   OBSERVED TIME   RECORD YEAR NORMAL DEPARTURE LAST
                VALUE   (LST)  VALUE       VALUE  FROM      YEAR
                                                  NORMAL
..................................................................
TEMPERATURE (F)
 YESTERDAY
  MAXIMUM         73    328 PM  89    1927  73      0       79
  MINIMUM         41    640 AM  27    1910  49     -8       61
  AVERAGE         57                        61     -4       70

PRECIPITATION (IN)
  YESTERDAY        0.00          1.65 1949   0.12  -0.12      T
  MONTH TO DATE    2.98                      3.79  -0.81     0.69
  SINCE SEP 1      4.70                      6.82  -2.12     8.06
  SINCE JAN 1     48.38                     44.10   4.28    51.72

SNOWFALL (IN)
  YESTERDAY        0.0           0.0  2002   0.0    0.0      0.0
                                      2001
  MONTH TO DATE    0.0                       0.0    0.0      0.0
  SINCE SEP 1      0.0                       0.0    0.0      0.0
  SINCE JUL 1      0.0                       0.0    0.0      0.0

DEGREE DAYS
 HEATING
  YESTERDAY        8                         6      2        0
  MONTH TO DATE   55                        94    -39       82
  SINCE SEP 1     55                       101    -46       82
  SINCE JUL 1     55                       101    -46       82

 COOLING
  YESTERDAY        0                         2     -2        5
  MONTH TO DATE  149                       104     45      141
  SINCE SEP 1    548                       431    117      564
  SINCE JAN 1   2278                      2230     48     2328
..................................................................


WIND (MPH)
  HIGHEST WIND SPEED    15   HIGHEST WIND DIRECTION     N (10)
  HIGHEST GUST SPEED    19   HIGHEST GUST DIRECTION     N (360)
  AVERAGE WIND SPEED     2.5


SKY COVER
  POSSIBLE SUNSHINE  MM
  AVERAGE SKY COVER 0.1


WEATHER CONDITIONS
 THE FOLLOWING WEATHER WAS RECORDED YESTERDAY.
  FOG


RELATIVE HUMIDITY (PERCENT)
 HIGHEST   100           200 AM
 LOWEST     29          1200 PM
 AVERAGE    65

..........................................................


THE JACKSON CLIMATE NORMALS FOR TODAY
                         NORMAL    RECORD    YEAR
 MAXIMUM TEMPERATURE (F)   73        90      1912
 MINIMUM TEMPERATURE (F)   48        26      1993
                                             1917


SUNRISE AND SUNSET
OCTOBER 31 2014.......SUNRISE   717 AM CDT   SUNSET   611 PM CDT
NOVEMBER  1 2014......SUNRISE   717 AM CDT   SUNSET   610 PM CDT


-  INDICATES NEGATIVE NUMBERS.
R  INDICATES RECORD WAS SET OR TIED.
MM INDICATES DATA IS MISSING.
T  INDICATES TRACE AMOUNT.

AT 2 AM:

THE PEARL RIVER STAGE AT JACKSON IS MISSING.

THE MISSISSIPPI RIVER STAGE AT VICKSBURG WAS 21.4 FEET. THE RIVER HAS
FALLEN 1.2 FEET OVER THE PAST 24 HOURS.


$$
