000
CDUS44 KJAN 102207
CLIJAN


CLIMATE REPORT
NATIONAL WEATHER SERVICE JACKSON MS
405 PM CST SUN DEC 10 2017


...................................

...THE JACKSON CLIMATE SUMMARY FOR DECEMBER 10 2017...
VALID TODAY AS OF 0400 PM LOCAL TIME.

CLIMATE NORMAL PERIOD 1981 TO 2010
CLIMATE RECORD PERIOD 1896 TO 2017


WEATHER ITEM   OBSERVED TIME   RECORD YEAR NORMAL DEPARTURE LAST
                VALUE   (LST)  VALUE       VALUE  FROM      YEAR
                                                  NORMAL
..................................................................
TEMPERATURE (F)
 TODAY
  MAXIMUM         59    331 PM  80    1943  59      0       54
  MINIMUM         26    542 AM  16    1937  38    -12       26
  AVERAGE         43                        49     -6       40

PRECIPITATION (IN)
  TODAY            0.00          1.93 1932   0.18  -0.18     0.00
  MONTH TO DATE    1.17                      1.78  -0.61     2.99
  SINCE DEC 1      1.17                      1.78  -0.61     2.99
  SINCE JAN 1     59.27                     50.77   8.50    60.64

SNOWFALL (IN)
  TODAY            0.0           0.5  1898   0.0    0.0      0.0
  MONTH TO DATE    5.1                       0.1    5.0      0.0
  SINCE DEC 1      5.1                       0.1    5.0      0.0
  SINCE JUL 1      5.1                       0.1    5.0      0.0

DEGREE DAYS
 HEATING
  TODAY           22                        17      5       25
  MONTH TO DATE  135                       155    -20      170
  SINCE DEC 1    135                       155    -20      170
  SINCE JUL 1    394                       563   -169      374

 COOLING
  TODAY            0                         0      0        0
  MONTH TO DATE    0                         0      0        0
  SINCE DEC 1      0                         0      0        0
  SINCE JAN 1   2538                      2253    285     2799
..................................................................


WIND (MPH)
  HIGHEST WIND SPEED    13   HIGHEST WIND DIRECTION     W (280)
  HIGHEST GUST SPEED    17   HIGHEST GUST DIRECTION     W (290)
  AVERAGE WIND SPEED     3.4


SKY COVER
  POSSIBLE SUNSHINE  MM
  AVERAGE SKY COVER 0.0


WEATHER CONDITIONS
 THE FOLLOWING WEATHER WAS RECORDED TODAY.
  NO SIGNIFICANT WEATHER WAS OBSERVED.


RELATIVE HUMIDITY (PERCENT)
 HIGHEST    92           700 AM
 LOWEST     26           300 PM
 AVERAGE    59

..........................................................


THE JACKSON CLIMATE NORMALS FOR TOMORROW
                         NORMAL    RECORD    YEAR
 MAXIMUM TEMPERATURE (F)   59        82      1931
 MINIMUM TEMPERATURE (F)   38        15      1937


SUNRISE AND SUNSET
DECEMBER 10 2017......SUNRISE   651 AM CST   SUNSET   456 PM CST
DECEMBER 11 2017......SUNRISE   652 AM CST   SUNSET   456 PM CST


-  INDICATES NEGATIVE NUMBERS.
R  INDICATES RECORD WAS SET OR TIED.
MM INDICATES DATA IS MISSING.
T  INDICATES TRACE AMOUNT.

&&

AT 4 PM:

THE PEARL RIVER STAGE AT JACKSON WAS 3.7 FEET. THE RIVER HAS
REMAINED STEADY OVER THE PAST 24 HOURS.

THE MISSISSIPPI RIVER STAGE AT VICKSBURG WAS 12.6 FEET. THE RIVER
HAS FALLEN 0.8 FEET OVER THE PAST 24 HOURS.

THE AIR QUALITY INDEX IN JACKSON WAS 36...WHICH IS GOOD.


$$
