000
CDUS44 KJAN 010652
CLIJAN


CLIMATE REPORT
NATIONAL WEATHER SERVICE JACKSON MS
150 AM CDT SAT OCT 1 2016


...................................

...THE JACKSON CLIMATE SUMMARY FOR SEPTEMBER 30 2016...

CLIMATE NORMAL PERIOD 1981 TO 2010
CLIMATE RECORD PERIOD 1896 TO 2016


WEATHER ITEM   OBSERVED TIME   RECORD YEAR NORMAL DEPARTURE LAST
                VALUE   (LST)  VALUE       VALUE  FROM      YEAR
                                                  NORMAL
..................................................................
TEMPERATURE (F)
 YESTERDAY
  MAXIMUM         83    223 PM  97    1927  82      1       86
  MINIMUM         51    540 AM  37    1967  59     -8       68
  AVERAGE         67                        71     -4       77

PRECIPITATION (IN)
  YESTERDAY        0.00          3.70 1915   0.11  -0.11     0.00
  MONTH TO DATE    0.33                      3.03  -2.70     0.95
  SINCE SEP 1      0.33                      3.03  -2.70     0.95
  SINCE JAN 1     53.53                     40.31  13.22    37.56

SNOWFALL (IN)
  YESTERDAY        0.0           0.0  2002   0.0    0.0      0.0
                                      2001
  MONTH TO DATE    0.0                       0.0    0.0      0.0
  SINCE SEP 1      0.0                       0.0    0.0      0.0
  SINCE JUL 1      0.0                       0.0    0.0      0.0

DEGREE DAYS
 HEATING
  YESTERDAY        0                         1     -1        0
  MONTH TO DATE    0                         6     -6        0
  SINCE SEP 1      0                         7     -7        0
  SINCE JUL 1      0                         7     -7        0

 COOLING
  YESTERDAY        2                         6     -4       12
  MONTH TO DATE  473                       327    146      415
  SINCE SEP 1    473                       327    146      415
  SINCE JAN 1   2547                      2126    421     2544
..................................................................


WIND (MPH)
  HIGHEST WIND SPEED    13   HIGHEST WIND DIRECTION     N (340)
  HIGHEST GUST SPEED    17   HIGHEST GUST DIRECTION     N (350)
  AVERAGE WIND SPEED     2.3


SKY COVER
  POSSIBLE SUNSHINE  MM
  AVERAGE SKY COVER 0.2


WEATHER CONDITIONS
 THE FOLLOWING WEATHER WAS RECORDED YESTERDAY.
  NO SIGNIFICANT WEATHER WAS OBSERVED.


RELATIVE HUMIDITY (PERCENT)
 HIGHEST    93           400 AM
 LOWEST     39           100 PM
 AVERAGE    66

..........................................................


THE JACKSON CLIMATE NORMALS FOR TODAY
                         NORMAL    RECORD    YEAR
 MAXIMUM TEMPERATURE (F)   82        97      1919
                                             1911
 MINIMUM TEMPERATURE (F)   59        36      1984


SUNRISE AND SUNSET
OCTOBER  1 2016.......SUNRISE   655 AM CDT   SUNSET   644 PM CDT
OCTOBER  2 2016.......SUNRISE   655 AM CDT   SUNSET   643 PM CDT


-  INDICATES NEGATIVE NUMBERS.
R  INDICATES RECORD WAS SET OR TIED.
MM INDICATES DATA IS MISSING.
T  INDICATES TRACE AMOUNT.

&&

AT 1 AM:

THE PEARL RIVER STAGE AT JACKSON WAS 3.6 FEET. THE RIVER HAS RISEN
0.1 FEET OVER THE PAST 24 HOURS.

THE MISSISSIPPI RIVER STAGE AT VICKSBURG WAS 20.7 FEET. THE RIVER
HAS FALLEN 0.3 FEET OVER THE PAST 24 HOURS.


$$
