000
CDUS44 KJAN 060629
CLIJAN


CLIMATE REPORT
NATIONAL WEATHER SERVICE JACKSON MS
126 AM CDT FRI MAY 6 2016


...................................

...THE JACKSON CLIMATE SUMMARY FOR MAY 5 2016...

CLIMATE NORMAL PERIOD 1981 TO 2010
CLIMATE RECORD PERIOD 1896 TO 2016


WEATHER ITEM   OBSERVED TIME   RECORD YEAR NORMAL DEPARTURE LAST
                VALUE   (LST)  VALUE       VALUE  FROM      YEAR
                                                  NORMAL
..................................................................
TEMPERATURE (F)
 YESTERDAY
  MAXIMUM         75    415 PM  96    1952  80     -5       85
  MINIMUM         51   1159 PM  44    1978  58     -7       59
                                      1957
                                      1954
  AVERAGE         63                        69     -6       72

PRECIPITATION (IN)
  YESTERDAY        0.00          4.24 1908   0.14  -0.14     0.00
  MONTH TO DATE    1.01                      0.70   0.31     0.00
  SINCE MAR 1     20.50                     10.70   9.80    11.02
  SINCE JAN 1     32.10                     20.43  11.67    21.22

SNOWFALL (IN)
  YESTERDAY        0.0           0.0    MM   0.0    0.0      0.0
  MONTH TO DATE    0.0                       0.0    0.0      0.0
  SINCE MAR 1      0.0                       0.1   -0.1      0.3
  SINCE JUL 1      T                         0.8   -0.8      0.3

DEGREE DAYS
 HEATING
  YESTERDAY        2                         1      1        0
  MONTH TO DATE    3                         5     -2        2
  SINCE MAR 1    192                       392   -200      227
  SINCE JUL 1   1583                      2384   -801     2353

 COOLING
  YESTERDAY        0                         5     -5        7
  MONTH TO DATE   12                        24    -12       14
  SINCE MAR 1    162                       132     30      190
  SINCE JAN 1    171                       142     29      190
..................................................................


WIND (MPH)
  HIGHEST WIND SPEED    21   HIGHEST WIND DIRECTION    NW (320)
  HIGHEST GUST SPEED    27   HIGHEST GUST DIRECTION    NW (320)
  AVERAGE WIND SPEED     7.3


SKY COVER
  POSSIBLE SUNSHINE  MM
  AVERAGE SKY COVER 0.0


WEATHER CONDITIONS
 THE FOLLOWING WEATHER WAS RECORDED YESTERDAY.
  NO SIGNIFICANT WEATHER WAS OBSERVED.


RELATIVE HUMIDITY (PERCENT)
 HIGHEST    77           300 AM
 LOWEST     27           300 PM
 AVERAGE    52

..........................................................


THE JACKSON CLIMATE NORMALS FOR TODAY
                         NORMAL    RECORD    YEAR
 MAXIMUM TEMPERATURE (F)   81        96      1952
 MINIMUM TEMPERATURE (F)   59        43      1957


SUNRISE AND SUNSET
MAY  6 2016...........SUNRISE   609 AM CDT   SUNSET   745 PM CDT
MAY  7 2016...........SUNRISE   608 AM CDT   SUNSET   746 PM CDT


-  INDICATES NEGATIVE NUMBERS.
R  INDICATES RECORD WAS SET OR TIED.
MM INDICATES DATA IS MISSING.
T  INDICATES TRACE AMOUNT.

&&

AT 1 AM...

THE PEARL RIVER STAGE AT JACKSON WAS 6.1 FEET. THE RIVER ROSE 1.6
FEET OVER THE PAST 24 HOURS.

THE MISSISSIPPI RIVER STAGE AT VICKSBURG WAS 31.5 FEET. THE RIVER
ROSE 1.3 FEET OVER THE PAST 24 HOURS.




$$
