000
CXUS54 KJAN 011628
CLMJAN


CLIMATE REPORT
NATIONAL WEATHER SERVICE JACKSON MS
1027 AM CST FRI DEC 1 2017

...................................

...THE JACKSON CLIMATE SUMMARY FOR THE MONTH OF NOVEMBER 2017...

CLIMATE NORMAL PERIOD 1981 TO 2010
CLIMATE RECORD PERIOD 1896 TO 2017

WEATHER         OBSERVED          NORMAL  DEPART  LAST YEAR`S
                 VALUE   DATE(S)  VALUE   FROM    VALUE  DATE(S)
                                          NORMAL
................................................................
TEMPERATURE (F)
RECORD
 HIGH              89   11/04/1922
 LOW               15   11/27/1903
HIGHEST            86   11/06        83       3       87  11/02
                        11/03                             11/01
LOWEST             30   11/24        27       3       27  11/21
                        11/23
AVG. MAXIMUM     73.1              67.4     5.7     73.9
AVG. MINIMUM     48.4              44.0     4.4     44.8
MEAN             60.8              55.7     5.1     59.3
DAYS MAX >= 90      0               0.0     0.0        0
DAYS MAX <= 32      0               0.0     0.0        0
DAYS MIN <= 32      3               4.1    -1.1        4
DAYS MIN <= 0       0               0.0     0.0        0

PRECIPITATION (INCHES)
RECORD
 MAXIMUM        15.76   1948
 MINIMUM            T   1924
TOTALS           0.96              4.76   -3.80     3.63
DAILY AVG.       0.03              0.16   -0.13     0.12
DAYS >= .01         8               8.6    -0.6        7
DAYS >= .10         4               5.9    -1.9        5
DAYS >= .50         0               3.3    -3.3        2
DAYS >= 1.00        0               1.6    -1.6        2
GREATEST
 24 HR. TOTAL    0.35   11/03 TO 11/03              1.50

SNOWFALL (INCHES)
RECORDS
 TOTAL            0.2   1976
                        1938
TOTALS            0.0               0.0     0.0      0.0
SINCE 7/1         0.0               0.0     0.0      0.0
DAYS >= TRACE       0
DAYS >= 1.0         0               0.0     0.0        0
GREATEST
 24 HR TOTAL      0.0   11/30 TO 11/30

DEGREE_DAYS
HEATING TOTAL     192               301    -109      189
 SINCE 7/1        259               408    -149      204
COOLING TOTAL      74                22      52       29
 SINCE 1/1       2538              2253     285     2799
.................................................................

WIND (MPH)
AVERAGE WIND SPEED              5.8
HIGHEST WIND SPEED/DIRECTION    30/340    DATE  11/18
HIGHEST GUST SPEED/DIRECTION    39/330    DATE  11/18

SKY COVER
POSSIBLE SUNSHINE (PERCENT)   MM
AVERAGE SKY COVER           0.40
NUMBER OF DAYS FAIR           14
NUMBER OF DAYS PC             14
NUMBER OF DAYS CLOUDY          2

AVERAGE RH (PERCENT)     67

WEATHER CONDITIONS. NUMBER OF DAYS WITH
THUNDERSTORM              1     MIXED PRECIP               0
HEAVY RAIN                2     RAIN                       4
LIGHT RAIN                8     FREEZING RAIN              0
LT FREEZING RAIN          0     HAIL                       0
HEAVY SNOW                0     SNOW                       0
LIGHT SNOW                0     SLEET                      0
FOG                      14     FOG W/VIS <= 1/4 MILE      0
HAZE                      0

-  INDICATES NEGATIVE NUMBERS.
R  INDICATES RECORD WAS SET OR TIED.
MM INDICATES DATA IS MISSING.
T  INDICATES TRACE AMOUNT.

$$
