000
CXUS54 KJAN 011246
CLMJAN


CLIMATE REPORT
NATIONAL WEATHER SERVICE JACKSON MS
643 AM CST SUN MAR 1 2015

...................................

...THE JACKSON CLIMATE SUMMARY FOR THE MONTH OF FEBRUARY 2015...

CLIMATE NORMAL PERIOD 1981 TO 2010
CLIMATE RECORD PERIOD 1896 TO 2015

WEATHER         OBSERVED          NORMAL  DEPART  LAST YEAR`S
                 VALUE   DATE(S)  VALUE   FROM    VALUE  DATE(S)
                                          NORMAL
................................................................
TEMPERATURE (F)
RECORD
 HIGH              89   02/25/1918
 LOW                1   02/02/1951
HIGHEST            74   02/08        79      -5       82  02/20
LOWEST             23   02/19        20       3       21  02/27
                        02/18
AVG. MAXIMUM     55.0              60.5    -5.5     58.8
AVG. MINIMUM     32.4              38.5    -6.1     36.5
MEAN             43.7              49.5    -5.8     47.6
DAYS MAX >= 90      0               0.0     0.0        0
DAYS MAX <= 32      0               0.2    -0.2        0
DAYS MIN <= 32     19               8.1    10.9       11
DAYS MIN <= 0       0               0.0     0.0        0

PRECIPITATION (INCHES)
RECORD
 MAXIMUM        12.94   1896
 MINIMUM         1.15   1947
TOTALS           5.48              4.76    0.72     5.44
DAILY AVG.       0.20              0.17    0.03     0.19
DAYS >= .01         8               9.8    -1.8       11
DAYS >= .10         6               6.4    -0.4        7
DAYS >= .50         6               3.4     2.6        3
DAYS >= 1.00        3               1.4     1.6        2
GREATEST
 24 HR. TOTAL    1.60   02/21 TO 02/22              1.75

SNOWFALL (INCHES)
RECORDS
 TOTAL            9.1   1960
TOTALS              T               0.1    -0.1        T
SINCE 7/1           T               0.7    -0.7      0.8
DAYS >= TRACE       1
DAYS >= 1.0         0               0.0     0.0        0
GREATEST
 24 HR TOTAL        T   02/25 TO 02/25

DEGREE_DAYS
HEATING TOTAL     591               440     151      483
 SINCE 7/1       2126              1992     134     2266
COOLING TOTAL       0                 6      -6        6
 SINCE 1/1          0                10     -10        6
.................................................................

WIND (MPH)
AVERAGE WIND SPEED              8.2
HIGHEST WIND SPEED/DIRECTION    36/260    DATE  02/01
HIGHEST GUST SPEED/DIRECTION    48/230    DATE  02/01

SKY COVER
POSSIBLE SUNSHINE (PERCENT)   MM
AVERAGE SKY COVER           0.50
NUMBER OF DAYS FAIR            9
NUMBER OF DAYS PC             10
NUMBER OF DAYS CLOUDY          9

AVERAGE RH (PERCENT)     64

WEATHER CONDITIONS. NUMBER OF DAYS WITH
THUNDERSTORM              1     MIXED PRECIP               0
HEAVY RAIN                6     RAIN                       5
LIGHT RAIN               10     FREEZING RAIN              1
LT FREEZING RAIN          4     HAIL                       0
HEAVY SNOW                0     SNOW                       0
LIGHT SNOW                1     SLEET                      0
FOG                      10     FOG W/VIS <= 1/4 MILE      0
HAZE                      2

-  INDICATES NEGATIVE NUMBERS.
R  INDICATES RECORD WAS SET OR TIED.
MM INDICATES DATA IS MISSING.
T  INDICATES TRACE AMOUNT.

$$
