000
CXUS54 KJAN 011723
CLMJAN


CLIMATE REPORT
NATIONAL WEATHER SERVICE JACKSON MS
1120 AM CST THU DEC 1 2016

...................................

...THE JACKSON CLIMATE SUMMARY FOR THE MONTH OF NOVEMBER 2016...

CLIMATE NORMAL PERIOD 1981 TO 2010
CLIMATE RECORD PERIOD 1896 TO 2016

WEATHER         OBSERVED          NORMAL  DEPART  LAST YEAR`S
                 VALUE   DATE(S)  VALUE   FROM    VALUE  DATE(S)
                                          NORMAL
................................................................
TEMPERATURE (F)
RECORD
 HIGH              89   11/04/1922
 LOW               15   11/27/1903
HIGHEST            87   11/02        83       4       84  11/06
                        11/01
LOWEST             27   11/21        27       0       27  11/23
AVG. MAXIMUM     73.9              67.4     6.5     71.4
AVG. MINIMUM     44.8              44.0     0.8     50.7
MEAN             59.3              55.7     3.6     61.1
DAYS MAX >= 90      0               0.0     0.0        0
DAYS MAX <= 32      0               0.0     0.0        0
DAYS MIN <= 32      4               4.1    -0.1        2
DAYS MIN <= 0       0               0.0     0.0        0

PRECIPITATION (INCHES)
RECORD
 MAXIMUM        15.76   1948
 MINIMUM            T   1924
TOTALS           3.63              4.76   -1.13     8.99
DAILY AVG.       0.12              0.16   -0.04     0.30
DAYS >= .01         7               8.6    -1.6       10
DAYS >= .10         5               5.9    -0.9        7
DAYS >= .50         2               3.3    -1.3        4
DAYS >= 1.00        2               1.6     0.4        4
GREATEST
 24 HR. TOTAL    1.50   11/28 TO 11/29              4.56

SNOWFALL (INCHES)
RECORDS
 TOTAL            0.2   1976
                        1938
TOTALS            0.0               0.0     0.0      0.0
SINCE 7/1         0.0               0.0     0.0      0.0
DAYS >= TRACE       0
DAYS >= 1.0         0               0.0     0.0        0
GREATEST
 24 HR TOTAL      0.0   11/30 TO 11/30

DEGREE_DAYS
HEATING TOTAL     189               301    -112      162
 SINCE 7/1        204               408    -204      192
COOLING TOTAL      29                22       7       51
 SINCE 1/1       2799              2253     546     2746
.................................................................

WIND (MPH)
AVERAGE WIND SPEED              5.2
HIGHEST WIND SPEED/DIRECTION    38/180    DATE  11/28
HIGHEST GUST SPEED/DIRECTION    53/180    DATE  11/28

SKY COVER
POSSIBLE SUNSHINE (PERCENT)   MM
AVERAGE SKY COVER           0.30
NUMBER OF DAYS FAIR           19
NUMBER OF DAYS PC              9
NUMBER OF DAYS CLOUDY          2

AVERAGE RH (PERCENT)     66

WEATHER CONDITIONS. NUMBER OF DAYS WITH
THUNDERSTORM              5     MIXED PRECIP               0
HEAVY RAIN                3     RAIN                       5
LIGHT RAIN                7     FREEZING RAIN              0
LT FREEZING RAIN          0     HAIL                       0
HEAVY SNOW                0     SNOW                       0
LIGHT SNOW                0     SLEET                      0
FOG                      15     FOG W/VIS <= 1/4 MILE      4
HAZE                      1

-  INDICATES NEGATIVE NUMBERS.
R  INDICATES RECORD WAS SET OR TIED.
MM INDICATES DATA IS MISSING.
T  INDICATES TRACE AMOUNT.

$$
