000
CXUS54 KJAN 012238
CLMJAN


CLIMATE REPORT
NATIONAL WEATHER SERVICE JACKSON MS
537 PM CDT WED JUL 1 2015

...................................

...THE JACKSON CLIMATE SUMMARY FOR THE MONTH OF JUNE 2015...

CLIMATE NORMAL PERIOD 1981 TO 2010
CLIMATE RECORD PERIOD 1896 TO 2015

WEATHER         OBSERVED          NORMAL  DEPART  LAST YEAR`S
                 VALUE   DATE(S)  VALUE   FROM    VALUE  DATE(S)
                                          NORMAL
................................................................
TEMPERATURE (F)
RECORD
 HIGH             105   06/29/1988
                        06/20/1936
 LOW               48   06/03/1956
HIGHEST            97   06/23        96       1       93  06/20
                                                          06/07
LOWEST             61   06/03        56       5       64  06/12
AVG. MAXIMUM     90.6              89.5     1.1     88.6
AVG. MINIMUM     70.9              68.6     2.3     70.4
MEAN             80.8              79.0     1.8     79.5
DAYS MAX >= 90     20              15.1     4.9       16
DAYS MAX <= 32      0               0.0     0.0        0
DAYS MIN <= 32      0               0.0     0.0        0
DAYS MIN <= 0       0               0.0     0.0        0

PRECIPITATION (INCHES)
RECORD
 MAXIMUM         9.69   1909
 MINIMUM            T   1930
TOTALS           6.44              4.12    2.32     6.43
DAILY AVG.       0.21              0.14    0.07     0.21
DAYS >= .01         8               9.4    -1.4       12
DAYS >= .10         7               6.3     0.7       10
DAYS >= .50         5               2.7     2.3        4
DAYS >= 1.00        3               1.2     1.8        2
GREATEST
 24 HR. TOTAL    1.96   05/31 TO 06/01              2.05

SNOWFALL (INCHES)
RECORDS
 TOTAL            0.0   MM
TOTALS            0.0               0.0     0.0      0.0
SINCE 7/1         0.3               0.8    -0.5      0.8
DAYS >= TRACE       0
DAYS >= 1.0         0               0.0     0.0        0
GREATEST
 24 HR TOTAL      0.0   06/30 TO 06/30

DEGREE_DAYS
HEATING TOTAL       0                 0       0        0
 SINCE 7/1       2353              2391     -38     2744
COOLING TOTAL     482               422      60      443
 SINCE 1/1        935               780     155      774
.................................................................

WIND (MPH)
AVERAGE WIND SPEED              5.3
HIGHEST WIND SPEED/DIRECTION    33/170    DATE  06/13
HIGHEST GUST SPEED/DIRECTION    43/170    DATE  06/13

SKY COVER
POSSIBLE SUNSHINE (PERCENT)   MM
AVERAGE SKY COVER           0.40
NUMBER OF DAYS FAIR           14
NUMBER OF DAYS PC             15
NUMBER OF DAYS CLOUDY          1

AVERAGE RH (PERCENT)     72

WEATHER CONDITIONS. NUMBER OF DAYS WITH
THUNDERSTORM             10     MIXED PRECIP               0
HEAVY RAIN                7     RAIN                       6
LIGHT RAIN               12     FREEZING RAIN              0
LT FREEZING RAIN          0     HAIL                       0
HEAVY SNOW                0     SNOW                       0
LIGHT SNOW                0     SLEET                      0
FOG                      15     FOG W/VIS <= 1/4 MILE      0
HAZE                      2

-  INDICATES NEGATIVE NUMBERS.
R  INDICATES RECORD WAS SET OR TIED.
MM INDICATES DATA IS MISSING.
T  INDICATES TRACE AMOUNT.

$$
