000
CXUS54 KJAN 012031
CLMJAN


CLIMATE REPORT
NATIONAL WEATHER SERVICE JACKSON MS
330 PM CDT THU SEP 1 2016

...................................

...THE JACKSON CLIMATE SUMMARY FOR THE MONTH OF AUGUST 2016...

CLIMATE NORMAL PERIOD 1981 TO 2010
CLIMATE RECORD PERIOD 1896 TO 2016

WEATHER         OBSERVED          NORMAL  DEPART  LAST YEAR`S
                 VALUE   DATE(S)  VALUE   FROM    VALUE  DATE(S)
                                          NORMAL
................................................................
TEMPERATURE (F)
RECORD
 HIGH             107   08/30/2000
 LOW               54   08/15/2004
                        08/14/2004
                        08/23/1956
HIGHEST            99   08/04        98       1      103  08/10
                                                          08/09
LOWEST             72   08/27        63       9       56  08/27
                        08/17
                        08/14
AVG. MAXIMUM     92.5              91.6     0.9     95.9
AVG. MINIMUM     74.3              70.9     3.4     71.0
MEAN             83.4              81.3     2.1     83.4
DAYS MAX >= 90     26              21.0     5.0       27
DAYS MAX <= 32      0               0.0     0.0        0
DAYS MIN <= 32      0               0.0     0.0        0
DAYS MIN <= 0       0               0.0     0.0        0

PRECIPITATION (INCHES)
RECORD
 MAXIMUM        11.51   2008
 MINIMUM         0.23   1946
TOTALS           9.42              4.24    5.18     0.40
DAILY AVG.       0.30              0.14    0.16     0.01
DAYS >= .01        17               9.9     7.1        5
DAYS >= .10        11               5.6     5.4        2
DAYS >= .50         7               2.6     4.4        0
DAYS >= 1.00        3               1.3     1.7        0
GREATEST
 24 HR. TOTAL    2.43   08/06 TO 08/06              0.14

SNOWFALL (INCHES)
RECORDS
 TOTAL            0.0   MM
TOTALS            0.0               0.0     0.0      0.0
SINCE 7/1         0.0               0.0     0.0      0.0
DAYS >= TRACE       0
DAYS >= 1.0         0               0.0     0.0        0
GREATEST
 24 HR TOTAL      0.0   08/31 TO 08/31

DEGREE_DAYS
HEATING TOTAL       0                 0       0        0
 SINCE 7/1          0                 0       0        0
COOLING TOTAL     577               504      73      576
 SINCE 1/1       2074              1799     275     2129
.................................................................

WIND (MPH)
AVERAGE WIND SPEED              4.7
HIGHEST WIND SPEED/DIRECTION    31/020    DATE  08/06
HIGHEST GUST SPEED/DIRECTION    38/140    DATE  08/25

SKY COVER
POSSIBLE SUNSHINE (PERCENT)   MM
AVERAGE SKY COVER           0.40
NUMBER OF DAYS FAIR           18
NUMBER OF DAYS PC             12
NUMBER OF DAYS CLOUDY          1

AVERAGE RH (PERCENT)     75

WEATHER CONDITIONS. NUMBER OF DAYS WITH
THUNDERSTORM             22     MIXED PRECIP               0
HEAVY RAIN               11     RAIN                      14
LIGHT RAIN               20     FREEZING RAIN              0
LT FREEZING RAIN          0     HAIL                       0
HEAVY SNOW                0     SNOW                       0
LIGHT SNOW                0     SLEET                      0
FOG                      16     FOG W/VIS <= 1/4 MILE      0
HAZE                      2

-  INDICATES NEGATIVE NUMBERS.
R  INDICATES RECORD WAS SET OR TIED.
MM INDICATES DATA IS MISSING.
T  INDICATES TRACE AMOUNT.

$$
