000
CXUS54 KJAN 022016
CLMJAN


CLIMATE REPORT
NATIONAL WEATHER SERVICE JACKSON MS
315 PM CDT THU JUN 2 2016

...................................

...THE JACKSON CLIMATE SUMMARY FOR THE MONTH OF MAY 2016...

CLIMATE NORMAL PERIOD 1981 TO 2010
CLIMATE RECORD PERIOD 1896 TO 2016

WEATHER         OBSERVED          NORMAL  DEPART  LAST YEAR`S
                 VALUE   DATE(S)  VALUE   FROM    VALUE  DATE(S)
                                          NORMAL
................................................................
TEMPERATURE (F)
RECORD
 HIGH             100   05/28/1911
 LOW               36   05/04/2013
HIGHEST            95   05/30        92       3       90  05/10
LOWEST             46   05/06        47      -1       45  05/02
AVG. MAXIMUM     83.0              83.1    -0.1     84.5
AVG. MINIMUM     60.9              61.6    -0.7     62.8
MEAN             71.9              72.3    -0.4     73.6
DAYS MAX >= 90      3               2.7     0.3        1
DAYS MAX <= 32      0               0.0     0.0        0
DAYS MIN <= 32      0               0.0     0.0        0
DAYS MIN <= 0       0               0.0     0.0        0

PRECIPITATION (INCHES)
RECORD
 MAXIMUM        12.23   1909
 MINIMUM         0.16   1951
TOTALS           1.36              4.38   -3.02     7.06
DAILY AVG.       0.04              0.14   -0.10     0.23
DAYS >= .01         8               8.9    -0.9       12
DAYS >= .10         3               6.1    -3.1       11
DAYS >= .50         1               3.0    -2.0        3
DAYS >= 1.00        0               1.4    -1.4        2
GREATEST
 24 HR. TOTAL    0.80   04/30 TO 05/01              2.22

SNOWFALL (INCHES)
RECORDS
 TOTAL            0.0   MM
TOTALS            0.0               0.0     0.0      0.0
SINCE 7/1           T               0.8    -0.8      0.3
DAYS >= TRACE       0
DAYS >= 1.0         0               0.0     0.0        0
GREATEST
 24 HR TOTAL      0.0   05/31 TO 05/31

DEGREE_DAYS
HEATING TOTAL       7                12      -5        2
 SINCE 7/1       1587              2391    -804     2353
COOLING TOTAL     229               240     -11      277
 SINCE 1/1        388               358      30      453
.................................................................

WIND (MPH)
AVERAGE WIND SPEED              6.3
HIGHEST WIND SPEED/DIRECTION    30/140    DATE  05/31
HIGHEST GUST SPEED/DIRECTION    38/140    DATE  05/31

SKY COVER
POSSIBLE SUNSHINE (PERCENT)   MM
AVERAGE SKY COVER           0.40
NUMBER OF DAYS FAIR           13
NUMBER OF DAYS PC             16
NUMBER OF DAYS CLOUDY          2

AVERAGE RH (PERCENT)     68

WEATHER CONDITIONS. NUMBER OF DAYS WITH
THUNDERSTORM              4     MIXED PRECIP               0
HEAVY RAIN                3     RAIN                       4
LIGHT RAIN               14     FREEZING RAIN              0
LT FREEZING RAIN          0     HAIL                       0
HEAVY SNOW                0     SNOW                       0
LIGHT SNOW                0     SLEET                      0
FOG                      11     FOG W/VIS <= 1/4 MILE      2
HAZE                      2

-  INDICATES NEGATIVE NUMBERS.
R  INDICATES RECORD WAS SET OR TIED.
MM INDICATES DATA IS MISSING.
T  INDICATES TRACE AMOUNT.

$$
