000
CXUS54 KJAN 011631
CLMJAN


CLIMATE REPORT
NATIONAL WEATHER SERVICE JACKSON MS
1128 AM CDT WED APR 1 2015

...................................

...THE JACKSON CLIMATE SUMMARY FOR THE MONTH OF MARCH 2015...

CLIMATE NORMAL PERIOD 1981 TO 2010
CLIMATE RECORD PERIOD 1896 TO 2015

WEATHER         OBSERVED          NORMAL  DEPART  LAST YEAR`S
                 VALUE   DATE(S)  VALUE   FROM    VALUE  DATE(S)
                                          NORMAL
................................................................
TEMPERATURE (F)
RECORD
 HIGH              95   03/24/1929
 LOW               15   03/03/1980
HIGHEST            84   03/16        84       0       81  03/31
LOWEST             23   03/07        27      -4       26  03/03
                        03/06
AVG. MAXIMUM     70.2              68.5     1.7     66.6
AVG. MINIMUM     49.2              45.3     3.9     40.9
MEAN             59.7              56.9     2.8     53.8
DAYS MAX >= 90      0               0.0     0.0        0
DAYS MAX <= 32      0               0.0     0.0        0
DAYS MIN <= 32      3               2.8     0.2        5
DAYS MIN <= 0       0               0.0     0.0        0

PRECIPITATION (INCHES)
RECORD
 MAXIMUM        15.13   1976
 MINIMUM         0.90   2007
TOTALS           7.27              5.04    2.23     5.65
DAILY AVG.       0.23              0.16    0.07     0.18
DAYS >= .01        17               9.4     7.6       10
DAYS >= .10        10               6.7     3.3        8
DAYS >= .50         6               3.5     2.5        4
DAYS >= 1.00        2               1.7     0.3        2
GREATEST
 24 HR. TOTAL    1.88   03/21 TO 03/21              2.08

SNOWFALL (INCHES)
RECORDS
 TOTAL            5.3   1968
TOTALS            0.3               0.1     0.2        T
SINCE 7/1         0.3               0.8    -0.5      0.8
DAYS >= TRACE       1
DAYS >= 1.0         0               0.0     0.0        0
GREATEST
 24 HR TOTAL      0.3   MM

DEGREE_DAYS
HEATING TOTAL     195               278     -83      343
 SINCE 7/1       2321              2270      51     2609
COOLING TOTAL      37                27      10        4
 SINCE 1/1         37                37       0       10
.................................................................

WIND (MPH)
AVERAGE WIND SPEED              6.8
HIGHEST WIND SPEED/DIRECTION    33/140    DATE  03/13
HIGHEST GUST SPEED/DIRECTION    41/150    DATE  03/13

SKY COVER
POSSIBLE SUNSHINE (PERCENT)   MM
AVERAGE SKY COVER           0.70
NUMBER OF DAYS FAIR            7
NUMBER OF DAYS PC              9
NUMBER OF DAYS CLOUDY         15

AVERAGE RH (PERCENT)     75

WEATHER CONDITIONS. NUMBER OF DAYS WITH
THUNDERSTORM              2     MIXED PRECIP               0
HEAVY RAIN                8     RAIN                      10
LIGHT RAIN               21     FREEZING RAIN              1
LT FREEZING RAIN          1     HAIL                       0
HEAVY SNOW                0     SNOW                       0
LIGHT SNOW                1     SLEET                      1
FOG                      22     FOG W/VIS <= 1/4 MILE      6
HAZE                      0

-  INDICATES NEGATIVE NUMBERS.
R  INDICATES RECORD WAS SET OR TIED.
MM INDICATES DATA IS MISSING.
T  INDICATES TRACE AMOUNT.

$$
