000
CXUS54 KJAN 301414
CF6MEI
PRELIMINARY LOCAL CLIMATOLOGICAL DATA (WS FORM: F-6)

                                          STATION:   MERIDIAN
                                          MONTH:     JUNE
                                          YEAR:      2016
                                          LATITUDE:   32 19 N
                                          LONGITUDE:  88 45 W

  TEMPERATURE IN F:       :PCPN:    SNOW:  WIND      :SUNSHINE: SKY     :PK WND
================================================================================
1   2   3   4   5  6A  6B    7    8   9   10  11  12  13   14  15   16   17  18
                                     12Z  AVG MX 2MIN
DY MAX MIN AVG DEP HDD CDD  WTR  SNW DPTH SPD SPD DIR MIN PSBL S-S WX    SPD DR
================================================================================

 1  92  68  80   5   0  15    T  0.0    0  4.1 15 220   M    M   0        20 190
 2  94  74  84   9   0  19 0.00  0.0    0  3.8 17 210   M    M   3        24 210
 3  94  71  83   8   0  18 0.20  0.0    0  6.2 28 190   M    M   4 3      38 190
 4  88  72  80   4   0  15 0.05  0.0    0  5.2 18 310   M    M   3 138    24 310
 5  89  73  81   5   0  16    T  0.0    0  4.0 10 160   M    M   5        13 160
 6  93  72  83   7   0  18 0.00  0.0    0  4.9 14 350   M    M   2        17 350
 7  96  69  83   7   0  18 0.00  0.0    0  4.2 16 360   M    M   0        21 320
 8  94  66  80   4   0  15 0.00  0.0    0  5.7 16  10   M    M   0        19  10
 9  95  63  79   2   0  14 0.00  0.0    0  3.0  9  90   M    M   0        13 150
10  96  63  80   3   0  15 0.00  0.0    0  2.6 12 190   M    M   1        13 190
11  94  72  83   6   0  18 0.17  0.0    0  3.6 21 290   M    M   3 3      24 290
12  96  72  84   7   0  19 0.03  0.0    0  4.5 18 100   M    M   3 123    24 100
13  97  73  85   8   0  20 0.00  0.0    0  4.3 20 280   M    M   2        28 280
14  91  71  81   3   0  16 2.96  0.0    0  5.4 22 280   M    M   4 138    28 280
15  94  75  85   7   0  20 0.03  0.0    0  5.5 15 230   M    M   5 18     20 240
16  98  76  87   9   0  22 0.00  0.0    0  5.5 15 270   M    M   1        19 290
17  98  72  85   7   0  20 0.07  0.0    0  5.9 39 360   M    M   2 13     61 360
18  89  70  80   2   0  15 0.00  0.0    0  5.4 15  50   M    M   5        18  50
19  90  74  82   4   0  17    T  0.0    0  7.1 16 100   M    M   5        20 110
20  93  70  82   3   0  17 0.00  0.0    0  3.3 10  80   M    M   2        13 120
21  95  68  82   3   0  17 0.00  0.0    0  2.3  8 190   M    M   1        10 130
22  95  72  84   5   0  19 0.00  0.0    0  6.0 13 170   M    M   2        16 210
23  95  70  83   4   0  18 0.00  0.0    0  4.5 12 230   M    M   3        15 290
24  97  72  85   6   0  20 0.00  0.0    0  3.0 10 320   M    M   2        13 340
25 100  76  88   9   0  23    T  0.0    0  4.6 12  10   M    M   4        14  10
26 100  76  88   9   0  23 0.00  0.0    0  4.2 20  40   M    M   1        25  30
27  99  75  87   7   0  22 1.40  0.0    0  4.3 23 290   M    M   2 13     29 290
28  90  75  83   3   0  18 0.00  0.0    0  3.3 14  10   M    M   6 138    17  20
29  96  74  85   5   0  20 0.00  0.0    0  5.1 16  20   M    M   3        20  20
================================================================================
SM 2738 2074         0 527  4.91     0.0 131.5          M       74
================================================================================
AV 94.4 71.5                               4.5 FASTST   M    M   3    MAX(MPH)
                                 MISC ---->  # 39 360               # 61  360
================================================================================
NOTES:
# LAST OF SEVERAL OCCURRENCES

COLUMN 17 PEAK WIND IN M.P.H.

PRELIMINARY LOCAL CLIMATOLOGICAL DATA (WS FORM: F-6) , PAGE 2

                                          STATION:  MERIDIAN
                                          MONTH:    JUNE
                                          YEAR:     2016
                                          LATITUDE:   32 19 N
                                          LONGITUDE:  88 45 W

[TEMPERATURE DATA]      [PRECIPITATION DATA]       SYMBOLS USED IN COLUMN 16

AVERAGE MONTHLY: 83.0   TOTAL FOR MONTH:   4.91    1 = FOG OR MIST
DPTR FM NORMAL:   5.3   DPTR FM NORMAL:    0.67    2 = FOG REDUCING VISIBILITY
HIGHEST:   100 ON 26,25 GRTST 24HR  2.96 ON 14-14      TO 1/4 MILE OR LESS
LOWEST:     63 ON 10, 9                            3 = THUNDER
                        SNOW, ICE PELLETS, HAIL    4 = ICE PELLETS
                        TOTAL MONTH:   0.0 INCH    5 = HAIL
                        GRTST 24HR     0.0         6 = FREEZING RAIN OR DRIZZLE
                        GRTST DEPTH:   0           7 = DUSTSTORM OR SANDSTORM:
                                                       VSBY 1/2 MILE OR LESS
                                                   8 = SMOKE OR HAZE
[NO. OF DAYS WITH]      [WEATHER - DAYS WITH]      9 = BLOWING SNOW
                                                   X = TORNADO
MAX 32 OR BELOW:   0    0.01 INCH OR MORE:   8
MAX 90 OR ABOVE:  26    0.10 INCH OR MORE:   4
MIN 32 OR BELOW:   0    0.50 INCH OR MORE:   2
MIN  0 OR BELOW:   0    1.00 INCH OR MORE:   2

[HDD (BASE 65) ]
TOTAL THIS MO.     0    CLEAR  (SCALE 0-3)  20
DPTR FM NORMAL     0    PTCLDY (SCALE 4-7)   9
TOTAL FM JUL 1  1815    CLOUDY (SCALE 8-10)  0
DPTR FM NORMAL  -738

[CDD (BASE 65) ]
TOTAL THIS MO.   527
DPTR FM NORMAL   161    [PRESSURE DATA]
TOTAL FM JAN 1   839    HIGHEST SLP M ON M
DPTR FM NORMAL   190    LOWEST  SLP 29.74 ON  6

[REMARKS]
