000
CXUS54 KJAN 011410
CF6MEI
PRELIMINARY LOCAL CLIMATOLOGICAL DATA (WS FORM: F-6)
STATION: MERIDIAN
MONTH: MAY
YEAR: 2023
LATITUDE: 32 19 N
LONGITUDE: 88 45 W
TEMPERATURE IN F: :PCPN: SNOW: WIND :SUNSHINE: SKY :PK WND
================================================================================
1 2 3 4 5 6A 6B 7 8 9 10 11 12 13 14 15 16 17 18
12Z AVG MX 2MIN
DY MAX MIN AVG DEP HDD CDD WTR SNW DPTH SPD SPD DIR MIN PSBL S-S WX SPD DR
================================================================================
1 75 48 62 -7 3 0 0.00 0.0 0 6.6 18 300 M M 1 27 310
2 80 45 63 -7 2 0 0.00 0.0 0 5.1 18 290 M M 0 30 290
3 79 45 62 -8 3 0 0.00 0.0 0 3.4 14 320 M M 0 18 10
4 82 47 65 -5 0 0 0.00 0.0 0 1.8 7 200 M M 0 11 10
5 76 58 67 -3 0 2 0.18 0.0 0 4.7 15 160 M M 7 1 22 180
6 83 62 73 2 0 8 0.00 0.0 0 6.5 16 170 M M 6 1 22 170
7 87 58 73 2 0 8 0.34 0.0 0 5.9 15 180 M M 3 13 20 140
8 83 68 76 5 0 11 0.00 0.0 0 5.1 13 190 M M 4 1 17 180
9 85 66 76 5 0 11 0.00 0.0 0 3.0 10 220 M M 1 1 14 200
10 85 68 77 5 0 12 0.70 0.0 0 3.4 31 190 M M 3 138 43 180
11 87 66 77 5 0 12 1.02 0.0 0 7.4 25 310 M M 4 13 39 330
12 88 63 76 4 0 11 0.29 0.0 0 5.9 23 280 M M 2 13 35 300
13 89 63 76 4 0 11 0.00 0.0 0 2.7 17 50 M M 1 3 21 60
14 92 66 79 6 0 14 0.00 0.0 0 1.2 9 350 M M 2 1 13 190
15 94 68 81 8 0 16 0.00 0.0 0 2.3 14 320 M M 1 17 330
16 89 69 79 6 0 14 0.40 0.0 0 4.4 22 280 M M 2 13 33 270
17 85 67 76 2 0 11 0.62 0.0 0 4.1 17 360 M M 4 138 21 350
18 85 66 76 2 0 11 0.18 0.0 0 2.7 20 10 M M 6 1238 25 10
19 86 70 78 4 0 13 0.00 0.0 0 4.8 14 60 M M 7 1 17 70
20 86 69 78 4 0 13 0.10 0.0 0 5.4 18 20 M M 6 8 25 30
21 81 63 72 -3 0 7 0.00 0.0 0 5.7 12 360 M M 2 18 16 350
22 86 65 76 1 0 11 0.22 0.0 0 5.1 21 70 M M 3 13 27 70
23 80 67 74 -1 0 9 0.01 0.0 0 8.7 18 40 M M 9 24 50
24 74 65 70 -6 0 5 0.00 0.0 0 6.6 15 30 M M 9 18 18 30
25 85 62 74 -2 0 9 0.00 0.0 0 4.6 15 40 M M 2 1 20 40
26 86 59 73 -3 0 8 0.00 0.0 0 5.1 18 50 M M 0 1 23 30
27 84 60 72 -4 0 7 0.00 0.0 0 4.3 13 70 M M 0 19 120
28 86 60 73 -3 0 8 0.00 0.0 0 2.0 13 330 M M 1 19 310
29 85 62 74 -3 0 9 0.00 0.0 0 5.1 14 30 M M 0 17 10
30 86 58 72 -5 0 7 0.00 0.0 0 2.8 13 40 M M 2 19 360
31 86 61 74 -3 0 9 0.00 0.0 0 3.0 14 60 M M 0 18 50
================================================================================
SM 2615 1914 8 267 4.06 0.0 139.4 M 88
================================================================================
AV 84.4 61.7 4.5 FASTST M M 3 MAX(MPH)
MISC ----> 31 190 43 180
================================================================================
NOTES:
# LAST OF SEVERAL OCCURRENCES
COLUMN 17 PEAK WIND IN M.P.H.
PRELIMINARY LOCAL CLIMATOLOGICAL DATA (WS FORM: F-6) , PAGE 2
STATION: MERIDIAN
MONTH: MAY
YEAR: 2023
LATITUDE: 32 19 N
LONGITUDE: 88 45 W
[TEMPERATURE DATA] [PRECIPITATION DATA] SYMBOLS USED IN COLUMN 16
AVERAGE MONTHLY: 73.0 TOTAL FOR MONTH: 4.06 1 = FOG OR MIST
DPTR FM NORMAL: -0.3 DPTR FM NORMAL: -0.14 2 = FOG REDUCING VISIBILITY
HIGHEST: 94 ON 15 GRTST 24HR 1.02 ON 11-11 TO 1/4 MILE OR LESS
LOWEST: 45 ON 3, 2 3 = THUNDER
SNOW, ICE PELLETS, HAIL 4 = ICE PELLETS
TOTAL MONTH: 0.0 INCH 5 = HAIL
GRTST 24HR 0.0 6 = FREEZING RAIN OR DRIZZLE
GRTST DEPTH: 0 7 = DUSTSTORM OR SANDSTORM:
VSBY 1/2 MILE OR LESS
8 = SMOKE OR HAZE
[NO. OF DAYS WITH] [WEATHER - DAYS WITH] 9 = BLOWING SNOW
X = TORNADO
MAX 32 OR BELOW: 0 0.01 INCH OR MORE: 11
MAX 90 OR ABOVE: 2 0.10 INCH OR MORE: 10
MIN 32 OR BELOW: 0 0.50 INCH OR MORE: 3
MIN 0 OR BELOW: 0 1.00 INCH OR MORE: 1
[HDD (BASE 65) ]
TOTAL THIS MO. 8 CLEAR (SCALE 0-3) 21
DPTR FM NORMAL -2 PTCLDY (SCALE 4-7) 8
TOTAL FM JUL 1 1731 CLOUDY (SCALE 8-10) 2
DPTR FM NORMAL -382
[CDD (BASE 65) ]
TOTAL THIS MO. 267
DPTR FM NORMAL -1 [PRESSURE DATA]
TOTAL FM JAN 1 489 HIGHEST SLP 30.17 ON 14
DPTR FM NORMAL 71 LOWEST SLP 29.75 ON 17
[REMARKS]
#FINAL-05-23#