000
CDUS44 KJAN 240627
CLIMEI


CLIMATE REPORT
NATIONAL WEATHER SERVICE JACKSON MS
124 AM CDT SUN MAY 24 2015


...................................

...THE MERIDIAN CLIMATE SUMMARY FOR MAY 23 2015...

CLIMATE NORMAL PERIOD 1981 TO 2010
CLIMATE RECORD PERIOD 1889 TO 2015


WEATHER ITEM   OBSERVED TIME   RECORD YEAR NORMAL DEPARTURE LAST
                VALUE   (LST)  VALUE       VALUE  FROM      YEAR
                                                  NORMAL
..................................................................
TEMPERATURE (F)
 YESTERDAY
  MAXIMUM         87    317 PM  95    1996  85      2       90
  MINIMUM         53    443 AM  46    2002  61     -8       61
                                      2001
                                      1892
  AVERAGE         70                        73     -3       76

PRECIPITATION (IN)
  YESTERDAY        0.00          3.74 1943   0.15  -0.15     0.00
  MONTH TO DATE    0.61                      3.35  -2.74     1.47
  SINCE MAR 1     10.67                     13.55  -2.88    21.24
  SINCE JAN 1     21.51                     24.28  -2.77    30.59

SNOWFALL (IN)
  YESTERDAY        0.0           0.0    MM   0.0    0.0      0.0
  MONTH TO DATE    0.0                       0.0    0.0      0.0
  SINCE MAR 1      T                         0.3   -0.3      0.0
  SINCE JUL 1      T                         0.6   -0.6      2.5

DEGREE DAYS
 HEATING
  YESTERDAY        0                         0      0        0
  MONTH TO DATE    6                        16    -10       21
  SINCE MAR 1    263                       453   -190      489
  SINCE JUL 1   2504                      2550    -46     2865

 COOLING
  YESTERDAY        5                         8     -3       11
  MONTH TO DATE  143                       129     14      122
  SINCE MAR 1    283                       205     78      183
  SINCE JAN 1    283                       212     71      190
..................................................................


WIND (MPH)
  HIGHEST WIND SPEED    13   HIGHEST WIND DIRECTION     E (100)
  HIGHEST GUST SPEED    17   HIGHEST GUST DIRECTION     E (100)
  AVERAGE WIND SPEED     5.1


SKY COVER
  POSSIBLE SUNSHINE  MM
  AVERAGE SKY COVER 0.1


WEATHER CONDITIONS
 THE FOLLOWING WEATHER WAS RECORDED YESTERDAY.
  NO SIGNIFICANT WEATHER WAS OBSERVED.


RELATIVE HUMIDITY (PERCENT)
 HIGHEST   100           400 AM
 LOWEST     40          1200 PM
 AVERAGE    70

..........................................................


THE MERIDIAN CLIMATE NORMALS FOR TODAY
                         NORMAL    RECORD    YEAR
 MAXIMUM TEMPERATURE (F)   85        95      1996
 MINIMUM TEMPERATURE (F)   61        45      1892


SUNRISE AND SUNSET
MAY 24 2015...........SUNRISE   552 AM CDT   SUNSET   752 PM CDT
MAY 25 2015...........SUNRISE   552 AM CDT   SUNSET   753 PM CDT


-  INDICATES NEGATIVE NUMBERS.
R  INDICATES RECORD WAS SET OR TIED.
MM INDICATES DATA IS MISSING.
T  INDICATES TRACE AMOUNT.




$$
