000
CDUS44 KJAN 280747
CLIMEI


CLIMATE REPORT
NATIONAL WEATHER SERVICE JACKSON MS
242 AM CDT TUE APR 28 2015


...................................

...THE MERIDIAN CLIMATE SUMMARY FOR APRIL 27 2015...

CLIMATE NORMAL PERIOD 1981 TO 2010
CLIMATE RECORD PERIOD 1889 TO 2015


WEATHER ITEM   OBSERVED TIME   RECORD YEAR NORMAL DEPARTURE LAST
                VALUE   (LST)  VALUE       VALUE  FROM      YEAR
                                                  NORMAL
..................................................................
TEMPERATURE (F)
 YESTERDAY
  MAXIMUM         66    401 PM  92    1987  79    -13       85
  MINIMUM         56    624 AM  39    1992  53      3       66
                                      1976
  AVERAGE         61                        66     -5       76

PRECIPITATION (IN)
  YESTERDAY        0.00          2.73 1997   0.15  -0.15     0.37
  MONTH TO DATE    5.15                      4.35   0.80    10.28
  SINCE MAR 1     10.06                      9.77   0.29    16.02
  SINCE JAN 1     20.90                     20.50   0.40    25.37

SNOWFALL (IN)
  YESTERDAY        0.0           0.0    MM   0.0    0.0      0.0
  MONTH TO DATE    0.0                       0.1   -0.1      0.0
  SINCE MAR 1      T                         0.3   -0.3      0.0
  SINCE JUL 1      T                         0.6   -0.6      2.5

DEGREE DAYS
 HEATING
  YESTERDAY        4                         2      2        0
  MONTH TO DATE   36                       124    -88      116
  SINCE MAR 1    246                       431   -185      465
  SINCE JUL 1   2487                      2528    -41     2841

 COOLING
  YESTERDAY        0                         3     -3       11
  MONTH TO DATE  113                        49     64       41
  SINCE MAR 1    140                        66     74       43
  SINCE JAN 1    140                        73     67       50
..................................................................


WIND (MPH)
  HIGHEST WIND SPEED    18   HIGHEST WIND DIRECTION    NE (30)
  HIGHEST GUST SPEED    24   HIGHEST GUST DIRECTION    NE (30)
  AVERAGE WIND SPEED    10.8


SKY COVER
  POSSIBLE SUNSHINE  MM
  AVERAGE SKY COVER 0.1


WEATHER CONDITIONS
 THE FOLLOWING WEATHER WAS RECORDED YESTERDAY.
  HAZE


RELATIVE HUMIDITY (PERCENT)
 HIGHEST    86           400 AM
 LOWEST     56           400 PM
 AVERAGE    71

..........................................................


THE MERIDIAN CLIMATE NORMALS FOR TODAY
                         NORMAL    RECORD    YEAR
 MAXIMUM TEMPERATURE (F)   79        90      2002
                                             1970
                                             1899
 MINIMUM TEMPERATURE (F)   53        39      2010
                                             1978


SUNRISE AND SUNSET
APRIL 28 2015.........SUNRISE   612 AM CDT   SUNSET   734 PM CDT
APRIL 29 2015.........SUNRISE   611 AM CDT   SUNSET   734 PM CDT


-  INDICATES NEGATIVE NUMBERS.
R  INDICATES RECORD WAS SET OR TIED.
MM INDICATES DATA IS MISSING.
T  INDICATES TRACE AMOUNT.




$$
