000
CDUS44 KJAN 260755
CLIMEI


CLIMATE REPORT
NATIONAL WEATHER SERVICE JACKSON MS
253 AM CDT THU MAY 26 2016


...................................

...THE MERIDIAN CLIMATE SUMMARY FOR MAY 25 2016...

CLIMATE NORMAL PERIOD 1981 TO 2010
CLIMATE RECORD PERIOD 1889 TO 2016


WEATHER ITEM   OBSERVED TIME   RECORD YEAR NORMAL DEPARTURE LAST
                VALUE   (LST)  VALUE       VALUE  FROM      YEAR
                                                  NORMAL
..................................................................
TEMPERATURE (F)
 YESTERDAY
  MAXIMUM         90    400 PM  95    1953  85      5       77
  MINIMUM         61    500 AM  47    1979  61      0       68
  AVERAGE         76                        73      3       73

PRECIPITATION (IN)
  YESTERDAY        0.00          2.97 1909   0.15  -0.15     0.08
  MONTH TO DATE    0.96                      3.64  -2.68     1.14
  SINCE MAR 1     17.49                     13.84   3.65    11.20
  SINCE JAN 1     24.98                     24.57   0.41    22.04

SNOWFALL (IN)
  YESTERDAY        0.0           0.0    MM   0.0    0.0      0.0
  MONTH TO DATE    0.0                       0.0    0.0      0.0
  SINCE MAR 1      0.0                       0.3   -0.3       T
  SINCE JUL 1      T                         0.6   -0.6       T

DEGREE DAYS
 HEATING
  YESTERDAY        0                         0      0        0
  MONTH TO DATE    8                        16     -8        6
  SINCE MAR 1    253                       453   -200      263
  SINCE JUL 1   1815                      2550   -735     2504

 COOLING
  YESTERDAY       11                         8      3        8
  MONTH TO DATE  118                       145    -27      162
  SINCE MAR 1    214                       221     -7      302
  SINCE JAN 1    219                       228     -9      302
..................................................................


WIND (MPH)
  HIGHEST WIND SPEED    13   HIGHEST WIND DIRECTION     S (190)
  HIGHEST GUST SPEED    18   HIGHEST GUST DIRECTION     S (160)
  AVERAGE WIND SPEED     5.7


SKY COVER
  POSSIBLE SUNSHINE  MM
  AVERAGE SKY COVER 0.1


WEATHER CONDITIONS
 THE FOLLOWING WEATHER WAS RECORDED YESTERDAY.
  NO SIGNIFICANT WEATHER WAS OBSERVED.


RELATIVE HUMIDITY (PERCENT)
 HIGHEST    97           500 AM
 LOWEST     44           300 PM
 AVERAGE    71

..........................................................


THE MERIDIAN CLIMATE NORMALS FOR TODAY
                         NORMAL    RECORD    YEAR
 MAXIMUM TEMPERATURE (F)   86        96      1964
                                             1950
 MINIMUM TEMPERATURE (F)   61        42      1979


SUNRISE AND SUNSET
MAY 26 2016...........SUNRISE   551 AM CDT   SUNSET   754 PM CDT
MAY 27 2016...........SUNRISE   550 AM CDT   SUNSET   754 PM CDT


-  INDICATES NEGATIVE NUMBERS.
R  INDICATES RECORD WAS SET OR TIED.
MM INDICATES DATA IS MISSING.
T  INDICATES TRACE AMOUNT.




$$
