000
CDUS44 KJAN 260643
CLIMEI


CLIMATE REPORT
NATIONAL WEATHER SERVICE JACKSON MS
141 AM CDT TUE SEP 26 2017


...................................

...THE MERIDIAN CLIMATE SUMMARY FOR SEPTEMBER 25 2017...

CLIMATE NORMAL PERIOD 1981 TO 2010
CLIMATE RECORD PERIOD 1889 TO 2017


WEATHER ITEM   OBSERVED TIME   RECORD YEAR NORMAL DEPARTURE LAST
                VALUE   (LST)  VALUE       VALUE  FROM      YEAR
                                                  NORMAL
..................................................................
TEMPERATURE (F)
 YESTERDAY
  MAXIMUM         86    100 PM  99    2016  84      2       99
  MINIMUM         68   1226 AM  45    1990  60      8       70
                                      1965
  AVERAGE         77                        72      5       85

PRECIPITATION (IN)
  YESTERDAY        0.03          4.42 2002   0.11  -0.08     0.01
  MONTH TO DATE    1.05                      2.83  -1.78     0.56
  SINCE SEP 1      1.05                      2.83  -1.78     0.56
  SINCE JAN 1     53.93                     41.79  12.14    37.89

SNOWFALL (IN)
  YESTERDAY        0.0           0.0  2002   0.0    0.0      0.0
                                      2001
  MONTH TO DATE    0.0                       0.0    0.0      0.0
  SINCE SEP 1      0.0                       0.0    0.0      0.0
  SINCE JUL 1      0.0                       0.0    0.0      0.0

DEGREE DAYS
 HEATING
  YESTERDAY        0                         1     -1        0
  MONTH TO DATE    3                         1      2        0
  SINCE SEP 1      3                         1      2        0
  SINCE JUL 1      3                         1      2        0

 COOLING
  YESTERDAY       12                         7      5       20
  MONTH TO DATE  269                       272     -3      459
  SINCE SEP 1    269                       272     -3      459
  SINCE JAN 1   2233                      1892    341     2570
..................................................................


WIND (MPH)
  HIGHEST WIND SPEED    13   HIGHEST WIND DIRECTION     E (110)
  HIGHEST GUST SPEED    16   HIGHEST GUST DIRECTION    SE (120)
  AVERAGE WIND SPEED     2.7


SKY COVER
  POSSIBLE SUNSHINE  MM
  AVERAGE SKY COVER 0.4


WEATHER CONDITIONS
 THE FOLLOWING WEATHER WAS RECORDED YESTERDAY.
  LIGHT RAIN
  FOG


RELATIVE HUMIDITY (PERCENT)
 HIGHEST   100           300 AM
 LOWEST     61          1100 AM
 AVERAGE    81

..........................................................


THE MERIDIAN CLIMATE NORMALS FOR TODAY
                         NORMAL    RECORD    YEAR
 MAXIMUM TEMPERATURE (F)   84        99      2016
 MINIMUM TEMPERATURE (F)   59        44      2001
                                             1990
                                             1899


SUNRISE AND SUNSET
SEPTEMBER 26 2017.....SUNRISE   646 AM CDT   SUNSET   646 PM CDT
SEPTEMBER 27 2017.....SUNRISE   647 AM CDT   SUNSET   645 PM CDT


-  INDICATES NEGATIVE NUMBERS.
R  INDICATES RECORD WAS SET OR TIED.
MM INDICATES DATA IS MISSING.
T  INDICATES TRACE AMOUNT.




$$
