000
CDUS44 KJAN 040633
CLIMEI


CLIMATE REPORT
NATIONAL WEATHER SERVICE JACKSON MS
131 AM CDT SAT JUL 4 2015


...................................

...THE MERIDIAN CLIMATE SUMMARY FOR JULY 3 2015...

CLIMATE NORMAL PERIOD 1981 TO 2010
CLIMATE RECORD PERIOD 1889 TO 2015


WEATHER ITEM   OBSERVED TIME   RECORD YEAR NORMAL DEPARTURE LAST
                VALUE   (LST)  VALUE       VALUE  FROM      YEAR
                                                  NORMAL
..................................................................
TEMPERATURE (F)
 YESTERDAY
  MAXIMUM         90    106 PM 102    1970  91     -1       89
  MINIMUM         75   1159 PM  57    1924  69      6       65
  AVERAGE         83                        80      3       77

PRECIPITATION (IN)
  YESTERDAY        0.00          2.59 1914   0.16  -0.16     0.00
  MONTH TO DATE    0.15                      0.50  -0.35     0.02
  SINCE JUN 1      5.12                      4.90   0.22     2.56
  SINCE JAN 1     28.18                     30.33  -2.15    34.28

SNOWFALL (IN)
  YESTERDAY        0.0           0.0    MM   0.0    0.0      0.0
  MONTH TO DATE    0.0                       0.0    0.0      0.0
  SINCE JUN 1      0.0                       0.0    0.0      0.0
  SINCE JUL 1      0.0                       0.0    0.0      0.0

DEGREE DAYS
 HEATING
  YESTERDAY        0                         0      0        0
  MONTH TO DATE    0                         0      0        0
  SINCE JUN 1      0                         0      0        0
  SINCE JUL 1      0                         0      0        0

 COOLING
  YESTERDAY       18                        15      3       12
  MONTH TO DATE   46                        45      1       49
  SINCE JUN 1    462                       425     37      459
  SINCE JAN 1    827                       708    119      729
..................................................................


WIND (MPH)
  HIGHEST WIND SPEED    17   HIGHEST WIND DIRECTION     W (250)
  HIGHEST GUST SPEED    26   HIGHEST GUST DIRECTION     W (250)
  AVERAGE WIND SPEED     7.6


SKY COVER
  POSSIBLE SUNSHINE  MM
  AVERAGE SKY COVER 0.2


WEATHER CONDITIONS
 THE FOLLOWING WEATHER WAS RECORDED YESTERDAY.
  NO SIGNIFICANT WEATHER WAS OBSERVED.


RELATIVE HUMIDITY (PERCENT)
 HIGHEST    94           500 AM
 LOWEST     56          1200 PM
 AVERAGE    75

..........................................................


THE MERIDIAN CLIMATE NORMALS FOR TODAY
                         NORMAL    RECORD    YEAR
 MAXIMUM TEMPERATURE (F)   92       102      1977
                                             1969
 MINIMUM TEMPERATURE (F)   69        58      1924


SUNRISE AND SUNSET
JULY  4 2015..........SUNRISE   553 AM CDT   SUNSET   806 PM CDT
JULY  5 2015..........SUNRISE   553 AM CDT   SUNSET   806 PM CDT


-  INDICATES NEGATIVE NUMBERS.
R  INDICATES RECORD WAS SET OR TIED.
MM INDICATES DATA IS MISSING.
T  INDICATES TRACE AMOUNT.




$$
