000
CDUS44 KJAN 282110
CLIMEI


CLIMATE REPORT
NATIONAL WEATHER SERVICE JACKSON MS
409 PM CDT TUE JUN 28 2016


...................................

...THE MERIDIAN CLIMATE SUMMARY FOR JUNE 28 2016...
VALID TODAY AS OF 0400 PM LOCAL TIME.

CLIMATE NORMAL PERIOD 1981 TO 2010
CLIMATE RECORD PERIOD 1889 TO 2016


WEATHER ITEM   OBSERVED TIME   RECORD YEAR NORMAL DEPARTURE LAST
                VALUE   (LST)  VALUE       VALUE  FROM      YEAR
                                                  NORMAL
..................................................................
TEMPERATURE (F)
 TODAY
  MAXIMUM         90    103 PM 102    2009  91     -1       88
                                      1988
                                      1954
  MINIMUM         75    325 AM  53    1968  68      7       67
  AVERAGE         83                        80      3       78

PRECIPITATION (IN)
  TODAY            0.00          2.22 1957   0.16  -0.16     0.00
  MONTH TO DATE    4.91                      4.08   0.83     2.57
  SINCE JUN 1      4.91                      4.08   0.83     2.57
  SINCE JAN 1     29.90                     29.51   0.39    25.63

SNOWFALL (IN)
  TODAY            0.0           0.0    MM   0.0    0.0      0.0
  MONTH TO DATE    0.0                       0.0    0.0      0.0
  SINCE JUN 1      0.0                       0.0    0.0      0.0
  SINCE JUL 1      T                         0.6   -0.6       T

DEGREE DAYS
 HEATING
  TODAY            0                         0      0        0
  MONTH TO DATE    0                         0      0        0
  SINCE JUN 1      0                         0      0        0
  SINCE JUL 1   1815                      2553   -738     2504

 COOLING
  TODAY           18                        15      3       13
  MONTH TO DATE  507                       351    156      394
  SINCE JUN 1    507                       351    156      394
  SINCE JAN 1    819                       634    185      759
..................................................................


WIND (MPH)
  HIGHEST WIND SPEED    14   HIGHEST WIND DIRECTION     N (10)
  HIGHEST GUST SPEED    17   HIGHEST GUST DIRECTION     N (20)
  AVERAGE WIND SPEED     2.9


SKY COVER
  POSSIBLE SUNSHINE  MM
  AVERAGE SKY COVER 0.6


WEATHER CONDITIONS
 THE FOLLOWING WEATHER WAS RECORDED TODAY.
  THUNDERSTORM
  FOG
  HAZE


RELATIVE HUMIDITY (PERCENT)
 HIGHEST    88           500 AM
 LOWEST     59           100 PM
 AVERAGE    74

..........................................................


THE MERIDIAN CLIMATE NORMALS FOR TOMORROW
                         NORMAL    RECORD    YEAR
 MAXIMUM TEMPERATURE (F)   91       104      1988
 MINIMUM TEMPERATURE (F)   68        58      1974


SUNRISE AND SUNSET
JUNE 28 2016..........SUNRISE   551 AM CDT   SUNSET   806 PM CDT
JUNE 29 2016..........SUNRISE   551 AM CDT   SUNSET   806 PM CDT


-  INDICATES NEGATIVE NUMBERS.
R  INDICATES RECORD WAS SET OR TIED.
MM INDICATES DATA IS MISSING.
T  INDICATES TRACE AMOUNT.




$$
