000
CDUS44 KJAN 280646
CLIMEI


CLIMATE REPORT
NATIONAL WEATHER SERVICE JACKSON MS
141 AM CDT WED SEP 28 2016


...................................

...THE MERIDIAN CLIMATE SUMMARY FOR SEPTEMBER 27 2016...

CLIMATE NORMAL PERIOD 1981 TO 2010
CLIMATE RECORD PERIOD 1889 TO 2016


WEATHER ITEM   OBSERVED TIME   RECORD YEAR NORMAL DEPARTURE LAST
                VALUE   (LST)  VALUE       VALUE  FROM      YEAR
                                                  NORMAL
..................................................................
TEMPERATURE (F)
 YESTERDAY
  MAXIMUM         91    352 PM  97    1954  84      7       74
  MINIMUM         68    644 AM  39    1899  59      9       64
  AVERAGE         80                        71      9       69

PRECIPITATION (IN)
  YESTERDAY        0.00          5.51 1906   0.12  -0.12     2.66
  MONTH TO DATE    0.57                      3.07  -2.50     3.60
  SINCE SEP 1      0.57                      3.07  -2.50     3.60
  SINCE JAN 1     37.90                     42.03  -4.13    39.30

SNOWFALL (IN)
  YESTERDAY        0.0           0.0  2002   0.0    0.0      0.0
                                      2001
  MONTH TO DATE    0.0                       0.0    0.0      0.0
  SINCE SEP 1      0.0                       0.0    0.0      0.0
  SINCE JUL 1      0.0                       0.0    0.0      0.0

DEGREE DAYS
 HEATING
  YESTERDAY        0                         1     -1        0
  MONTH TO DATE    0                         3     -3        1
  SINCE SEP 1      0                         3     -3        1
  SINCE JUL 1      0                         3     -3        1

 COOLING
  YESTERDAY       15                         7      8        4
  MONTH TO DATE  493                       286    207      298
  SINCE SEP 1    493                       286    207      298
  SINCE JAN 1   2604                      1906    698     2123
..................................................................


WIND (MPH)
  HIGHEST WIND SPEED    13   HIGHEST WIND DIRECTION     N (10)
  HIGHEST GUST SPEED    16   HIGHEST GUST DIRECTION     N (10)
  AVERAGE WIND SPEED     4.8


SKY COVER
  POSSIBLE SUNSHINE  MM
  AVERAGE SKY COVER 0.1


WEATHER CONDITIONS
 THE FOLLOWING WEATHER WAS RECORDED YESTERDAY.
  NO SIGNIFICANT WEATHER WAS OBSERVED.


RELATIVE HUMIDITY (PERCENT)
 HIGHEST    84          1200 AM
 LOWEST     44           200 PM
 AVERAGE    64

..........................................................


THE MERIDIAN CLIMATE NORMALS FOR TODAY
                         NORMAL    RECORD    YEAR
 MAXIMUM TEMPERATURE (F)   83        96      1953
 MINIMUM TEMPERATURE (F)   58        41      1967


SUNRISE AND SUNSET
SEPTEMBER 28 2016.....SUNRISE   647 AM CDT   SUNSET   643 PM CDT
SEPTEMBER 29 2016.....SUNRISE   648 AM CDT   SUNSET   642 PM CDT


-  INDICATES NEGATIVE NUMBERS.
R  INDICATES RECORD WAS SET OR TIED.
MM INDICATES DATA IS MISSING.
T  INDICATES TRACE AMOUNT.




$$
