000
CDUS44 KJAN 250702
CLIMEI


CLIMATE REPORT
NATIONAL WEATHER SERVICE JACKSON MS
149 AM CDT TUE JUL 25 2017


...................................

...THE MERIDIAN CLIMATE SUMMARY FOR JULY 24 2017...

CLIMATE NORMAL PERIOD 1981 TO 2010
CLIMATE RECORD PERIOD 1889 TO 2017


WEATHER ITEM   OBSERVED TIME   RECORD YEAR NORMAL DEPARTURE LAST
                VALUE   (LST)  VALUE       VALUE  FROM      YEAR
                                                  NORMAL
..................................................................
TEMPERATURE (F)
 YESTERDAY
  MAXIMUM         88   1219 PM 104    1981  92     -4       98
  MINIMUM         75    322 AM  60    1894  70      5       76
  AVERAGE         82                        81      1       87

PRECIPITATION (IN)
  YESTERDAY        0.06          2.61 2011   0.17  -0.11     0.24
  MONTH TO DATE    4.20                      4.02   0.18     1.62
  SINCE JUN 1     15.29                      8.42   6.87     6.53
  SINCE JAN 1     43.93                     33.85  10.08    31.52

SNOWFALL (IN)
  YESTERDAY        0.0           0.0    MM   0.0    0.0      0.0
  MONTH TO DATE    0.0                       0.0    0.0      0.0
  SINCE JUN 1      0.0                       0.0    0.0      0.0
  SINCE JUL 1      0.0                       0.0    0.0      0.0

DEGREE DAYS
 HEATING
  YESTERDAY        0                         0      0        0
  MONTH TO DATE    0                         0      0        0
  SINCE JUN 1      0                         0      0        0
  SINCE JUL 1      0                         0      0        0

 COOLING
  YESTERDAY       17                        16      1       22
  MONTH TO DATE  437                       375     62      496
  SINCE JUN 1    836                       755     81     1040
  SINCE JAN 1   1329                      1038    291     1352
..................................................................


WIND (MPH)
  HIGHEST WIND SPEED    14   HIGHEST WIND DIRECTION     S (200)
  HIGHEST GUST SPEED    17   HIGHEST GUST DIRECTION    SW (220)
  AVERAGE WIND SPEED     5.5


SKY COVER
  POSSIBLE SUNSHINE  MM
  AVERAGE SKY COVER 0.6


WEATHER CONDITIONS
 THE FOLLOWING WEATHER WAS RECORDED YESTERDAY.
  HEAVY RAIN
  LIGHT RAIN
  FOG
  HAZE


RELATIVE HUMIDITY (PERCENT)
 HIGHEST   100          1000 PM
 LOWEST     68          1200 PM
 AVERAGE    84

..........................................................


THE MERIDIAN CLIMATE NORMALS FOR TODAY
                         NORMAL    RECORD    YEAR
 MAXIMUM TEMPERATURE (F)   92       100      1981
 MINIMUM TEMPERATURE (F)   70        58      1904


SUNRISE AND SUNSET
JULY 25 2017..........SUNRISE   605 AM CDT   SUNSET   757 PM CDT
JULY 26 2017..........SUNRISE   606 AM CDT   SUNSET   757 PM CDT


-  INDICATES NEGATIVE NUMBERS.
R  INDICATES RECORD WAS SET OR TIED.
MM INDICATES DATA IS MISSING.
T  INDICATES TRACE AMOUNT.




$$
