000
CDUS44 KJAN 310808
CLIMEI


CLIMATE REPORT
NATIONAL WEATHER SERVICE JACKSON MS
204 AM CST SAT JAN 31 2015


...................................

...THE MERIDIAN CLIMATE SUMMARY FOR JANUARY 30 2015...

CLIMATE NORMAL PERIOD 1981 TO 2010
CLIMATE RECORD PERIOD 1889 TO 2015


WEATHER ITEM   OBSERVED TIME   RECORD YEAR NORMAL DEPARTURE LAST
                VALUE   (LST)  VALUE       VALUE  FROM      YEAR
                                                  NORMAL
..................................................................
TEMPERATURE (F)
 YESTERDAY
  MAXIMUM         58    223 PM  79    1956  58      0       47
                                      1950
  MINIMUM         35   1159 PM   6    2014  34      1        6
                                      1966
  AVERAGE         47                        46      1       27

PRECIPITATION (IN)
  YESTERDAY        0.00          2.23 1999   0.19  -0.19     0.00
  MONTH TO DATE    6.71                      4.94   1.77     2.47
  SINCE DEC 1     15.39                     10.00   5.39     9.82
  SINCE JAN 1      6.71                      4.94   1.77     2.47

SNOWFALL (IN)
  YESTERDAY        0.0           2.0  1977   0.0    0.0      0.0
  MONTH TO DATE    0.0                       0.2   -0.2      2.0
  SINCE DEC 1      0.0                       0.3   -0.3      2.0
  SINCE JUL 1      0.0                       0.3   -0.3      2.0

DEGREE DAYS
 HEATING
  YESTERDAY       18                        19     -1       38
  MONTH TO DATE  610                       610      0      804
  SINCE DEC 1   1054                      1168   -114     1348
  SINCE JUL 1   1603                      1618    -15     1849

 COOLING
  YESTERDAY        0                         0      0        0
  MONTH TO DATE    0                         0      0        0
  SINCE DEC 1      0                         6     -6       25
  SINCE JAN 1      0                         0      0        0
..................................................................


WIND (MPH)
  HIGHEST WIND SPEED    25   HIGHEST WIND DIRECTION     N (360)
  HIGHEST GUST SPEED    32   HIGHEST GUST DIRECTION     N (10)
  AVERAGE WIND SPEED     9.7


SKY COVER
  POSSIBLE SUNSHINE  MM
  AVERAGE SKY COVER 0.0


WEATHER CONDITIONS
 THE FOLLOWING WEATHER WAS RECORDED YESTERDAY.
  NO SIGNIFICANT WEATHER WAS OBSERVED.


RELATIVE HUMIDITY (PERCENT)
 HIGHEST    76           600 AM
 LOWEST     30           200 PM
 AVERAGE    53

..........................................................


THE MERIDIAN CLIMATE NORMALS FOR TODAY
                         NORMAL    RECORD    YEAR
 MAXIMUM TEMPERATURE (F)   58        82      1957
 MINIMUM TEMPERATURE (F)   34        13      1966


SUNRISE AND SUNSET
JANUARY 31 2015.......SUNRISE   650 AM CST   SUNSET   527 PM CST
FEBRUARY  1 2015......SUNRISE   649 AM CST   SUNSET   528 PM CST


-  INDICATES NEGATIVE NUMBERS.
R  INDICATES RECORD WAS SET OR TIED.
MM INDICATES DATA IS MISSING.
T  INDICATES TRACE AMOUNT.




$$
