000
CDUS44 KJAN 192108
CLIMEI


CLIMATE REPORT
NATIONAL WEATHER SERVICE JACKSON MS
406 PM CDT SAT APR 19 2014


...................................

...THE MERIDIAN CLIMATE SUMMARY FOR APRIL 19 2014...
VALID TODAY AS OF 0400 PM LOCAL TIME.

CLIMATE NORMAL PERIOD 1981 TO 2010
CLIMATE RECORD PERIOD 1889 TO 2014


WEATHER ITEM   OBSERVED TIME   RECORD YEAR NORMAL DEPARTURE LAST
                VALUE   (LST)  VALUE       VALUE  FROM      YEAR
                                                  NORMAL
..................................................................
TEMPERATURE (F)
 TODAY
  MAXIMUM         79    211 PM  91    2006  77      2       58
  MINIMUM         46    535 AM  36    2001  50     -4       41
                                      1983
  AVERAGE         63                        64     -1       50

PRECIPITATION (IN)
  TODAY            0.00          1.85 1992   0.16  -0.16     0.67
  MONTH TO DATE    9.87                      3.16   6.71     4.12
  SINCE MAR 1     15.61                      8.58   7.03     7.87
  SINCE JAN 1     24.96                     19.31   5.65    26.70

SNOWFALL (IN)
  TODAY            0.0           0.0    MM   0.0    0.0      0.0
  MONTH TO DATE    0.0                       0.1   -0.1      0.0
  SINCE MAR 1      0.0                       0.3   -0.3      0.0
  SINCE JUL 1      2.5                       0.6    1.9      1.0

DEGREE DAYS
 HEATING
  TODAY            2                         4     -2       15
  MONTH TO DATE  113                       102     11       92
  SINCE MAR 1    462                       409     53      526
  SINCE JUL 1   2838                      2506    332     2413

 COOLING
  TODAY            0                         2     -2        0
  MONTH TO DATE   19                        29    -10       53
  SINCE MAR 1     21                        46    -25       56
  SINCE JAN 1     28                        53    -25       72
..................................................................


WIND (MPH)
  HIGHEST WIND SPEED    20   HIGHEST WIND DIRECTION     N (350)
  HIGHEST GUST SPEED    24   HIGHEST GUST DIRECTION     N (350)
  AVERAGE WIND SPEED     5.8


SKY COVER
  POSSIBLE SUNSHINE  MM
  AVERAGE SKY COVER 0.0


WEATHER CONDITIONS
 THE FOLLOWING WEATHER WAS RECORDED TODAY.
  FOG


RELATIVE HUMIDITY (PERCENT)
 HIGHEST   100           100 AM
 LOWEST     32           100 PM
 AVERAGE    66

..........................................................


THE MERIDIAN CLIMATE NORMALS FOR TOMORROW
                         NORMAL    RECORD    YEAR
 MAXIMUM TEMPERATURE (F)   77        92      1987
 MINIMUM TEMPERATURE (F)   50        33      1953


SUNRISE AND SUNSET
APRIL 19 2014.........SUNRISE   621 AM CDT   SUNSET   727 PM CDT
APRIL 20 2014.........SUNRISE   620 AM CDT   SUNSET   728 PM CDT


-  INDICATES NEGATIVE NUMBERS.
R  INDICATES RECORD WAS SET OR TIED.
MM INDICATES DATA IS MISSING.
T  INDICATES TRACE AMOUNT.




$$
