000
CDUS44 KJAN 130758
CLIMEI


CLIMATE REPORT
NATIONAL WEATHER SERVICE JACKSON MS
256 AM CDT SAT SEP 13 2014


...................................

...THE MERIDIAN CLIMATE SUMMARY FOR SEPTEMBER 12 2014...

CLIMATE NORMAL PERIOD 1981 TO 2010
CLIMATE RECORD PERIOD 1889 TO 2014


WEATHER ITEM   OBSERVED TIME   RECORD YEAR NORMAL DEPARTURE LAST
                VALUE   (LST)  VALUE       VALUE  FROM      YEAR
                                                  NORMAL
..................................................................
TEMPERATURE (F)
 YESTERDAY
  MAXIMUM         90    315 PM  98    2002  88      2       93
  MINIMUM         71    610 AM  46    1940  64      7       65
  AVERAGE         81                        76      5       79

PRECIPITATION (IN)
  YESTERDAY        0.12          2.24 1934   0.12   0.00     0.00
  MONTH TO DATE    0.62                      1.38  -0.76      T
  SINCE SEP 1      0.62                      1.38  -0.76      T
  SINCE JAN 1     38.98                     40.34  -1.36    49.52

SNOWFALL (IN)
  YESTERDAY        0.0           0.0  2002   0.0    0.0      0.0
                                      2001
  MONTH TO DATE    0.0                       0.0    0.0      0.0
  SINCE SEP 1      0.0                       0.0    0.0      0.0
  SINCE JUL 1      0.0                       0.0    0.0      0.0

DEGREE DAYS
 HEATING
  YESTERDAY        0                         0      0        0
  MONTH TO DATE    0                         0      0        0
  SINCE SEP 1      0                         0      0        0
  SINCE JUL 1      0                         0      0        0

 COOLING
  YESTERDAY       16                        11      5       14
  MONTH TO DATE  192                       152     40      189
  SINCE SEP 1    192                       152     40      189
  SINCE JAN 1   1785                      1772     13     1769
..................................................................


WIND (MPH)
  HIGHEST WIND SPEED    13   HIGHEST WIND DIRECTION    NE (60)
  HIGHEST GUST SPEED    18   HIGHEST GUST DIRECTION     W (270)
  AVERAGE WIND SPEED     5.0


SKY COVER
  POSSIBLE SUNSHINE  MM
  AVERAGE SKY COVER 0.2


WEATHER CONDITIONS
 THE FOLLOWING WEATHER WAS RECORDED YESTERDAY.
  RAIN
  LIGHT RAIN
  FOG


RELATIVE HUMIDITY (PERCENT)
 HIGHEST   100          1200 AM
 LOWEST     59           100 PM
 AVERAGE    80

..........................................................


THE MERIDIAN CLIMATE NORMALS FOR TODAY
                         NORMAL    RECORD    YEAR
 MAXIMUM TEMPERATURE (F)   88        98      1954
 MINIMUM TEMPERATURE (F)   64        45      1940


SUNRISE AND SUNSET
SEPTEMBER 13 2014.....SUNRISE   638 AM CDT   SUNSET   704 PM CDT
SEPTEMBER 14 2014.....SUNRISE   638 AM CDT   SUNSET   702 PM CDT


-  INDICATES NEGATIVE NUMBERS.
R  INDICATES RECORD WAS SET OR TIED.
MM INDICATES DATA IS MISSING.
T  INDICATES TRACE AMOUNT.




$$
