000
CDUS44 KJAN 200914
CLIMEI


CLIMATE REPORT
NATIONAL WEATHER SERVICE JACKSON MS
412 AM CDT WED AUG 20 2014


...................................

...THE MERIDIAN CLIMATE SUMMARY FOR AUGUST 19 2014...

CLIMATE NORMAL PERIOD 1981 TO 2010
CLIMATE RECORD PERIOD 1889 TO 2014


WEATHER ITEM   OBSERVED TIME   RECORD YEAR NORMAL DEPARTURE LAST
                VALUE   (LST)  VALUE       VALUE  FROM      YEAR
                                                  NORMAL
..................................................................
TEMPERATURE (F)
 YESTERDAY
  MAXIMUM         93    222 PM 104    1999  92      1       87
  MINIMUM         70   1159 PM  58    1976  69      1       71
  AVERAGE         82                        80      2       79

PRECIPITATION (IN)
  YESTERDAY        0.01          2.32 1966   0.13  -0.12     0.19
  MONTH TO DATE    1.69                      2.60  -0.91     3.48
  SINCE JUN 1      6.03                     12.14  -6.11    14.68
  SINCE JAN 1     37.75                     37.57   0.18    49.31

SNOWFALL (IN)
  YESTERDAY        0.0           0.0  2002   0.0    0.0      0.0
                                      2001
  MONTH TO DATE    0.0                       0.0    0.0      0.0
  SINCE JUN 1      0.0                       0.0    0.0      0.0
  SINCE JUL 1      0.0                       0.0    0.0      0.0

DEGREE DAYS
 HEATING
  YESTERDAY        0                         0      0        0
  MONTH TO DATE    0                         0      0        0
  SINCE JUN 1      0                         0      0        0
  SINCE JUL 1      0                         0      0        0

 COOLING
  YESTERDAY       17                        15      2       14
  MONTH TO DATE  282                       299    -17      293
  SINCE JUN 1   1117                      1163    -46     1157
  SINCE JAN 1   1387                      1446    -59     1417
..................................................................


WIND (MPH)
  HIGHEST WIND SPEED    22   HIGHEST WIND DIRECTION     N (350)
  HIGHEST GUST SPEED    29   HIGHEST GUST DIRECTION     N (350)
  AVERAGE WIND SPEED     6.1


SKY COVER
  POSSIBLE SUNSHINE  MM
  AVERAGE SKY COVER 0.2


WEATHER CONDITIONS
 THE FOLLOWING WEATHER WAS RECORDED YESTERDAY.
  LIGHT RAIN


RELATIVE HUMIDITY (PERCENT)
 HIGHEST   100           300 AM
 LOWEST     49           200 PM
 AVERAGE    75

..........................................................


THE MERIDIAN CLIMATE NORMALS FOR TODAY
                         NORMAL    RECORD    YEAR
 MAXIMUM TEMPERATURE (F)   92       104      1990
 MINIMUM TEMPERATURE (F)   69        56      1976


SUNRISE AND SUNSET
AUGUST 20 2014........SUNRISE   622 AM CDT   SUNSET   734 PM CDT
AUGUST 21 2014........SUNRISE   623 AM CDT   SUNSET   733 PM CDT


-  INDICATES NEGATIVE NUMBERS.
R  INDICATES RECORD WAS SET OR TIED.
MM INDICATES DATA IS MISSING.
T  INDICATES TRACE AMOUNT.




$$
