000
CDUS44 KJAN 022107
CLIMEI


CLIMATE REPORT
NATIONAL WEATHER SERVICE JACKSON MS
405 PM CDT SAT MAY 2 2015


...................................

...THE MERIDIAN CLIMATE SUMMARY FOR MAY 2 2015...
VALID TODAY AS OF 0400 PM LOCAL TIME.

CLIMATE NORMAL PERIOD 1981 TO 2010
CLIMATE RECORD PERIOD 1889 TO 2015


WEATHER ITEM   OBSERVED TIME   RECORD YEAR NORMAL DEPARTURE LAST
                VALUE   (LST)  VALUE       VALUE  FROM      YEAR
                                                  NORMAL
..................................................................
TEMPERATURE (F)
 TODAY
  MAXIMUM         79    211 PM  91    2002  80     -1       74
                                      1948
  MINIMUM         43    529 AM  39    1909  54    -11       49
  AVERAGE         61                        67     -6       62

PRECIPITATION (IN)
  TODAY            0.00          1.76 1893   0.14  -0.14     0.00
  MONTH TO DATE    0.00                      0.29  -0.29     0.00
  SINCE MAR 1     10.06                     10.49  -0.43    19.77
  SINCE JAN 1     20.90                     21.22  -0.32    29.12

SNOWFALL (IN)
  TODAY            0.0           0.0    MM   0.0    0.0      0.0
  MONTH TO DATE    0.0                       0.0    0.0      0.0
  SINCE MAR 1      T                         0.3   -0.3      0.0
  SINCE JUL 1      T                         0.6   -0.6      2.5

DEGREE DAYS
 HEATING
  TODAY            4                         1      3        3
  MONTH TO DATE    6                         3      3       10
  SINCE MAR 1    263                       440   -177      478
  SINCE JUL 1   2504                      2537    -33     2854

 COOLING
  TODAY            0                         4     -4        0
  MONTH TO DATE    0                         7     -7        0
  SINCE MAR 1    140                        83     57       61
  SINCE JAN 1    140                        90     50       68
..................................................................


WIND (MPH)
  HIGHEST WIND SPEED     9   HIGHEST WIND DIRECTION     N (350)
  HIGHEST GUST SPEED    13   HIGHEST GUST DIRECTION     N (360)
  AVERAGE WIND SPEED     1.8


SKY COVER
  POSSIBLE SUNSHINE  MM
  AVERAGE SKY COVER 0.0


WEATHER CONDITIONS
 THE FOLLOWING WEATHER WAS RECORDED TODAY.
  NO SIGNIFICANT WEATHER WAS OBSERVED.


RELATIVE HUMIDITY (PERCENT)
 HIGHEST    93           200 AM
 LOWEST     26           200 PM
 AVERAGE    60

..........................................................


THE MERIDIAN CLIMATE NORMALS FOR TOMORROW
                         NORMAL    RECORD    YEAR
 MAXIMUM TEMPERATURE (F)   80        93      1952
 MINIMUM TEMPERATURE (F)   55        42      1960


SUNRISE AND SUNSET
MAY  2 2015...........SUNRISE   608 AM CDT   SUNSET   737 PM CDT
MAY  3 2015...........SUNRISE   607 AM CDT   SUNSET   737 PM CDT


-  INDICATES NEGATIVE NUMBERS.
R  INDICATES RECORD WAS SET OR TIED.
MM INDICATES DATA IS MISSING.
T  INDICATES TRACE AMOUNT.




$$
