000
CDUS44 KJAN 151055
CLIMEI


CLIMATE REPORT
NATIONAL WEATHER SERVICE JACKSON MS
451 AM CST THU FEB 15 2018


...................................

...THE MERIDIAN CLIMATE SUMMARY FOR FEBRUARY 14 2018...

CLIMATE NORMAL PERIOD 1981 TO 2010
CLIMATE RECORD PERIOD 1889 TO 2018


WEATHER ITEM   OBSERVED TIME   RECORD YEAR NORMAL DEPARTURE LAST
                VALUE   (LST)  VALUE       VALUE  FROM      YEAR
                                                  NORMAL
..................................................................
TEMPERATURE (F)
 YESTERDAY
  MAXIMUM         70    435 PM  83    1989  61      9       77
  MINIMUM         52    107 AM   7    1899  36     16       41
  AVERAGE         61                        48     13       59

PRECIPITATION (IN)
  YESTERDAY        0.00          3.10 1917   0.20  -0.20     0.00
  MONTH TO DATE    6.26                      2.85   3.41     0.76
  SINCE DEC 1     12.83                     13.04  -0.21    12.03
  SINCE JAN 1      8.74                      7.98   0.76     8.13

SNOWFALL (IN)
  YESTERDAY        0.0           T    1968   0.0    0.0      0.0
                                      1950
  MONTH TO DATE    0.0                       0.0    0.0      0.0
  SINCE DEC 1      5.3                       0.3    5.0      0.8
  SINCE JUL 1      5.3                       0.3    5.0      0.8

DEGREE DAYS
 HEATING
  YESTERDAY        4                        17    -13        6
  MONTH TO DATE  174                       253    -79      103
  SINCE DEC 1   1393                      1440    -47      833
  SINCE JUL 1   1734                      1890   -156     1042

 COOLING
  YESTERDAY        0                         0      0        0
  MONTH TO DATE    0                         0      0       12
  SINCE DEC 1      5                         9     -4       54
  SINCE JAN 1      2                         3     -1       36
..................................................................


WIND (MPH)
  HIGHEST WIND SPEED    15   HIGHEST WIND DIRECTION     S (190)
  HIGHEST GUST SPEED    19   HIGHEST GUST DIRECTION     S (190)
  AVERAGE WIND SPEED     7.1


SKY COVER
  POSSIBLE SUNSHINE  MM
  AVERAGE SKY COVER 0.8


WEATHER CONDITIONS
 THE FOLLOWING WEATHER WAS RECORDED YESTERDAY.
  FOG


RELATIVE HUMIDITY (PERCENT)
 HIGHEST   100           100 AM
 LOWEST     81           100 PM
 AVERAGE    91

..........................................................


THE MERIDIAN CLIMATE NORMALS FOR TODAY
                         NORMAL    RECORD    YEAR
 MAXIMUM TEMPERATURE (F)   61        84      1989
 MINIMUM TEMPERATURE (F)   36        18      1943


SUNRISE AND SUNSET
FEBRUARY 15 2018......SUNRISE   638 AM CST   SUNSET   541 PM CST
FEBRUARY 16 2018......SUNRISE   637 AM CST   SUNSET   542 PM CST


-  INDICATES NEGATIVE NUMBERS.
R  INDICATES RECORD WAS SET OR TIED.
MM INDICATES DATA IS MISSING.
T  INDICATES TRACE AMOUNT.




$$
