000
CDUS44 KJAN 062111
CLIMEI


CLIMATE REPORT
NATIONAL WEATHER SERVICE JACKSON MS
407 PM CDT MON JUL 6 2015


...................................

...THE MERIDIAN CLIMATE SUMMARY FOR JULY 6 2015...
VALID TODAY AS OF 0400 PM LOCAL TIME.

CLIMATE NORMAL PERIOD 1981 TO 2010
CLIMATE RECORD PERIOD 1889 TO 2015


WEATHER ITEM   OBSERVED TIME   RECORD YEAR NORMAL DEPARTURE LAST
                VALUE   (LST)  VALUE       VALUE  FROM      YEAR
                                                  NORMAL
..................................................................
TEMPERATURE (F)
 TODAY
  MAXIMUM         88    259 PM 101    1977  92     -4       92
  MINIMUM         66    301 AM  60    1970  69     -3       62
                                      1922
  AVERAGE         77                        80     -3       77

PRECIPITATION (IN)
  TODAY            0.00          6.20 1916   0.16  -0.16     0.00
  MONTH TO DATE    2.00                      0.99   1.01     0.02
  SINCE JUN 1      6.97                      5.39   1.58     2.56
  SINCE JAN 1     30.03                     30.82  -0.79    34.28

SNOWFALL (IN)
  TODAY            0.0           0.0    MM   0.0    0.0      0.0
  MONTH TO DATE    0.0                       0.0    0.0      0.0
  SINCE JUN 1      0.0                       0.0    0.0      0.0
  SINCE JUL 1      0.0                       0.0    0.0      0.0

DEGREE DAYS
 HEATING
  TODAY            0                         0      0        0
  MONTH TO DATE    0                         0      0        0
  SINCE JUN 1      0                         0      0        0
  SINCE JUL 1      0                         0      0        0

 COOLING
  TODAY           12                        15     -3       12
  MONTH TO DATE   77                        90    -13       81
  SINCE JUN 1    493                       470     23      491
  SINCE JAN 1    858                       753    105      761
..................................................................


WIND (MPH)
  HIGHEST WIND SPEED    14   HIGHEST WIND DIRECTION     S (200)
  HIGHEST GUST SPEED    16   HIGHEST GUST DIRECTION     S (200)
  AVERAGE WIND SPEED     4.6


SKY COVER
  POSSIBLE SUNSHINE  MM
  AVERAGE SKY COVER 0.7


WEATHER CONDITIONS
 THE FOLLOWING WEATHER WAS RECORDED TODAY.
  FOG


RELATIVE HUMIDITY (PERCENT)
 HIGHEST   100           200 AM
 LOWEST     55           200 PM
 AVERAGE    78

..........................................................


THE MERIDIAN CLIMATE NORMALS FOR TOMORROW
                         NORMAL    RECORD    YEAR
 MAXIMUM TEMPERATURE (F)   92       102      1980
 MINIMUM TEMPERATURE (F)   69        56      1972


SUNRISE AND SUNSET
JULY  6 2015..........SUNRISE   554 AM CDT   SUNSET   805 PM CDT
JULY  7 2015..........SUNRISE   554 AM CDT   SUNSET   805 PM CDT


-  INDICATES NEGATIVE NUMBERS.
R  INDICATES RECORD WAS SET OR TIED.
MM INDICATES DATA IS MISSING.
T  INDICATES TRACE AMOUNT.




$$
