534
CDUS44 KJAN 260655
CLIMEI


CLIMATE REPORT
NATIONAL WEATHER SERVICE JACKSON MS
154 AM CDT TUE JUL 26 2016


...................................

...THE MERIDIAN CLIMATE SUMMARY FOR JULY 25 2016...

CLIMATE NORMAL PERIOD 1981 TO 2010
CLIMATE RECORD PERIOD 1889 TO 2016


WEATHER ITEM   OBSERVED TIME   RECORD YEAR NORMAL DEPARTURE LAST
                VALUE   (LST)  VALUE       VALUE  FROM      YEAR
                                                  NORMAL
..................................................................
TEMPERATURE (F)
 YESTERDAY
  MAXIMUM         97    405 PM 100    1981  92      5       95
  MINIMUM         73    436 AM  58    1904  70      3       71
  AVERAGE         85                        81      4       83

PRECIPITATION (IN)
  YESTERDAY        0.00          3.37 1985   0.16  -0.16     0.00
  MONTH TO DATE    1.62                      4.18  -2.56     3.57
  SINCE JUN 1      6.53                      8.58  -2.05     8.54
  SINCE JAN 1     31.52                     34.01  -2.49    31.60

SNOWFALL (IN)
  YESTERDAY        0.0           0.0    MM   0.0    0.0      0.0
  MONTH TO DATE    0.0                       0.0    0.0      0.0
  SINCE JUN 1      0.0                       0.0    0.0      0.0
  SINCE JUL 1      0.0                       0.0    0.0      0.0

DEGREE DAYS
 HEATING
  YESTERDAY        0                         0      0        0
  MONTH TO DATE    0                         0      0        0
  SINCE JUN 1      0                         0      0        0
  SINCE JUL 1      0                         0      0        0

 COOLING
  YESTERDAY       20                        16      4       18
  MONTH TO DATE  516                       391    125      431
  SINCE JUN 1   1060                       771    289      847
  SINCE JAN 1   1372                      1054    318     1212
..................................................................


WIND (MPH)
  HIGHEST WIND SPEED    14   HIGHEST WIND DIRECTION     E (90)
  HIGHEST GUST SPEED    17   HIGHEST GUST DIRECTION    SE (130)
  AVERAGE WIND SPEED     3.7


SKY COVER
  POSSIBLE SUNSHINE  MM
  AVERAGE SKY COVER 0.1


WEATHER CONDITIONS
 THE FOLLOWING WEATHER WAS RECORDED YESTERDAY.
  FOG


RELATIVE HUMIDITY (PERCENT)
 HIGHEST    94           100 AM
 LOWEST     38           500 PM
 AVERAGE    66

..........................................................


THE MERIDIAN CLIMATE NORMALS FOR TODAY
                         NORMAL    RECORD    YEAR
 MAXIMUM TEMPERATURE (F)   92        99      1987
                                             1960
                                             1944
 MINIMUM TEMPERATURE (F)   70        59      1911


SUNRISE AND SUNSET
JULY 26 2016..........SUNRISE   606 AM CDT   SUNSET   757 PM CDT
JULY 27 2016..........SUNRISE   607 AM CDT   SUNSET   756 PM CDT


-  INDICATES NEGATIVE NUMBERS.
R  INDICATES RECORD WAS SET OR TIED.
MM INDICATES DATA IS MISSING.
T  INDICATES TRACE AMOUNT.




$$
