000
CDUS44 KJAN 162117
CLIMEI


CLIMATE REPORT
NATIONAL WEATHER SERVICE JACKSON MS
412 PM CDT MON OCT 16 2017


...................................

...THE MERIDIAN CLIMATE SUMMARY FOR OCTOBER 16 2017...
VALID TODAY AS OF 0400 PM LOCAL TIME.

CLIMATE NORMAL PERIOD 1981 TO 2010
CLIMATE RECORD PERIOD 1889 TO 2017


WEATHER ITEM   OBSERVED TIME   RECORD YEAR NORMAL DEPARTURE LAST
                VALUE   (LST)  VALUE       VALUE  FROM      YEAR
                                                  NORMAL
..................................................................
TEMPERATURE (F)
 TODAY
  MAXIMUM         73    259 PM  93    1990  77     -4       89
  MINIMUM         53    646 AM  33    1987  51      2       60
  AVERAGE         63                        64     -1       75

PRECIPITATION (IN)
  TODAY            0.02          2.49 1975   0.12  -0.10     0.00
  MONTH TO DATE    1.36                      1.86  -0.50     0.00
  SINCE SEP 1      2.41                      5.29  -2.88     0.57
  SINCE JAN 1     55.29                     44.25  11.04    37.90

SNOWFALL (IN)
  TODAY            0.0           0.0  2001   0.0    0.0      0.0
  MONTH TO DATE    0.0                       0.0    0.0      0.0
  SINCE SEP 1      0.0                       0.0    0.0      0.0
  SINCE JUL 1      0.0                       0.0    0.0      0.0

DEGREE DAYS
 HEATING
  TODAY            2                         4     -2        0
  MONTH TO DATE    2                        35    -33        0
  SINCE SEP 1      5                        42    -37        0
  SINCE JUL 1      5                        42    -37        0

 COOLING
  TODAY            0                         3     -3       10
  MONTH TO DATE  176                        64    112      125
  SINCE SEP 1    516                       367    149      637
  SINCE JAN 1   2480                      1987    493     2748
..................................................................


WIND (MPH)
  HIGHEST WIND SPEED    21   HIGHEST WIND DIRECTION     N (10)
  HIGHEST GUST SPEED    28   HIGHEST GUST DIRECTION     N (350)
  AVERAGE WIND SPEED    14.9


SKY COVER
  POSSIBLE SUNSHINE  MM
  AVERAGE SKY COVER 0.3


WEATHER CONDITIONS
 THE FOLLOWING WEATHER WAS RECORDED TODAY.
  LIGHT RAIN


RELATIVE HUMIDITY (PERCENT)
 HIGHEST    93          1200 AM
 LOWEST     41           200 PM
 AVERAGE    67

..........................................................


THE MERIDIAN CLIMATE NORMALS FOR TOMORROW
                         NORMAL    RECORD    YEAR
 MAXIMUM TEMPERATURE (F)   77        92      1947
 MINIMUM TEMPERATURE (F)   50        33      1943


SUNRISE AND SUNSET
OCTOBER 16 2017.......SUNRISE   700 AM CDT   SUNSET   621 PM CDT
OCTOBER 17 2017.......SUNRISE   700 AM CDT   SUNSET   620 PM CDT


-  INDICATES NEGATIVE NUMBERS.
R  INDICATES RECORD WAS SET OR TIED.
MM INDICATES DATA IS MISSING.
T  INDICATES TRACE AMOUNT.




$$
