000
CDUS44 KJAN 172114
CLIMEI


CLIMATE REPORT
NATIONAL WEATHER SERVICE JACKSON MS
411 PM CDT THU APR 17 2014


...................................

...THE MERIDIAN CLIMATE SUMMARY FOR APRIL 17 2014...
VALID TODAY AS OF 0400 PM LOCAL TIME.

CLIMATE NORMAL PERIOD 1981 TO 2010
CLIMATE RECORD PERIOD 1889 TO 2014


WEATHER ITEM   OBSERVED TIME   RECORD YEAR NORMAL DEPARTURE LAST
                VALUE   (LST)  VALUE       VALUE  FROM      YEAR
                                                  NORMAL
..................................................................
TEMPERATURE (F)
 TODAY
  MAXIMUM         68    123 PM  90    1955  77     -9       85
  MINIMUM         40    305 AM  32    1951  49     -9       64
  AVERAGE         54                        63     -9       75

PRECIPITATION (IN)
  TODAY            0.00          3.46 1900   0.15  -0.15     0.00
  MONTH TO DATE    9.80                      2.84   6.96     3.01
  SINCE MAR 1     15.54                      8.26   7.28     6.76
  SINCE JAN 1     24.89                     18.99   5.90    25.59

SNOWFALL (IN)
  TODAY            0.0           0.0    MM   0.0    0.0      0.0
  MONTH TO DATE    0.0                       0.1   -0.1      0.0
  SINCE MAR 1      0.0                       0.3   -0.3      0.0
  SINCE JUL 1      2.5                       0.6    1.9      1.0

DEGREE DAYS
 HEATING
  TODAY           11                         4      7        0
  MONTH TO DATE  103                        94      9       77
  SINCE MAR 1    452                       401     51      511
  SINCE JUL 1   2828                      2498    330     2398

 COOLING
  TODAY            0                         2     -2       10
  MONTH TO DATE   19                        25     -6       47
  SINCE MAR 1     21                        42    -21       50
  SINCE JAN 1     28                        49    -21       66
..................................................................


WIND (MPH)
  HIGHEST WIND SPEED    14   HIGHEST WIND DIRECTION    SE (120)
  HIGHEST GUST SPEED    23   HIGHEST GUST DIRECTION     E (110)
  AVERAGE WIND SPEED     5.4


SKY COVER
  POSSIBLE SUNSHINE  MM
  AVERAGE SKY COVER 0.5


WEATHER CONDITIONS
 THE FOLLOWING WEATHER WAS RECORDED TODAY.
  NO SIGNIFICANT WEATHER WAS OBSERVED.


RELATIVE HUMIDITY (PERCENT)
 HIGHEST    96          1200 AM
 LOWEST     48           100 PM
 AVERAGE    72

..........................................................


THE MERIDIAN CLIMATE NORMALS FOR TOMORROW
                         NORMAL    RECORD    YEAR
 MAXIMUM TEMPERATURE (F)   77        92      2006
 MINIMUM TEMPERATURE (F)   50        33      1999


SUNRISE AND SUNSET
APRIL 17 2014.........SUNRISE   624 AM CDT   SUNSET   726 PM CDT
APRIL 18 2014.........SUNRISE   622 AM CDT   SUNSET   727 PM CDT


-  INDICATES NEGATIVE NUMBERS.
R  INDICATES RECORD WAS SET OR TIED.
MM INDICATES DATA IS MISSING.
T  INDICATES TRACE AMOUNT.




$$
