000
CDUS44 KJAN 210646
CLIMEI


CLIMATE REPORT
NATIONAL WEATHER SERVICE JACKSON MS
143 AM CDT MON JUL 21 2014


...................................

...THE MERIDIAN CLIMATE SUMMARY FOR JULY 20 2014...

CLIMATE NORMAL PERIOD 1981 TO 2010
CLIMATE RECORD PERIOD 1889 TO 2014


WEATHER ITEM   OBSERVED TIME   RECORD YEAR NORMAL DEPARTURE LAST
                VALUE   (LST)  VALUE       VALUE  FROM      YEAR
                                                  NORMAL
..................................................................
TEMPERATURE (F)
 YESTERDAY
  MAXIMUM         87    459 PM 104    2000  92     -5       91
  MINIMUM         71   1158 PM  59    2009  70      1       71
  AVERAGE         79                        81     -2       81

PRECIPITATION (IN)
  YESTERDAY        0.04          1.96 1941   0.17  -0.13     0.00
  MONTH TO DATE    1.40                      3.35  -1.95     2.11
  SINCE JUN 1      3.94                      7.75  -3.81     8.70
  SINCE JAN 1     35.66                     33.18   2.48    43.33

SNOWFALL (IN)
  YESTERDAY        0.0           0.0    MM   0.0    0.0      0.0
  MONTH TO DATE    0.0                       0.0    0.0      0.0
  SINCE JUN 1      0.0                       0.0    0.0      0.0
  SINCE JUL 1      0.0                       0.0    0.0      0.0

DEGREE DAYS
 HEATING
  YESTERDAY        0                         0      0        0
  MONTH TO DATE    0                         0      0        0
  SINCE JUN 1      0                         0      0        0
  SINCE JUL 1      0                         0      0        0

 COOLING
  YESTERDAY       14                        16     -2       16
  MONTH TO DATE  272                       311    -39      275
  SINCE JUN 1    682                       691     -9      695
  SINCE JAN 1    952                       974    -22      955
..................................................................


WIND (MPH)
  HIGHEST WIND SPEED     9   HIGHEST WIND DIRECTION    NE (60)
  HIGHEST GUST SPEED    12   HIGHEST GUST DIRECTION    NE (60)
  AVERAGE WIND SPEED     3.2


SKY COVER
  POSSIBLE SUNSHINE  MM
  AVERAGE SKY COVER 0.7


WEATHER CONDITIONS
 THE FOLLOWING WEATHER WAS RECORDED YESTERDAY.
  NO SIGNIFICANT WEATHER WAS OBSERVED.


RELATIVE HUMIDITY (PERCENT)
 HIGHEST    93           100 AM
 LOWEST     53           500 PM
 AVERAGE    73

..........................................................


THE MERIDIAN CLIMATE NORMALS FOR TODAY
                         NORMAL    RECORD    YEAR
 MAXIMUM TEMPERATURE (F)   92       103      1981
 MINIMUM TEMPERATURE (F)   70        61      1947


SUNRISE AND SUNSET
JULY 21 2014..........SUNRISE   602 AM CDT   SUNSET   800 PM CDT
JULY 22 2014..........SUNRISE   603 AM CDT   SUNSET   759 PM CDT


-  INDICATES NEGATIVE NUMBERS.
R  INDICATES RECORD WAS SET OR TIED.
MM INDICATES DATA IS MISSING.
T  INDICATES TRACE AMOUNT.




$$
