000
CDUS44 KJAN 252211
CLIMEI


CLIMATE REPORT
NATIONAL WEATHER SERVICE JACKSON MS
511 PM CDT SAT JUN 25 2016


...................................

...THE MERIDIAN CLIMATE SUMMARY FOR JUNE 25 2016...
VALID AS OF 0500 PM LOCAL TIME.

CLIMATE NORMAL PERIOD 1981 TO 2010
CLIMATE RECORD PERIOD 1889 TO 2016


WEATHER ITEM   OBSERVED TIME   RECORD YEAR NORMAL DEPARTURE LAST
                VALUE   (LST)  VALUE       VALUE  FROM      YEAR
                                                  NORMAL
..................................................................
TEMPERATURE (F)
 TODAY
  MAXIMUM        100    347 PM 101    1988  91      9       93
                                      1930
  MINIMUM         76    528 AM  57    1974  68      8       70
  AVERAGE         88

PRECIPITATION (IN)
  TODAY            0.00          1.37 1960   0.16  -0.16     0.00
  MONTH TO DATE    3.51                      3.61  -0.10     2.45
  SINCE JUN 1      3.51                      3.61  -0.10     2.45
  SINCE JAN 1     28.50                     29.04  -0.54    25.51

SNOWFALL (IN)
  TODAY            0.0

..................................................................










-  INDICATES NEGATIVE NUMBERS.
R  INDICATES RECORD WAS SET OR TIED.
MM INDICATES DATA IS MISSING.
T  INDICATES TRACE AMOUNT.




$$
