000
CDUS44 KJAN 260656
CLIMEI


CLIMATE REPORT
NATIONAL WEATHER SERVICE JACKSON MS
153 AM CDT WED AUG 26 2015


...................................

...THE MERIDIAN CLIMATE SUMMARY FOR AUGUST 25 2015...

CLIMATE NORMAL PERIOD 1981 TO 2010
CLIMATE RECORD PERIOD 1889 TO 2015


WEATHER ITEM   OBSERVED TIME   RECORD YEAR NORMAL DEPARTURE LAST
                VALUE   (LST)  VALUE       VALUE  FROM      YEAR
                                                  NORMAL
..................................................................
TEMPERATURE (F)
 YESTERDAY
  MAXIMUM         85    328 PM 102    2000  91     -6       91
  MINIMUM         60   1154 PM  49    1891  69     -9       73
  AVERAGE         73                        80     -7       82

PRECIPITATION (IN)
  YESTERDAY        0.00          1.90 2008   0.11  -0.11     0.00
  MONTH TO DATE    3.20                      3.34  -0.14     1.69
  SINCE JUN 1     11.74                     12.88  -1.14     6.03
  SINCE JAN 1     34.80                     38.31  -3.51    37.75

SNOWFALL (IN)
  YESTERDAY        0.0           0.0  2002   0.0    0.0      0.0
                                      2001
  MONTH TO DATE    0.0                       0.0    0.0      0.0
  SINCE JUN 1      0.0                       0.0    0.0      0.0
  SINCE JUL 1      0.0                       0.0    0.0      0.0

DEGREE DAYS
 HEATING
  YESTERDAY        0                         0      0        0
  MONTH TO DATE    0                         0      0        0
  SINCE JUN 1      0                         0      0        0
  SINCE JUL 1      0                         0      0        0

 COOLING
  YESTERDAY        8                        15     -7       17
  MONTH TO DATE  428                       389     39      394
  SINCE JUN 1   1391                      1253    138     1229
  SINCE JAN 1   1756                      1536    220     1499
..................................................................


WIND (MPH)
  HIGHEST WIND SPEED    15   HIGHEST WIND DIRECTION     N (350)
  HIGHEST GUST SPEED    21   HIGHEST GUST DIRECTION    NE (40)
  AVERAGE WIND SPEED     7.2


SKY COVER
  POSSIBLE SUNSHINE  MM
  AVERAGE SKY COVER 0.0


WEATHER CONDITIONS
 THE FOLLOWING WEATHER WAS RECORDED YESTERDAY.
  NO SIGNIFICANT WEATHER WAS OBSERVED.


RELATIVE HUMIDITY (PERCENT)
 HIGHEST    97          1100 PM
 LOWEST     32           400 PM
 AVERAGE    65

..........................................................


THE MERIDIAN CLIMATE NORMALS FOR TODAY
                         NORMAL    RECORD    YEAR
 MAXIMUM TEMPERATURE (F)   91       104      1943
 MINIMUM TEMPERATURE (F)   68        56      1966
                                             1891


SUNRISE AND SUNSET
AUGUST 26 2015........SUNRISE   626 AM CDT   SUNSET   727 PM CDT
AUGUST 27 2015........SUNRISE   627 AM CDT   SUNSET   726 PM CDT


-  INDICATES NEGATIVE NUMBERS.
R  INDICATES RECORD WAS SET OR TIED.
MM INDICATES DATA IS MISSING.
T  INDICATES TRACE AMOUNT.




$$
