404
CDUS44 KJAN 192110
CLIMEI


CLIMATE REPORT
NATIONAL WEATHER SERVICE JACKSON MS
408 PM CDT TUE MAY 19 2015


...................................

...THE MERIDIAN CLIMATE SUMMARY FOR MAY 19 2015...
VALID TODAY AS OF 0400 PM LOCAL TIME.

CLIMATE NORMAL PERIOD 1981 TO 2010
CLIMATE RECORD PERIOD 1889 TO 2015


WEATHER ITEM   OBSERVED TIME   RECORD YEAR NORMAL DEPARTURE LAST
                VALUE   (LST)  VALUE       VALUE  FROM      YEAR
                                                  NORMAL
..................................................................
TEMPERATURE (F)
 TODAY
  MAXIMUM         88    229 PM  95    1962  84      4       85
  MINIMUM         64    542 AM  42    1976  60      4       57
  AVERAGE         76                        72      4       71

PRECIPITATION (IN)
  TODAY            0.00          3.41 1983   0.15  -0.15     0.00
  MONTH TO DATE    0.36                      2.75  -2.39     1.47
  SINCE MAR 1     10.42                     12.95  -2.53    21.24
  SINCE JAN 1     21.26                     23.68  -2.42    30.59

SNOWFALL (IN)
  TODAY            0.0           0.0    MM   0.0    0.0      0.0
  MONTH TO DATE    0.0                       0.0    0.0      0.0
  SINCE MAR 1      T                         0.3   -0.3      0.0
  SINCE JUL 1      T                         0.6   -0.6      2.5

DEGREE DAYS
 HEATING
  TODAY            0                         0      0        0
  MONTH TO DATE    6                        16    -10       21
  SINCE MAR 1    263                       453   -190      489
  SINCE JUL 1   2504                      2550    -46     2865

 COOLING
  TODAY           11                         7      4        6
  MONTH TO DATE  126                        98     28       86
  SINCE MAR 1    266                       174     92      147
  SINCE JAN 1    266                       181     85      154
..................................................................


WIND (MPH)
  HIGHEST WIND SPEED    10   HIGHEST WIND DIRECTION    NW (330)
  HIGHEST GUST SPEED    13   HIGHEST GUST DIRECTION    NW (320)
  AVERAGE WIND SPEED     3.0


SKY COVER
  POSSIBLE SUNSHINE  MM
  AVERAGE SKY COVER 0.5


WEATHER CONDITIONS
 THE FOLLOWING WEATHER WAS RECORDED TODAY.
  FOG
  FOG W/VISIBILITY <= 1/4 MILE


RELATIVE HUMIDITY (PERCENT)
 HIGHEST   100          1200 AM
 LOWEST     47          1200 PM
 AVERAGE    74

..........................................................


THE MERIDIAN CLIMATE NORMALS FOR TOMORROW
                         NORMAL    RECORD    YEAR
 MAXIMUM TEMPERATURE (F)   84        97      1962
 MINIMUM TEMPERATURE (F)   60        40      2002


SUNRISE AND SUNSET
MAY 19 2015...........SUNRISE   555 AM CDT   SUNSET   749 PM CDT
MAY 20 2015...........SUNRISE   554 AM CDT   SUNSET   749 PM CDT


-  INDICATES NEGATIVE NUMBERS.
R  INDICATES RECORD WAS SET OR TIED.
MM INDICATES DATA IS MISSING.
T  INDICATES TRACE AMOUNT.




$$
