000
CDUS44 KJAN 030706
CLIMEI


CLIMATE REPORT
NATIONAL WEATHER SERVICE JACKSON MS
105 AM CST TUE MAR 3 2015


...................................

...THE MERIDIAN CLIMATE SUMMARY FOR MARCH 2 2015...

CLIMATE NORMAL PERIOD 1981 TO 2010
CLIMATE RECORD PERIOD 1889 TO 2015


WEATHER ITEM   OBSERVED TIME   RECORD YEAR NORMAL DEPARTURE LAST
                VALUE   (LST)  VALUE       VALUE  FROM      YEAR
                                                  NORMAL
..................................................................
TEMPERATURE (F)
 YESTERDAY
  MAXIMUM         59    253 PM  82    2012  65     -6       76
                                      1955
                                      1953
  MINIMUM         52   1159 PM  19    1890  40     12       58
  AVERAGE         56                        52      4       67

PRECIPITATION (IN)
  YESTERDAY        0.15          3.38 2012   0.18  -0.03     0.00
  MONTH TO DATE    0.59                      0.38   0.21     0.00
  SINCE MAR 1      0.59                      0.38   0.21     0.00
  SINCE JAN 1     11.43                     11.11   0.32     9.35

SNOWFALL (IN)
  YESTERDAY        0.0           0.0  2001   0.0    0.0      0.0
  MONTH TO DATE    0.0                       0.0    0.0      0.0
  SINCE MAR 1      0.0                       0.0    0.0      0.0
  SINCE JUL 1      T                         0.3   -0.3      2.5

DEGREE DAYS
 HEATING
  YESTERDAY        9                        13     -4        0
  MONTH TO DATE   20                        26     -6        4
  SINCE MAR 1     20                        26     -6        4
  SINCE JUL 1   2261                      2123    138     2380

 COOLING
  YESTERDAY        0                         0      0        2
  MONTH TO DATE    0                         0      0        2
  SINCE MAR 1      0                         0      0        2
  SINCE JAN 1      0                         7     -7        9
..................................................................


WIND (MPH)
  HIGHEST WIND SPEED    10   HIGHEST WIND DIRECTION    NE (40)
  HIGHEST GUST SPEED    14   HIGHEST GUST DIRECTION    NE (60)
  AVERAGE WIND SPEED     4.9


SKY COVER
  POSSIBLE SUNSHINE  MM
  AVERAGE SKY COVER 1.0


WEATHER CONDITIONS
 THE FOLLOWING WEATHER WAS RECORDED YESTERDAY.
  RAIN
  LIGHT RAIN
  FOG
  FOG W/VISIBILITY <= 1/4 MILE


RELATIVE HUMIDITY (PERCENT)
 HIGHEST   100           100 AM
 LOWEST     87           200 PM
 AVERAGE    94

..........................................................


THE MERIDIAN CLIMATE NORMALS FOR TODAY
                         NORMAL    RECORD    YEAR
 MAXIMUM TEMPERATURE (F)   66        84      1951
 MINIMUM TEMPERATURE (F)   40        15      1980
                                             1943


SUNRISE AND SUNSET
MARCH  3 2015.........SUNRISE   620 AM CST   SUNSET   554 PM CST
MARCH  4 2015.........SUNRISE   619 AM CST   SUNSET   555 PM CST


-  INDICATES NEGATIVE NUMBERS.
R  INDICATES RECORD WAS SET OR TIED.
MM INDICATES DATA IS MISSING.
T  INDICATES TRACE AMOUNT.




$$
