919
CDUS44 KJAN 300621
CLIMEI


CLIMATE REPORT
NATIONAL WEATHER SERVICE JACKSON MS
120 AM CDT FRI SEP 30 2016


...................................

...THE MERIDIAN CLIMATE SUMMARY FOR SEPTEMBER 29 2016...

CLIMATE NORMAL PERIOD 1981 TO 2010
CLIMATE RECORD PERIOD 1889 TO 2016


WEATHER ITEM   OBSERVED TIME   RECORD YEAR NORMAL DEPARTURE LAST
                VALUE   (LST)  VALUE       VALUE  FROM      YEAR
                                                  NORMAL
..................................................................
TEMPERATURE (F)
 YESTERDAY
  MAXIMUM         82    325 PM  95    1986  83     -1       86
                                      1897
  MINIMUM         57   1159 PM  34    1967  58     -1       69
  AVERAGE         70                        70      0       78

PRECIPITATION (IN)
  YESTERDAY        0.00          1.94 1913   0.12  -0.12      T
  MONTH TO DATE    0.57                      3.31  -2.74     3.60
  SINCE SEP 1      0.57                      3.31  -2.74     3.60
  SINCE JAN 1     37.90                     42.27  -4.37    39.30

SNOWFALL (IN)
  YESTERDAY        0.0           0.0  2002   0.0    0.0      0.0
                                      2001
  MONTH TO DATE    0.0                       0.0    0.0      0.0
  SINCE SEP 1      0.0                       0.0    0.0      0.0
  SINCE JUL 1      0.0                       0.0    0.0      0.0

DEGREE DAYS
 HEATING
  YESTERDAY        0                         1     -1        0
  MONTH TO DATE    0                         5     -5        1
  SINCE SEP 1      0                         5     -5        1
  SINCE JUL 1      0                         5     -5        1

 COOLING
  YESTERDAY        5                         6     -1       13
  MONTH TO DATE  509                       298    211      320
  SINCE SEP 1    509                       298    211      320
  SINCE JAN 1   2620                      1918    702     2145
..................................................................


WIND (MPH)
  HIGHEST WIND SPEED    17   HIGHEST WIND DIRECTION     N (340)
  HIGHEST GUST SPEED    22   HIGHEST GUST DIRECTION     N (10)
  AVERAGE WIND SPEED     6.9


SKY COVER
  POSSIBLE SUNSHINE  MM
  AVERAGE SKY COVER 0.0


WEATHER CONDITIONS
 THE FOLLOWING WEATHER WAS RECORDED YESTERDAY.
  NO SIGNIFICANT WEATHER WAS OBSERVED.


RELATIVE HUMIDITY (PERCENT)
 HIGHEST    84           200 AM
 LOWEST     26           100 PM
 AVERAGE    55

..........................................................


THE MERIDIAN CLIMATE NORMALS FOR TODAY
                         NORMAL    RECORD    YEAR
 MAXIMUM TEMPERATURE (F)   82        95      1981
 MINIMUM TEMPERATURE (F)   57        34      1967


SUNRISE AND SUNSET
SEPTEMBER 30 2016.....SUNRISE   649 AM CDT   SUNSET   640 PM CDT
OCTOBER  1 2016.......SUNRISE   649 AM CDT   SUNSET   639 PM CDT


-  INDICATES NEGATIVE NUMBERS.
R  INDICATES RECORD WAS SET OR TIED.
MM INDICATES DATA IS MISSING.
T  INDICATES TRACE AMOUNT.




$$
