000
CXUS54 KJAN 022016
CLMMEI


CLIMATE REPORT
NATIONAL WEATHER SERVICE JACKSON MS
315 PM CDT THU JUN 2 2016

...................................

...THE MERIDIAN CLIMATE SUMMARY FOR THE MONTH OF MAY 2016...

CLIMATE NORMAL PERIOD 1981 TO 2010
CLIMATE RECORD PERIOD 1889 TO 2016

WEATHER         OBSERVED          NORMAL  DEPART  LAST YEAR`S
                 VALUE   DATE(S)  VALUE   FROM    VALUE  DATE(S)
                                          NORMAL
................................................................
TEMPERATURE (F)
RECORD
 HIGH              99   05/31/1951
                        05/30/1951
 LOW               38   05/04/2013
                        05/04/1971
                        05/04/1970
HIGHEST            97   05/30        91       6       91  05/10
LOWEST             46   05/07        45       1       43  05/02
                        05/06
AVG. MAXIMUM     83.2              83.2     0.0     83.7
AVG. MINIMUM     59.5              58.5     1.0     59.9
MEAN             71.3              70.8     0.5     71.8
DAYS MAX >= 90      5               2.9     2.1        1
DAYS MAX <= 32      0               0.0     0.0        0
DAYS MIN <= 32      0               0.0     0.0        0
DAYS MIN <= 0       0               0.0     0.0        0

PRECIPITATION (INCHES)
RECORD
 MAXIMUM        12.15   1909
 MINIMUM         0.27   1951
TOTALS           0.97              4.50   -3.53     2.16
DAILY AVG.       0.03              0.15   -0.12     0.07
DAYS >= .01         6               9.0    -3.0       12
DAYS >= .10         2               6.2    -4.2        8
DAYS >= .50         1               2.9    -1.9        0
DAYS >= 1.00        0               1.6    -1.6        0
GREATEST
 24 HR. TOTAL    0.93   04/30 TO 05/01              0.63

SNOWFALL (INCHES)
RECORDS
 TOTAL            0.0   MM
TOTALS            0.0               0.0     0.0      0.0
SINCE 7/1           T               0.6    -0.6        T
DAYS >= TRACE       0
DAYS >= 1.0         0               0.0     0.0        0
GREATEST
 24 HR TOTAL      0.0   05/31 TO 05/31

DEGREE_DAYS
HEATING TOTAL       8                19     -11        6
 SINCE 7/1       1815              2553    -738     2504
COOLING TOTAL     211               200      11      225
 SINCE 1/1        312               283      29      365
.................................................................

WIND (MPH)
AVERAGE WIND SPEED              5.5
HIGHEST WIND SPEED/DIRECTION    26/110    DATE  05/20
HIGHEST GUST SPEED/DIRECTION    33/110    DATE  05/20

SKY COVER
POSSIBLE SUNSHINE (PERCENT)   MM
AVERAGE SKY COVER           0.30
NUMBER OF DAYS FAIR           21
NUMBER OF DAYS PC              8
NUMBER OF DAYS CLOUDY          2

AVERAGE RH (PERCENT)     69

WEATHER CONDITIONS. NUMBER OF DAYS WITH
THUNDERSTORM              5     MIXED PRECIP               0
HEAVY RAIN                0     RAIN                       2
LIGHT RAIN               10     FREEZING RAIN              0
LT FREEZING RAIN          0     HAIL                       0
HEAVY SNOW                0     SNOW                       0
LIGHT SNOW                0     SLEET                      0
FOG                       9     FOG W/VIS <= 1/4 MILE      0
HAZE                      3

-  INDICATES NEGATIVE NUMBERS.
R  INDICATES RECORD WAS SET OR TIED.
MM INDICATES DATA IS MISSING.
T  INDICATES TRACE AMOUNT.

$$
