000
CXUS54 KJAN 021308
CLMMEI


CLIMATE REPORT
NATIONAL WEATHER SERVICE JACKSON MS
806 AM CDT WED AUG 2 2017

...................................

...THE MERIDIAN CLIMATE SUMMARY FOR THE MONTH OF JULY 2017...

CLIMATE NORMAL PERIOD 1981 TO 2010
CLIMATE RECORD PERIOD 1889 TO 2017

WEATHER         OBSERVED          NORMAL  DEPART  LAST YEAR`S
                 VALUE   DATE(S)  VALUE   FROM    VALUE  DATE(S)
                                          NORMAL
................................................................
TEMPERATURE (F)
RECORD
 HIGH             107   07/14/1980
 LOW               54   07/23/1947
HIGHEST            97   07/20        99      -2      102  07/21
LOWEST             68   07/30        64       4       65  07/01
AVG. MAXIMUM     92.7              91.8     0.9     96.5
AVG. MINIMUM     73.0              69.4     3.6     73.7
MEAN             82.9              80.6     2.3     85.1
DAYS MAX >= 90     29              21.2     7.8       30
DAYS MAX <= 32      0               0.0     0.0        0
DAYS MIN <= 32      0               0.0     0.0        0
DAYS MIN <= 0       0               0.0     0.0        0

PRECIPITATION (INCHES)
RECORD
 MAXIMUM        15.29   1959
 MINIMUM         0.56   1918
TOTALS           5.19              5.14    0.05     2.40
DAILY AVG.       0.17              0.17    0.00     0.08
DAYS >= .01        11              11.6    -0.6       12
DAYS >= .10         7               7.9    -0.9        7
DAYS >= .50         5               3.5     1.5        2
DAYS >= 1.00        2               1.6     0.4        0
GREATEST
 24 HR. TOTAL    1.02   07/15 TO 07/15              0.66

SNOWFALL (INCHES)
RECORDS
 TOTAL            0.0   MM
TOTALS            0.0               0.0     0.0      0.0
SINCE 7/1         0.0               0.0     0.0      0.0
DAYS >= TRACE       0
DAYS >= 1.0         0               0.0     0.0        0
GREATEST
 24 HR TOTAL      0.0   07/31 TO 07/31

DEGREE_DAYS
HEATING TOTAL       0                 0       0        0
 SINCE 7/1          0                 0       0        0
COOLING TOTAL     560               484      76      630
 SINCE 1/1       1452              1147     305     1486
.................................................................

WIND (MPH)
AVERAGE WIND SPEED              4.2
HIGHEST WIND SPEED/DIRECTION    29/170    DATE  07/21
HIGHEST GUST SPEED/DIRECTION    38/230    DATE  07/01

SKY COVER
POSSIBLE SUNSHINE (PERCENT)   MM
AVERAGE SKY COVER           0.20
NUMBER OF DAYS FAIR           22
NUMBER OF DAYS PC              9
NUMBER OF DAYS CLOUDY          0

AVERAGE RH (PERCENT)     77

WEATHER CONDITIONS. NUMBER OF DAYS WITH
THUNDERSTORM             13     MIXED PRECIP               0
HEAVY RAIN                9     RAIN                       9
LIGHT RAIN               12     FREEZING RAIN              0
LT FREEZING RAIN          0     HAIL                       0
HEAVY SNOW                0     SNOW                       0
LIGHT SNOW                0     SLEET                      0
FOG                      19     FOG W/VIS <= 1/4 MILE      5
HAZE                      4

-  INDICATES NEGATIVE NUMBERS.
R  INDICATES RECORD WAS SET OR TIED.
MM INDICATES DATA IS MISSING.
T  INDICATES TRACE AMOUNT.

$$
