000
CXUS54 KJAN 011235
CLMMEI


CLIMATE REPORT
NATIONAL WEATHER SERVICE JACKSON MS
733 AM CDT FRI JUL 1 2016

...................................

...THE MERIDIAN CLIMATE SUMMARY FOR THE MONTH OF JUNE 2016...

CLIMATE NORMAL PERIOD 1981 TO 2010
CLIMATE RECORD PERIOD 1889 TO 2016

WEATHER         OBSERVED          NORMAL  DEPART  LAST YEAR`S
                 VALUE   DATE(S)  VALUE   FROM    VALUE  DATE(S)
                                          NORMAL
................................................................
TEMPERATURE (F)
RECORD
 HIGH             104   06/29/1988
                        06/27/1988
 LOW               42   06/01/1984
HIGHEST           100   06/26        96       4       96  06/23
                        06/25
LOWEST             63   06/10        55       8       59  06/04
                        06/09
AVG. MAXIMUM     94.4              89.2     5.2     89.4
AVG. MINIMUM     71.4              66.1     5.3     67.8
MEAN             82.9              77.6     5.3     78.6
DAYS MAX >= 90     27              13.8    13.2       16
DAYS MAX <= 32      0               0.0     0.0        0
DAYS MIN <= 32      0               0.0     0.0        0
DAYS MIN <= 0       0               0.0     0.0        0

PRECIPITATION (INCHES)
RECORD
 MAXIMUM        20.06   1900
 MINIMUM         0.21   1917
TOTALS           4.91              4.40    0.51     4.97
DAILY AVG.       0.16              0.15    0.01     0.17
DAYS >= .01         8              10.2    -2.2       13
DAYS >= .10         4               7.1    -3.1        6
DAYS >= .50         2               3.0    -1.0        2
DAYS >= 1.00        2               1.3     0.7        2
GREATEST
 24 HR. TOTAL    2.96   06/14 TO 06/14              2.40

SNOWFALL (INCHES)
RECORDS
 TOTAL            0.0   MM
TOTALS            0.0               0.0     0.0      0.0
SINCE 7/1           T               0.6    -0.6        T
DAYS >= TRACE       0
DAYS >= 1.0         0               0.0     0.0        0
GREATEST
 24 HR TOTAL      0.0   06/30 TO 06/30

DEGREE_DAYS
HEATING TOTAL       0                 0       0        0
 SINCE 7/1       1815              2553    -738     2504
COOLING TOTAL     544               380     164      416
 SINCE 1/1        856               663     193      781
.................................................................

WIND (MPH)
AVERAGE WIND SPEED              4.6
HIGHEST WIND SPEED/DIRECTION    39/360    DATE  06/17
HIGHEST GUST SPEED/DIRECTION    61/360    DATE  06/17

SKY COVER
POSSIBLE SUNSHINE (PERCENT)   MM
AVERAGE SKY COVER           0.20
NUMBER OF DAYS FAIR           22
NUMBER OF DAYS PC              8
NUMBER OF DAYS CLOUDY          0

AVERAGE RH (PERCENT)     65

WEATHER CONDITIONS. NUMBER OF DAYS WITH
THUNDERSTORM              8     MIXED PRECIP               0
HEAVY RAIN                2     RAIN                       5
LIGHT RAIN               12     FREEZING RAIN              0
LT FREEZING RAIN          0     HAIL                       0
HEAVY SNOW                0     SNOW                       0
LIGHT SNOW                0     SLEET                      0
FOG                       7     FOG W/VIS <= 1/4 MILE      1
HAZE                      4

-  INDICATES NEGATIVE NUMBERS.
R  INDICATES RECORD WAS SET OR TIED.
MM INDICATES DATA IS MISSING.
T  INDICATES TRACE AMOUNT.

$$
