000
CXUS54 KJAN 012127
CLMMEI


CLIMATE REPORT
NATIONAL WEATHER SERVICE JACKSON MS
325 PM CST TUE DEC 1 2015

...................................

...THE MERIDIAN CLIMATE SUMMARY FOR THE MONTH OF NOVEMBER 2015...

CLIMATE NORMAL PERIOD 1981 TO 2010
CLIMATE RECORD PERIOD 1889 TO 2015

WEATHER         OBSERVED          NORMAL  DEPART  LAST YEAR`S
                 VALUE   DATE(S)  VALUE   FROM    VALUE  DATE(S)
                                          NORMAL
................................................................
TEMPERATURE (F)
RECORD
 HIGH              87   11/08/2005
                        11/03/1946
                        11/03/1935
 LOW               12   11/16/2000
HIGHEST            84   11/06        82       2       79  11/11
LOWEST             26   11/23        27      -1       20  11/19
AVG. MAXIMUM     70.4              67.7     2.7     63.3
AVG. MINIMUM     49.2              41.6     7.6     35.2
MEAN             59.8              54.7     5.1     49.2
DAYS MAX >= 90      0               0.0     0.0        0
DAYS MAX <= 32      0               0.0     0.0        0
DAYS MIN <= 32      3               6.5    -3.5       15
DAYS MIN <= 0       0               0.0     0.0        0

PRECIPITATION (INCHES)
RECORD
 MAXIMUM        13.93   1948
 MINIMUM         0.17   1924
TOTALS           7.02              4.95    2.07     3.18
DAILY AVG.       0.23              0.16    0.07     0.11
DAYS >= .01         8               8.7    -0.7        5
DAYS >= .10         5               6.6    -1.6        3
DAYS >= .50         2               3.2    -1.2        1
DAYS >= 1.00        2               1.8     0.2        1
GREATEST
 24 HR. TOTAL    3.70   11/17 TO 11/18              2.70

SNOWFALL (INCHES)
RECORDS
 TOTAL              T   2001
                        2000
                        1998
TOTALS            0.0               0.0     0.0      0.0
SINCE 7/1         0.0               0.0     0.0      0.0
DAYS >= TRACE       0
DAYS >= 1.0         0               0.0     0.0        0
GREATEST
 24 HR TOTAL      0.0   11/30 TO 11/30

DEGREE_DAYS
HEATING TOTAL     193               326    -133      466
 SINCE 7/1        251               450    -199      549
COOLING TOTAL      46                16      30        0
 SINCE 1/1       2295              2029     266     2085
.................................................................

WIND (MPH)
AVERAGE WIND SPEED              5.8
HIGHEST WIND SPEED/DIRECTION    26/150    DATE  11/17
HIGHEST GUST SPEED/DIRECTION    38/140    DATE  11/17

SKY COVER
POSSIBLE SUNSHINE (PERCENT)   MM
AVERAGE SKY COVER           0.50
NUMBER OF DAYS FAIR           12
NUMBER OF DAYS PC             10
NUMBER OF DAYS CLOUDY          8

AVERAGE RH (PERCENT)     76

WEATHER CONDITIONS. NUMBER OF DAYS WITH
THUNDERSTORM              1     MIXED PRECIP               0
HEAVY RAIN                3     RAIN                       5
LIGHT RAIN               10     FREEZING RAIN              0
LT FREEZING RAIN          0     HAIL                       0
HEAVY SNOW                0     SNOW                       0
LIGHT SNOW                0     SLEET                      0
FOG                      15     FOG W/VIS <= 1/4 MILE      5
HAZE                      3

-  INDICATES NEGATIVE NUMBERS.
R  INDICATES RECORD WAS SET OR TIED.
MM INDICATES DATA IS MISSING.
T  INDICATES TRACE AMOUNT.

$$
