000
CXUS54 KJAN 011944
CLMMEI


CLIMATE REPORT...CORRECTED
NATIONAL WEATHER SERVICE JACKSON MS
143 PM CST TUE MAR 1 2016

...................................

...THE MERIDIAN CLIMATE SUMMARY FOR THE MONTH OF FEBRUARY 2016...

CLIMATE NORMAL PERIOD 1981 TO 2010
CLIMATE RECORD PERIOD 1889 TO 2016

WEATHER         OBSERVED          NORMAL  DEPART  LAST YEAR`S
                 VALUE   DATE(S)  VALUE   FROM    VALUE  DATE(S)
                                          NORMAL
................................................................
TEMPERATURE (F)
RECORD
 HIGH              85   02/23/1982
                        02/25/1918
 LOW               -6   02/13/1899
HIGHEST            76   02/01        79      -3       72  02/09
                                                          02/08
LOWEST             23   02/10        20       3       19  02/19
AVG. MAXIMUM     63.9              61.0     2.9     54.6
AVG. MINIMUM     37.9              36.4     1.5     30.9
MEAN             50.9              48.7     2.2     42.7
DAYS MAX >= 90      0               0.0     0.0        0
DAYS MAX <= 32      0               0.2    -0.2        0
DAYS MIN <= 32     12              10.2     1.8       19
DAYS MIN <= 0       0               0.0     0.0        0

PRECIPITATION (INCHES)
RECORD
 MAXIMUM        15.95   1990
 MINIMUM         1.46   2000
TOTALS           4.25              5.60   -1.35     4.13
DAILY AVG.       0.15                MM      MM     0.15
DAYS >= .01         6               9.9    -3.9        8
DAYS >= .10         5               6.6    -1.6        6
DAYS >= .50         4               3.6     0.4        4
DAYS >= 1.00        3               1.9     1.1        1
GREATEST
 24 HR. TOTAL    1.29   02/22 TO 02/23              1.16

SNOWFALL (INCHES)
RECORDS
 TOTAL            5.8   1899
TOTALS            0.0                 T     0.0        T
SINCE 7/1           T               0.3    -0.3        T
DAYS >= TRACE       0
DAYS >= 1.0         0               0.0     0.0        0
GREATEST
 24 HR TOTAL      0.0   02/29 TO 02/29

DEGREE_DAYS
HEATING TOTAL     405               460     -55      617
 SINCE 7/1       1562              2110    -548     2241
COOLING TOTAL       5                 4       1        0
 SINCE 1/1          5                 7      -2        0
.................................................................

WIND (MPH)
AVERAGE WIND SPEED              7.0
HIGHEST WIND SPEED/DIRECTION    33/290    DATE  02/15
HIGHEST GUST SPEED/DIRECTION    48/310    DATE  02/15

SKY COVER
POSSIBLE SUNSHINE (PERCENT)   MM
AVERAGE SKY COVER           0.30
NUMBER OF DAYS FAIR           18
NUMBER OF DAYS PC              6
NUMBER OF DAYS CLOUDY          5

AVERAGE RH (PERCENT)     66

WEATHER CONDITIONS. NUMBER OF DAYS WITH
THUNDERSTORM              5     MIXED PRECIP               0
HEAVY RAIN                5     RAIN                       6
LIGHT RAIN                8     FREEZING RAIN              0
LT FREEZING RAIN          0     HAIL                       0
HEAVY SNOW                0     SNOW                       0
LIGHT SNOW                0     SLEET                      0
FOG                      11     FOG W/VIS <= 1/4 MILE      2
HAZE                      4

-  INDICATES NEGATIVE NUMBERS.
R  INDICATES RECORD WAS SET OR TIED.
MM INDICATES DATA IS MISSING.
T  INDICATES TRACE AMOUNT.

$$
