000
CXUS54 KJAN 032111
CLMMEI


CLIMATE REPORT
NATIONAL WEATHER SERVICE JACKSON MS
308 PM CST SUN NOV 3 2013

...................................

...THE MERIDIAN CLIMATE SUMMARY FOR THE MONTH OF OCTOBER 2013...

CLIMATE NORMAL PERIOD 1981 TO 2010
CLIMATE RECORD PERIOD 1889 TO 2013

WEATHER         OBSERVED          NORMAL  DEPART  LAST YEAR`S
                 VALUE   DATE(S)  VALUE   FROM    VALUE  DATE(S)
                                          NORMAL
................................................................
TEMPERATURE (F)
HIGHEST            88   10/05        89      -1       85  10/13
                                                          10/12
LOWEST             35   10/26        35       0       33  10/30
AVG. MAXIMUM     76.7              77.3    -0.6     75.7
AVG. MINIMUM     54.6              51.0     3.6     48.8
MEAN             65.7              64.1     1.6     62.3
DAYS MAX >= 90      0               0.9    -0.9        0
DAYS MAX <= 32      0               0.0     0.0        0
DAYS MIN <= 32      0               0.7    -0.7        0
DAYS MIN <= 0       0               0.0     0.0        0

PRECIPITATION (INCHES)
TOTALS           2.90              3.76   -0.86     2.61
DAILY AVG.       0.09              0.12   -0.03     0.08
DAYS >= .01         7               7.4    -0.4        4
DAYS >= .10         4               4.9    -0.9        2
DAYS >= .50         2               2.2    -0.2        2
DAYS >= 1.00        1               1.1    -0.1        1
GREATEST
 24 HR. TOTAL    1.35   10/05 TO 10/06              1.99

SNOWFALL (INCHES)
TOTALS            0.0               0.0     0.0      0.0
SINCE 7/1         0.0               0.0     0.0      0.0
DAYS >= TRACE       0
DAYS >= 1.0         0               0.0     0.0        0
GREATEST
 24 HR TOTAL      0.0   10/31 TO 10/31

DEGREE_DAYS
HEATING TOTAL      88               117     -29      120
 SINCE 7/1         88               124     -36      121
COOLING TOTAL     116                90      26       44
 SINCE 1/1       2036              2013      23     2173
.................................................................

WIND (MPH)
AVERAGE WIND SPEED              3.6
HIGHEST WIND SPEED/DIRECTION    24/170    DATE  10/31
HIGHEST GUST SPEED/DIRECTION    32/180    DATE  10/31

SKY COVER
POSSIBLE SUNSHINE (PERCENT)   MM
AVERAGE SKY COVER           0.30
NUMBER OF DAYS FAIR           18
NUMBER OF DAYS PC              9
NUMBER OF DAYS CLOUDY          4

AVERAGE RH (PERCENT)     76

WEATHER CONDITIONS. NUMBER OF DAYS WITH
THUNDERSTORM              0     MIXED PRECIP               0
HEAVY RAIN                3     RAIN                       4
LIGHT RAIN               11     FREEZING RAIN              0
LT FREEZING RAIN          0     HAIL                       0
HEAVY SNOW                0     SNOW                       0
LIGHT SNOW                0     SLEET                      0
FOG                      21     FOG W/VIS <= 1/4 MILE      4
HAZE                      2

-  INDICATES NEGATIVE NUMBERS.
R  INDICATES RECORD WAS SET OR TIED.
MM INDICATES DATA IS MISSING.
T  INDICATES TRACE AMOUNT.

$$
