797
CXUS54 KJAN 011832
CLMMEI


CLIMATE REPORT
NATIONAL WEATHER SERVICE JACKSON MS
130 PM CDT TUE NOV 1 2016

...................................

...THE MERIDIAN CLIMATE SUMMARY FOR THE MONTH OF OCTOBER 2016...

CLIMATE NORMAL PERIOD 1981 TO 2010
CLIMATE RECORD PERIOD 1889 TO 2016

WEATHER         OBSERVED          NORMAL  DEPART  LAST YEAR`S
                 VALUE   DATE(S)  VALUE   FROM    VALUE  DATE(S)
                                          NORMAL
................................................................
TEMPERATURE (F)
RECORD
 HIGH              97   10/05/1954
                        10/04/1954
 LOW               24   10/30/1952
HIGHEST            94   10/07        89       5       90  10/15
LOWEST             39   10/23        35       4       36  10/19
AVG. MAXIMUM     87.8              77.3    10.5     77.9
AVG. MINIMUM     54.4              51.0     3.4     53.6
MEAN             71.1              64.1     7.0     65.8
DAYS MAX >= 90     11               0.9    10.1        1
DAYS MAX <= 32      0               0.0     0.0        0
DAYS MIN <= 32      0               0.7    -0.7        0
DAYS MIN <= 0       0               0.0     0.0        0

PRECIPITATION (INCHES)
RECORD
 MAXIMUM        10.65   1970
 MINIMUM         0.00   1963
TOTALS              T              3.76   -3.76     6.82
DAILY AVG.          T              0.12   -0.12     0.22
DAYS >= .01         0               7.4    -7.4        5
DAYS >= .10         0               4.9    -4.9        4
DAYS >= .50         0               2.2    -2.2        4
DAYS >= 1.00        0               1.1    -1.1        2
GREATEST
 24 HR. TOTAL       T   10/20 TO 10/20              4.44

SNOWFALL (INCHES)
RECORDS
 TOTAL            0.0   MM
TOTALS            0.0               0.0     0.0      0.0
SINCE 7/1         0.0               0.0     0.0      0.0
DAYS >= TRACE       0
DAYS >= 1.0         0               0.0     0.0        0
GREATEST
 24 HR TOTAL      0.0   10/31 TO 10/31

DEGREE_DAYS
HEATING TOTAL      16               117    -101       57
 SINCE 7/1         16               124    -108       58
COOLING TOTAL     211                90     121       92
 SINCE 1/1       2834              2013     821     2249
.................................................................

WIND (MPH)
AVERAGE WIND SPEED              3.9
HIGHEST WIND SPEED/DIRECTION    23/330    DATE  10/20
HIGHEST GUST SPEED/DIRECTION    29/340    DATE  10/20

SKY COVER
POSSIBLE SUNSHINE (PERCENT)   MM
AVERAGE SKY COVER           0.10
NUMBER OF DAYS FAIR           28
NUMBER OF DAYS PC              3
NUMBER OF DAYS CLOUDY          0

AVERAGE RH (PERCENT)     58

WEATHER CONDITIONS. NUMBER OF DAYS WITH
THUNDERSTORM              0     MIXED PRECIP               0
HEAVY RAIN                0     RAIN                       0
LIGHT RAIN                1     FREEZING RAIN              0
LT FREEZING RAIN          0     HAIL                       0
HEAVY SNOW                0     SNOW                       0
LIGHT SNOW                0     SLEET                      0
FOG                       5     FOG W/VIS <= 1/4 MILE      2
HAZE                      0

-  INDICATES NEGATIVE NUMBERS.
R  INDICATES RECORD WAS SET OR TIED.
MM INDICATES DATA IS MISSING.
T  INDICATES TRACE AMOUNT.

$$
