000
CXUS54 KJAN 301200
CF6TVR
PRELIMINARY LOCAL CLIMATOLOGICAL DATA (WS FORM: F-6)

                                          STATION:   VICKSBURG
                                          MONTH:     OCTOBER
                                          YEAR:      2014
                                          LATITUDE:   32 20 N
                                          LONGITUDE:  91  2 W

  TEMPERATURE IN F:       :PCPN:    SNOW:  WIND      :SUNSHINE: SKY     :PK WND
================================================================================
1   2   3   4   5  6A  6B    7    8   9   10  11  12  13   14  15   16   17  18
                                     12Z  AVG MX 2MIN
DY MAX MIN AVG DEP HDD CDD  WTR  SNW DPTH SPD SPD DIR MIN PSBL S-S WX    SPD DR
================================================================================

 1  92  72  82  11   0  17 0.00  0.0    0  8.6 15 150   M    M   2        21 140
 2  91  68  80  10   0  15 1.00  0.0    0  8.5 23 170   M    M   6 3      31 320
 3  81  55  68  -2   0   3 1.00  0.0    0  6.9 15 160   M    M   5        18 330
 4  72  46  59 -11   6   0 0.00  0.0    0  5.8 21  20   M    M   0        25  30
 5  80  46  63  -6   2   0 0.00  0.0    0  5.8 18 170   M    M   1        22 230
 6  81  60  71   2   0   6 0.00  0.0    0  5.7 18 180   M    M   1        24 180
 7  89  61  75   6   0  10 0.00  0.0    0  5.6 15 180   M    M   1        19 180
 8  90  64  77   9   0  12 0.00  0.0    0  2.2  9 150   M    M   2        13 100
 9  87  63  75   7   0  10 0.20  0.0    0  3.5 12 170   M    M   4        16 170
10  89  72  81  13   0  16 0.02  0.0    0  5.0 15 180   M    M   5        20 190
11  89  67  78  11   0  13    T  0.0    0  5.3 14  10   M    M   4        18  10
12  87  64  76   9   0  11 0.14  0.0    0  4.6 18 170   M    M   5        24 160
13  87  61  74   7   0   9 2.19  0.0    0 12.2 33 170   M    M   7 3      43 170
14  73  51  62  -4   3   0 0.00  0.0    0  6.4 15 280   M    M   3        24 260
15  76  45  61  -5   4   0 0.00  0.0    0  4.1 16 280   M    M   0        23 280
16  80  41  61  -5   4   0 0.00  0.0    0  1.7  8 180   M    M   0        10  20
17  83  53  68   3   0   3 0.00  0.0    0  3.3 10 230   M    M   0        17 240
18  78  54  66   1   0   1 0.00  0.0    0  6.5 14  10   M    M   0        19 360
19  73  43  58  -7   7   0 0.00  0.0    0  5.1 13  90   M    M   0        17 100
20  76  40  58  -6   7   0 0.00  0.0    0  1.6  9 350   M    M   1        12 320
21  80  47  64   0   1   0 0.00  0.0    0  2.0  9  10   M    M   0        13 300
22  77  44  61  -3   4   0 0.00  0.0    0  6.2 18  20   M    M   0        21  30
23  69  41  55  -8  10   0 0.00  0.0    0  3.7 10 360   M    M   0        15 350
24  75  37  56  -7   9   0 0.00  0.0    0  3.1 12  10   M    M   0 12     14  30
25  83  43  63   0   2   0 0.00  0.0    0  1.5  8 280   M    M   0 1      12 280
26  86  52  69   7   0   4 0.00  0.0    0  2.0 10 180   M    M   0 1      14 180
27  83  52  68   6   0   3 0.00  0.0    0  5.8 20 170   M    M   0 12     23 170
28  81  59  70   8   0   5 0.29  0.0    0  4.9 14 170   M    M   4 123    18 180
29  73  47  60  -1   5   0 0.02  0.0    0  6.9 17  10   M    M   5 1      21  10
================================================================================
SM 2361 1548        64 138  4.86     0.0 144.5          M       56
================================================================================
AV 81.4 53.4                               5.0 FASTST   M    M   2    MAX(MPH)
                                 MISC ---->  # 33 170               # 43  170
================================================================================
NOTES:
# LAST OF SEVERAL OCCURRENCES

COLUMN 17 PEAK WIND IN M.P.H.

PRELIMINARY LOCAL CLIMATOLOGICAL DATA (WS FORM: F-6) , PAGE 2

                                          STATION:  VICKSBURG
                                          MONTH:    OCTOBER
                                          YEAR:     2014
                                          LATITUDE:   32 20 N
                                          LONGITUDE:  91  2 W

[TEMPERATURE DATA]      [PRECIPITATION DATA]       SYMBOLS USED IN COLUMN 16

AVERAGE MONTHLY: 67.4   TOTAL FOR MONTH:   4.86    1 = FOG OR MIST
DPTR FM NORMAL:   1.4   DPTR FM NORMAL:    0.43    2 = FOG REDUCING VISIBILITY
HIGHEST:    92 ON  1    GRTST 24HR  2.26 ON 12-13      TO 1/4 MILE OR LESS
LOWEST:     37 ON 24                               3 = THUNDER
                        SNOW, ICE PELLETS, HAIL    4 = ICE PELLETS
                        TOTAL MONTH:   0.0 INCH    5 = HAIL
                        GRTST 24HR     0.0         6 = FREEZING RAIN OR DRIZZLE
                        GRTST DEPTH:   0           7 = DUSTSTORM OR SANDSTORM:
                                                       VSBY 1/2 MILE OR LESS
                                                   8 = SMOKE OR HAZE
[NO. OF DAYS WITH]      [WEATHER - DAYS WITH]      9 = BLOWING SNOW
                                                   X = TORNADO
MAX 32 OR BELOW:   0    0.01 INCH OR MORE:   8
MAX 90 OR ABOVE:   3    0.10 INCH OR MORE:   6
MIN 32 OR BELOW:   0    0.50 INCH OR MORE:   3
MIN  0 OR BELOW:   0    1.00 INCH OR MORE:   3

[HDD (BASE 65) ]
TOTAL THIS MO.    64    CLEAR  (SCALE 0-3)  20
DPTR FM NORMAL   -21    PTCLDY (SCALE 4-7)   9
TOTAL FM JUL 1    64    CLOUDY (SCALE 8-10)  0
DPTR FM NORMAL   -26

[CDD (BASE 65) ]
TOTAL THIS MO.   138
DPTR FM NORMAL    30    [PRESSURE DATA]
TOTAL FM JAN 1  2182    HIGHEST SLP M ON M
DPTR FM NORMAL   -23    LOWEST  SLP 29.68 ON 13

[REMARKS]
