000
CDUS44 KJAN 210727
CLITVR


CLIMATE REPORT
NATIONAL WEATHER SERVICE JACKSON MS
224 AM CDT THU SEP 21 2017


...................................

...THE VICKSBURG CLIMATE SUMMARY FOR SEPTEMBER 20 2017...

CLIMATE NORMAL PERIOD 1981 TO 2010
CLIMATE RECORD PERIOD 1948 TO 2017


WEATHER ITEM   OBSERVED TIME   RECORD YEAR NORMAL DEPARTURE LAST
                VALUE   (LST)  VALUE       VALUE  FROM      YEAR
                                                  NORMAL
..................................................................
TEMPERATURE (F)
 YESTERDAY
  MAXIMUM         91    335 PM  99    2005  86      5       96
  MINIMUM         70   1159 PM  45    2012  62      8       67
                                      1981
  AVERAGE         81                        74      7       82

PRECIPITATION (IN)
  YESTERDAY        0.00          3.94 1958   0.06  -0.06     0.00
  MONTH TO DATE    1.73                      2.09  -0.36     0.12
  SINCE SEP 1      1.73                      2.09  -0.36     0.12
  SINCE JAN 1     51.15                     38.66  12.49    51.67

SNOWFALL (IN)
  YESTERDAY        0.0

DEGREE DAYS
 HEATING
  YESTERDAY        0                         0      0        0
  MONTH TO DATE    4                         0      4        0
  SINCE SEP 1      4                         0      4        0
  SINCE JUL 1      4                         0      4        0

 COOLING
  YESTERDAY       16                         9      7       17
  MONTH TO DATE  211                       230    -19      361
  SINCE SEP 1    211                       230    -19      361
  SINCE JAN 1   2133                      2019    114     2608
..................................................................


WIND (MPH)
  HIGHEST WIND SPEED    16   HIGHEST WIND DIRECTION     E (110)
  HIGHEST GUST SPEED    21   HIGHEST GUST DIRECTION     E (80)
  AVERAGE WIND SPEED     3.8


SKY COVER
  POSSIBLE SUNSHINE  MM
  AVERAGE SKY COVER 0.2


WEATHER CONDITIONS
 THE FOLLOWING WEATHER WAS RECORDED YESTERDAY.
  FOG


RELATIVE HUMIDITY (PERCENT)
 HIGHEST   100           800 PM
 LOWEST     63          1200 PM
 AVERAGE    82

..........................................................


THE VICKSBURG CLIMATE NORMALS FOR TODAY
                         NORMAL    RECORD    YEAR
 MAXIMUM TEMPERATURE (F)   86        96      2005
 MINIMUM TEMPERATURE (F)   62        46      1956


SUNRISE AND SUNSET
SEPTEMBER 21 2017.....SUNRISE   652 AM CDT   SUNSET   702 PM CDT
SEPTEMBER 22 2017.....SUNRISE   652 AM CDT   SUNSET   700 PM CDT


-  INDICATES NEGATIVE NUMBERS.
R  INDICATES RECORD WAS SET OR TIED.
MM INDICATES DATA IS MISSING.
T  INDICATES TRACE AMOUNT.




$$
