000
CDUS44 KJAN 062113
CLITVR


CLIMATE REPORT
NATIONAL WEATHER SERVICE JACKSON MS
411 PM CDT FRI MAY 6 2016


...................................

...THE VICKSBURG CLIMATE SUMMARY FOR MAY 6 2016...
VALID TODAY AS OF 0400 PM LOCAL TIME.

CLIMATE NORMAL PERIOD 1981 TO 2010
CLIMATE RECORD PERIOD 1948 TO 2016


WEATHER ITEM   OBSERVED TIME   RECORD YEAR NORMAL DEPARTURE LAST
                VALUE   (LST)  VALUE       VALUE  FROM      YEAR
                                                  NORMAL
..................................................................
TEMPERATURE (F)
 TODAY
  MAXIMUM         76    259 PM  93    1952  81     -5       85
  MINIMUM         53    309 AM  41    1957  59     -6       56
  AVERAGE         65                        70     -5       71

PRECIPITATION (IN)
  TODAY            0.00          2.28 1960   0.17  -0.17     0.00
  MONTH TO DATE    1.09                      1.06   0.03     0.00
  SINCE MAR 1     23.72                     11.06  12.66    10.28
  SINCE JAN 1     33.72                     21.40  12.32    21.53

SNOWFALL (IN)
  TODAY            0.0

DEGREE DAYS
 HEATING
  TODAY            0                         1     -1        0
  MONTH TO DATE    0                         6     -6        3
  SINCE MAR 1    129                       371   -242      264
  SINCE JUL 1   1507                      2347   -840     2522

 COOLING
  TODAY            0                         6     -6        6
  MONTH TO DATE   22                        32    -10       23
  SINCE MAR 1    238                       141     97      177
  SINCE JAN 1    250                       150    100      177
..................................................................


WIND (MPH)
  HIGHEST WIND SPEED    16   HIGHEST WIND DIRECTION     N (10)
  HIGHEST GUST SPEED    21   HIGHEST GUST DIRECTION     N (10)
  AVERAGE WIND SPEED     6.7


SKY COVER
  POSSIBLE SUNSHINE  MM
  AVERAGE SKY COVER 0.0


WEATHER CONDITIONS
 THE FOLLOWING WEATHER WAS RECORDED TODAY.
  FOG


RELATIVE HUMIDITY (PERCENT)
 HIGHEST    93           100 AM
 LOWEST     33           200 PM
 AVERAGE    63

..........................................................


THE VICKSBURG CLIMATE NORMALS FOR TOMORROW
                         NORMAL    RECORD    YEAR
 MAXIMUM TEMPERATURE (F)   82        92      1952
 MINIMUM TEMPERATURE (F)   59        45      1957


SUNRISE AND SUNSET
MAY  6 2016...........SUNRISE   613 AM CDT   SUNSET   749 PM CDT
MAY  7 2016...........SUNRISE   612 AM CDT   SUNSET   750 PM CDT


-  INDICATES NEGATIVE NUMBERS.
R  INDICATES RECORD WAS SET OR TIED.
MM INDICATES DATA IS MISSING.
T  INDICATES TRACE AMOUNT.




$$
