000
CDUS44 KJAN 280821
CLITVR


CLIMATE REPORT
NATIONAL WEATHER SERVICE JACKSON MS
319 AM CDT SAT MAR 28 2015


...................................

...THE VICKSBURG CLIMATE SUMMARY FOR MARCH 27 2015...

CLIMATE NORMAL PERIOD 1981 TO 2010
CLIMATE RECORD PERIOD 1948 TO 2015


WEATHER ITEM   OBSERVED TIME   RECORD YEAR NORMAL DEPARTURE LAST
                VALUE   (LST)  VALUE       VALUE  FROM      YEAR
                                                  NORMAL
..................................................................
TEMPERATURE (F)
 YESTERDAY
  MAXIMUM         62    216 PM  85    2012  71     -9       74
                                      1991
  MINIMUM         40    610 AM  25    2013  48     -8       50
                                      1955
  AVERAGE         51                        60     -9       62

PRECIPITATION (IN)
  YESTERDAY        T             2.60 1949   0.16  -0.16     0.66
  MONTH TO DATE    4.23                      4.42  -0.19     3.85
  SINCE MAR 1      4.23                      4.42  -0.19     3.85
  SINCE JAN 1     15.48                     14.76   0.72     9.27

SNOWFALL (IN)
  YESTERDAY        0.0

DEGREE DAYS
 HEATING
  YESTERDAY       14                         6      8        3
  MONTH TO DATE  205                       241    -36      349
  SINCE MAR 1    205                       241    -36      349
  SINCE JUL 1   2463                      2217    246     2758

 COOLING
  YESTERDAY        0                         1     -1        0
  MONTH TO DATE   13                        24    -11        2
  SINCE MAR 1     13                        24    -11        2
  SINCE JAN 1     13                        33    -20        9
..................................................................


WIND (MPH)
  HIGHEST WIND SPEED    18   HIGHEST WIND DIRECTION     N (10)
  HIGHEST GUST SPEED    23   HIGHEST GUST DIRECTION     N (360)
  AVERAGE WIND SPEED     8.3


SKY COVER
  POSSIBLE SUNSHINE  MM
  AVERAGE SKY COVER 0.1


WEATHER CONDITIONS
 THE FOLLOWING WEATHER WAS RECORDED YESTERDAY.
  LIGHT RAIN


RELATIVE HUMIDITY (PERCENT)
 HIGHEST    85           500 AM
 LOWEST     39           100 PM
 AVERAGE    62

..........................................................


THE VICKSBURG CLIMATE NORMALS FOR TODAY
                         NORMAL    RECORD    YEAR
 MAXIMUM TEMPERATURE (F)   72        84      2007
                                             1995
                                             1972
 MINIMUM TEMPERATURE (F)   49        31      2013


SUNRISE AND SUNSET
MARCH 28 2015.........SUNRISE   658 AM CDT   SUNSET   721 PM CDT
MARCH 29 2015.........SUNRISE   657 AM CDT   SUNSET   722 PM CDT


-  INDICATES NEGATIVE NUMBERS.
R  INDICATES RECORD WAS SET OR TIED.
MM INDICATES DATA IS MISSING.
T  INDICATES TRACE AMOUNT.




$$
