000
CDUS44 KJAN 230700
CLITVR


CLIMATE REPORT
NATIONAL WEATHER SERVICE JACKSON MS
157 AM CDT THU MAR 23 2017


...................................

...THE VICKSBURG CLIMATE SUMMARY FOR MARCH 22 2017...

CLIMATE NORMAL PERIOD 1981 TO 2010
CLIMATE RECORD PERIOD 1948 TO 2017


WEATHER ITEM   OBSERVED TIME   RECORD YEAR NORMAL DEPARTURE LAST
                VALUE   (LST)  VALUE       VALUE  FROM      YEAR
                                                  NORMAL
..................................................................
TEMPERATURE (F)
 YESTERDAY
  MAXIMUM         79    413 PM  84    2011  70      9       71
                                      1966
  MINIMUM         55    515 AM  26    1986  47      8       46
  AVERAGE         67                        59      8       59

PRECIPITATION (IN)
  YESTERDAY        0.00          1.82 1968   0.13  -0.13     0.00
  MONTH TO DATE    1.35                      3.59  -2.24     8.43
  SINCE MAR 1      1.35                      3.59  -2.24     8.43
  SINCE JAN 1      8.11                     13.93  -5.82    18.43

SNOWFALL (IN)
  YESTERDAY        0.0

DEGREE DAYS
 HEATING
  YESTERDAY        0                         7     -7        6
  MONTH TO DATE  169                       208    -39       87
  SINCE MAR 1    169                       208    -39       87
  SINCE JUL 1   1445                      2184   -739     1465

 COOLING
  YESTERDAY        2                         1      1        0
  MONTH TO DATE   36                        19     17       55
  SINCE MAR 1     36                        19     17       55
  SINCE JAN 1     87                        28     59       67
..................................................................


WIND (MPH)
  HIGHEST WIND SPEED    13   HIGHEST WIND DIRECTION     N (360)
  HIGHEST GUST SPEED    16   HIGHEST GUST DIRECTION     N (360)
  AVERAGE WIND SPEED     5.7


SKY COVER
  POSSIBLE SUNSHINE  MM
  AVERAGE SKY COVER 0.0


WEATHER CONDITIONS
 THE FOLLOWING WEATHER WAS RECORDED YESTERDAY.
  FOG


RELATIVE HUMIDITY (PERCENT)
 HIGHEST   100           500 AM
 LOWEST     45           300 PM
 AVERAGE    73

..........................................................


THE VICKSBURG CLIMATE NORMALS FOR TODAY
                         NORMAL    RECORD    YEAR
 MAXIMUM TEMPERATURE (F)   70        84      2011
                                             1995
 MINIMUM TEMPERATURE (F)   48        30      1955


SUNRISE AND SUNSET
MARCH 23 2017.........SUNRISE   704 AM CDT   SUNSET   718 PM CDT
MARCH 24 2017.........SUNRISE   702 AM CDT   SUNSET   719 PM CDT


-  INDICATES NEGATIVE NUMBERS.
R  INDICATES RECORD WAS SET OR TIED.
MM INDICATES DATA IS MISSING.
T  INDICATES TRACE AMOUNT.




$$
