000
CDUS44 KJAN 270657
CLITVR


CLIMATE REPORT
NATIONAL WEATHER SERVICE JACKSON MS
1254 AM CST THU NOV 27 2014


...................................

...THE VICKSBURG CLIMATE SUMMARY FOR NOVEMBER 26 2014...

CLIMATE NORMAL PERIOD 1981 TO 2010
CLIMATE RECORD PERIOD 1948 TO 2014


WEATHER ITEM   OBSERVED TIME   RECORD YEAR NORMAL DEPARTURE LAST
                VALUE   (LST)  VALUE       VALUE  FROM      YEAR
                                                  NORMAL
..................................................................
TEMPERATURE (F)
 YESTERDAY
  MAXIMUM         68    326 PM  86    1965  64      4       44
  MINIMUM         28    622 AM  24    1953  41    -13       39
                                      1950
  AVERAGE         48                        52     -4       42

PRECIPITATION (IN)
  YESTERDAY        0.00          1.16 1948   0.20  -0.20     0.51
  MONTH TO DATE    3.81                      4.13  -0.32     6.23
  SINCE SEP 1      9.67                     11.69  -2.02    15.43
  SINCE JAN 1     53.91                     48.26   5.65    63.58

SNOWFALL (IN)
  YESTERDAY        0.0

DEGREE DAYS
 HEATING
  YESTERDAY       17                        13      4       23
  MONTH TO DATE  403                       245    158      325
  SINCE SEP 1    486                       347    139      426
  SINCE JUL 1    486                       347    139      426

 COOLING
  YESTERDAY        0                         0      0        0
  MONTH TO DATE    5                        12     -7       16
  SINCE SEP 1    529                       432     97      557
  SINCE JAN 1   2187                      2221    -34     2264
..................................................................


WIND (MPH)
  HIGHEST WIND SPEED    16   HIGHEST WIND DIRECTION    SW (220)
  HIGHEST GUST SPEED    27   HIGHEST GUST DIRECTION    SW (220)
  AVERAGE WIND SPEED     5.5


SKY COVER
  POSSIBLE SUNSHINE  MM
  AVERAGE SKY COVER 0.0


WEATHER CONDITIONS
 THE FOLLOWING WEATHER WAS RECORDED YESTERDAY.
  FOG


RELATIVE HUMIDITY (PERCENT)
 HIGHEST    92          1200 AM
 LOWEST     31          1200 PM
 AVERAGE    62

..........................................................


THE VICKSBURG CLIMATE NORMALS FOR TODAY
                         NORMAL    RECORD    YEAR
 MAXIMUM TEMPERATURE (F)   63        84      1965
 MINIMUM TEMPERATURE (F)   41        21      1956


SUNRISE AND SUNSET
NOVEMBER 27 2014......SUNRISE   644 AM CST   SUNSET   459 PM CST
NOVEMBER 28 2014......SUNRISE   645 AM CST   SUNSET   459 PM CST


-  INDICATES NEGATIVE NUMBERS.
R  INDICATES RECORD WAS SET OR TIED.
MM INDICATES DATA IS MISSING.
T  INDICATES TRACE AMOUNT.




$$
