000
CDUS44 KJAN 182220
CLITVR


CLIMATE REPORT
NATIONAL WEATHER SERVICE JACKSON MS
519 PM CDT FRI AUG 18 2017


...................................

...THE VICKSBURG CLIMATE SUMMARY FOR AUGUST 18 2017...
VALID AS OF 0500 PM LOCAL TIME.

CLIMATE NORMAL PERIOD 1981 TO 2010
CLIMATE RECORD PERIOD 1948 TO 2017


WEATHER ITEM   OBSERVED TIME   RECORD YEAR NORMAL DEPARTURE LAST
                VALUE   (LST)  VALUE       VALUE  FROM      YEAR
                                                  NORMAL
..................................................................
TEMPERATURE (F)
 TODAY
  MAXIMUM         95    208 PM 102    2000  92      3       93
  MINIMUM         74   1235 AM  60    1992  70      4       74
  AVERAGE         85                        81      4       84

PRECIPITATION (IN)
  TODAY            0.37          0.88 2016   0.11   0.26     0.88
  MONTH TO DATE    5.71                      1.83   3.88     5.38
  SINCE JUN 1     18.32                      9.45   8.87    14.59
  SINCE JAN 1     45.74                     34.75  10.99    50.06

DEGREE DAYS
 HEATING
  TODAY            0                         0      0        0
  MONTH TO DATE    0                         0      0        0
  SINCE JUN 1      0                         0      0        0
  SINCE JUL 1      0                         0      0        0

 COOLING
  TODAY           20                        16      4       19
  MONTH TO DATE  292                       298     -6      354
  SINCE JUN 1   1232                      1226      6     1477
  SINCE JAN 1   1732                      1596    136     1992
..................................................................


WIND (MPH)
  HIGHEST WIND SPEED    24   HIGHEST WIND DIRECTION    NW (310)
  HIGHEST GUST SPEED    35   HIGHEST GUST DIRECTION    NW (310)
  AVERAGE WIND SPEED     2.5


SKY COVER
  POSSIBLE SUNSHINE  MM
  AVERAGE SKY COVER 0.5


WEATHER CONDITIONS
 THE FOLLOWING WEATHER WAS RECORDED TODAY.
  THUNDERSTORM
  HEAVY RAIN
  LIGHT RAIN
  FOG


RELATIVE HUMIDITY (PERCENT)
 HIGHEST   100           300 AM
 LOWEST     62          1200 PM
 AVERAGE    81

..........................................................


THE VICKSBURG CLIMATE NORMALS FOR TOMORROW
                         NORMAL    RECORD    YEAR
 MAXIMUM TEMPERATURE (F)   92       102      2000
 MINIMUM TEMPERATURE (F)   70        60      1976


SUNRISE AND SUNSET
AUGUST 18 2017........SUNRISE   630 AM CDT   SUNSET   745 PM CDT
AUGUST 19 2017........SUNRISE   631 AM CDT   SUNSET   744 PM CDT


-  INDICATES NEGATIVE NUMBERS.
R  INDICATES RECORD WAS SET OR TIED.
MM INDICATES DATA IS MISSING.
T  INDICATES TRACE AMOUNT.




$$
