000
CDUS44 KJAN 030652
CLITVR


CLIMATE REPORT
NATIONAL WEATHER SERVICE JACKSON MS
148 AM CDT MON AUG 3 2015


...................................

...THE VICKSBURG CLIMATE SUMMARY FOR AUGUST 2 2015...

CLIMATE NORMAL PERIOD 1981 TO 2010
CLIMATE RECORD PERIOD 1948 TO 2015


WEATHER ITEM   OBSERVED TIME   RECORD YEAR NORMAL DEPARTURE LAST
                VALUE   (LST)  VALUE       VALUE  FROM      YEAR
                                                  NORMAL
..................................................................
TEMPERATURE (F)
 YESTERDAY
  MAXIMUM         97    411 PM 103    2010  93      4       81
  MINIMUM         66    424 AM  60    1965  71     -5       70
  AVERAGE         82                        82      0       76

PRECIPITATION (IN)
  YESTERDAY        0.00          1.70 1975   0.09  -0.09     0.67
  MONTH TO DATE    0.00                      0.18  -0.18     1.32
  SINCE JUN 1      6.97                      7.80  -0.83    10.80
  SINCE JAN 1     37.24                     33.10   4.14    39.13

SNOWFALL (IN)
  YESTERDAY        0.0

DEGREE DAYS
 HEATING
  YESTERDAY        0                         0      0        0
  MONTH TO DATE    0                         0      0        0
  SINCE JUN 1      0                         0      0        0
  SINCE JUL 1      0                         0      0        0

 COOLING
  YESTERDAY       17                        17      0       11
  MONTH TO DATE   34                        34      0       20
  SINCE JUN 1   1111                       962    149      851
  SINCE JAN 1   1557                      1332    225     1201
..................................................................


WIND (MPH)
  HIGHEST WIND SPEED    12   HIGHEST WIND DIRECTION     N (20)
  HIGHEST GUST SPEED    15   HIGHEST GUST DIRECTION    NE (30)
  AVERAGE WIND SPEED     4.1


SKY COVER
  POSSIBLE SUNSHINE  MM
  AVERAGE SKY COVER 0.0


WEATHER CONDITIONS
 THE FOLLOWING WEATHER WAS RECORDED YESTERDAY.
  HAZE


RELATIVE HUMIDITY (PERCENT)
 HIGHEST    93          1200 AM
 LOWEST     33           100 PM
 AVERAGE    63

..........................................................


THE VICKSBURG CLIMATE NORMALS FOR TODAY
                         NORMAL    RECORD    YEAR
 MAXIMUM TEMPERATURE (F)   93       104      2010
 MINIMUM TEMPERATURE (F)   71        61      1965


SUNRISE AND SUNSET
AUGUST  3 2015........SUNRISE   620 AM CDT   SUNSET   800 PM CDT
AUGUST  4 2015........SUNRISE   621 AM CDT   SUNSET   759 PM CDT


-  INDICATES NEGATIVE NUMBERS.
R  INDICATES RECORD WAS SET OR TIED.
MM INDICATES DATA IS MISSING.
T  INDICATES TRACE AMOUNT.




$$
