000
CDUS44 KJAN 302113
CLITVR


CLIMATE REPORT
NATIONAL WEATHER SERVICE JACKSON MS
411 PM CDT THU JUN 30 2016


...................................

...THE VICKSBURG CLIMATE SUMMARY FOR JUNE 30 2016...
VALID TODAY AS OF 0400 PM LOCAL TIME.

CLIMATE NORMAL PERIOD 1981 TO 2010
CLIMATE RECORD PERIOD 1948 TO 2016


WEATHER ITEM   OBSERVED TIME   RECORD YEAR NORMAL DEPARTURE LAST
                VALUE   (LST)  VALUE       VALUE  FROM      YEAR
                                                  NORMAL
..................................................................
TEMPERATURE (F)
 TODAY
  MAXIMUM         94    250 PM 101    1969  91      3       93
  MINIMUM         72    434 AM  60    2006  70      2       71
  AVERAGE         83                        81      2       82

PRECIPITATION (IN)
  TODAY            0.00          1.49 1975   0.15  -0.15     0.00
  MONTH TO DATE    3.51                      3.99  -0.48     5.25
  SINCE JUN 1      3.51                      3.99  -0.48     5.25
  SINCE JAN 1     38.98                     29.29   9.69    35.52

SNOWFALL (IN)
  TODAY            0.0

DEGREE DAYS
 HEATING
  TODAY            0                         0      0        0
  MONTH TO DATE    0                         0      0        0
  SINCE JUN 1      0                         0      0        0
  SINCE JUL 1   1507                      2351   -844     2522

 COOLING
  TODAY           18                        16      2       17
  MONTH TO DATE  520                       418    102      484
  SINCE JUN 1    520                       418    102      484
  SINCE JAN 1   1035                       788    247      930
..................................................................


WIND (MPH)
  HIGHEST WIND SPEED     9   HIGHEST WIND DIRECTION     E (70)
  HIGHEST GUST SPEED    12   HIGHEST GUST DIRECTION     E (80)
  AVERAGE WIND SPEED     5.5


SKY COVER
  POSSIBLE SUNSHINE  MM
  AVERAGE SKY COVER 0.0


WEATHER CONDITIONS
 THE FOLLOWING WEATHER WAS RECORDED TODAY.
  NO SIGNIFICANT WEATHER WAS OBSERVED.


RELATIVE HUMIDITY (PERCENT)
 HIGHEST    87           100 AM
 LOWEST     36           300 PM
 AVERAGE    62

..........................................................


THE VICKSBURG CLIMATE NORMALS FOR TOMORROW
                         NORMAL    RECORD    YEAR
 MAXIMUM TEMPERATURE (F)   91       101      1954
 MINIMUM TEMPERATURE (F)   70        55      1950


SUNRISE AND SUNSET
JUNE 30 2016..........SUNRISE   601 AM CDT   SUNSET   815 PM CDT
JULY  1 2016..........SUNRISE   601 AM CDT   SUNSET   815 PM CDT


-  INDICATES NEGATIVE NUMBERS.
R  INDICATES RECORD WAS SET OR TIED.
MM INDICATES DATA IS MISSING.
T  INDICATES TRACE AMOUNT.




$$
