000
CDUS44 KJAN 182209
CLITVR


CLIMATE REPORT
NATIONAL WEATHER SERVICE JACKSON MS
406 PM CST SAT NOV 18 2017


...................................

...THE VICKSBURG CLIMATE SUMMARY FOR NOVEMBER 18 2017...
VALID TODAY AS OF 0400 PM LOCAL TIME.

CLIMATE NORMAL PERIOD 1981 TO 2010
CLIMATE RECORD PERIOD 1948 TO 2017


WEATHER ITEM   OBSERVED TIME   RECORD YEAR NORMAL DEPARTURE LAST
                VALUE   (LST)  VALUE       VALUE  FROM      YEAR
                                                  NORMAL
..................................................................
TEMPERATURE (F)
 TODAY
  MAXIMUM         82    317 PM  87    1958  67     15       82
  MINIMUM         66    443 AM  17    1951  43     23       52
  AVERAGE         74                        55     19       67

PRECIPITATION (IN)
  TODAY            0.00          5.75 1948   0.17  -0.17     0.34
  MONTH TO DATE    0.74                      2.69  -1.95     0.91
  SINCE SEP 1      4.01                     10.25  -6.24     1.03
  SINCE JAN 1     53.43                     46.82   6.61    52.58

SNOWFALL (IN)
  TODAY            0.0

DEGREE DAYS
 HEATING
  TODAY            0                        11    -11        0
  MONTH TO DATE   77                       150    -73       87
  SINCE SEP 1    181                       252    -71      116
  SINCE JUL 1    181                       252    -71      116

 COOLING
  TODAY            9                         0      9        2
  MONTH TO DATE   65                        12     53       25
  SINCE SEP 1    585                       432    153      672
  SINCE JAN 1   2507                      2221    286     2919
..................................................................


WIND (MPH)
  HIGHEST WIND SPEED    15   HIGHEST WIND DIRECTION    SW (210)
  HIGHEST GUST SPEED    29   HIGHEST GUST DIRECTION     S (200)
  AVERAGE WIND SPEED    10.7


SKY COVER
  POSSIBLE SUNSHINE  MM
  AVERAGE SKY COVER 1.0


WEATHER CONDITIONS
 THE FOLLOWING WEATHER WAS RECORDED TODAY.
  NO SIGNIFICANT WEATHER WAS OBSERVED.


RELATIVE HUMIDITY (PERCENT)
 HIGHEST    93           400 AM
 LOWEST     58           200 PM
 AVERAGE    76

..........................................................


THE VICKSBURG CLIMATE NORMALS FOR TOMORROW
                         NORMAL    RECORD    YEAR
 MAXIMUM TEMPERATURE (F)   66        82      1966
 MINIMUM TEMPERATURE (F)   43        15      1951


SUNRISE AND SUNSET
NOVEMBER 18 2017......SUNRISE   636 AM CST   SUNSET   502 PM CST
NOVEMBER 19 2017......SUNRISE   637 AM CST   SUNSET   502 PM CST


-  INDICATES NEGATIVE NUMBERS.
R  INDICATES RECORD WAS SET OR TIED.
MM INDICATES DATA IS MISSING.
T  INDICATES TRACE AMOUNT.




$$
