000
CDUS44 KJAN 270722
CLITVR


CLIMATE REPORT
NATIONAL WEATHER SERVICE JACKSON MS
217 AM CDT THU JUL 27 2017


...................................

...THE VICKSBURG CLIMATE SUMMARY FOR JULY 26 2017...

CLIMATE NORMAL PERIOD 1981 TO 2010
CLIMATE RECORD PERIOD 1948 TO 2017


WEATHER ITEM   OBSERVED TIME   RECORD YEAR NORMAL DEPARTURE LAST
                VALUE   (LST)  VALUE       VALUE  FROM      YEAR
                                                  NORMAL
..................................................................
TEMPERATURE (F)
 YESTERDAY
  MAXIMUM         94    127 PM 101    2008  93      1       96
  MINIMUM         70    535 AM  63    2013  71     -1       73
  AVERAGE         82                        82      0       85

PRECIPITATION (IN)
  YESTERDAY        0.00          1.76 1975   0.10  -0.10     0.10
  MONTH TO DATE    4.03                      3.07   0.96     1.91
  SINCE JUN 1     11.18                      7.06   4.12     5.42
  SINCE JAN 1     38.60                     32.36   6.24    40.89

SNOWFALL (IN)
  YESTERDAY        0.0

DEGREE DAYS
 HEATING
  YESTERDAY        0                         0      0        0
  MONTH TO DATE    0                         0      0        0
  SINCE JUN 1      0                         0      0        0
  SINCE JUL 1      0                         0      0        0

 COOLING
  YESTERDAY       17                        17      0       20
  MONTH TO DATE  461                       428     33      520
  SINCE JUN 1    855                       846      9     1039
  SINCE JAN 1   1355                      1216    139     1554
..................................................................


WIND (MPH)
  HIGHEST WIND SPEED     9   HIGHEST WIND DIRECTION     S (160)
  HIGHEST GUST SPEED    11   HIGHEST GUST DIRECTION    SE (140)
  AVERAGE WIND SPEED     1.3


SKY COVER
  POSSIBLE SUNSHINE  MM
  AVERAGE SKY COVER 0.1


WEATHER CONDITIONS
 THE FOLLOWING WEATHER WAS RECORDED YESTERDAY.
  FOG
  FOG W/VISIBILITY <= 1/4 MILE


RELATIVE HUMIDITY (PERCENT)
 HIGHEST   100           100 AM
 LOWEST     52           100 PM
 AVERAGE    76

..........................................................


THE VICKSBURG CLIMATE NORMALS FOR TODAY
                         NORMAL    RECORD    YEAR
 MAXIMUM TEMPERATURE (F)   93       102      2008
 MINIMUM TEMPERATURE (F)   71        64      2004


SUNRISE AND SUNSET
JULY 27 2017..........SUNRISE   616 AM CDT   SUNSET   805 PM CDT
JULY 28 2017..........SUNRISE   616 AM CDT   SUNSET   805 PM CDT


-  INDICATES NEGATIVE NUMBERS.
R  INDICATES RECORD WAS SET OR TIED.
MM INDICATES DATA IS MISSING.
T  INDICATES TRACE AMOUNT.




$$
