000
CDUS44 KJAN 230753
CLITVR


CLIMATE REPORT
NATIONAL WEATHER SERVICE JACKSON MS
252 AM CDT WED JUL 23 2014


...................................

...THE VICKSBURG CLIMATE SUMMARY FOR JULY 22 2014...

CLIMATE NORMAL PERIOD 1981 TO 2010
CLIMATE RECORD PERIOD 1948 TO 2014


WEATHER ITEM   OBSERVED TIME   RECORD YEAR NORMAL DEPARTURE LAST
                VALUE   (LST)  VALUE       VALUE  FROM      YEAR
                                                  NORMAL
..................................................................
TEMPERATURE (F)
 YESTERDAY
  MAXIMUM         92    208 PM  98    1976  92      0       94
                                      1960
                                      1952
  MINIMUM         68    414 AM  60    2007  71     -3       75
  AVERAGE         80                        82     -2       85

PRECIPITATION (IN)
  YESTERDAY        T             0.91 1968   0.11  -0.11     0.00
  MONTH TO DATE    2.87                      2.65   0.22     1.11
  SINCE JUN 1      9.42                      6.64   2.78     6.44
  SINCE JAN 1     37.75                     31.94   5.81    41.76

SNOWFALL (IN)
  YESTERDAY        0.0

DEGREE DAYS
 HEATING
  YESTERDAY        0                         0      0        0
  MONTH TO DATE    0                         0      0        0
  SINCE JUN 1      0                         0      0        0
  SINCE JUL 1      0                         0      0        0

 COOLING
  YESTERDAY       15                        17     -2       20
  MONTH TO DATE  277                       360    -83      311
  SINCE JUN 1    701                       778    -77      752
  SINCE JAN 1   1051                      1148    -97     1082
..................................................................


WIND (MPH)
  HIGHEST WIND SPEED    10   HIGHEST WIND DIRECTION    SE (140)
  HIGHEST GUST SPEED    13   HIGHEST GUST DIRECTION    SE (140)
  AVERAGE WIND SPEED     3.2


SKY COVER
  POSSIBLE SUNSHINE  MM
  AVERAGE SKY COVER 0.0


WEATHER CONDITIONS
 THE FOLLOWING WEATHER WAS RECORDED YESTERDAY.
  LIGHT RAIN
  FOG
  HAZE


RELATIVE HUMIDITY (PERCENT)
 HIGHEST    97           200 AM
 LOWEST     52           200 PM
 AVERAGE    75

..........................................................


THE VICKSBURG CLIMATE NORMALS FOR TODAY
                         NORMAL    RECORD    YEAR
 MAXIMUM TEMPERATURE (F)   92       100      1952
 MINIMUM TEMPERATURE (F)   71        59      2007


SUNRISE AND SUNSET
JULY 23 2014..........SUNRISE   613 AM CDT   SUNSET   808 PM CDT
JULY 24 2014..........SUNRISE   614 AM CDT   SUNSET   807 PM CDT


-  INDICATES NEGATIVE NUMBERS.
R  INDICATES RECORD WAS SET OR TIED.
MM INDICATES DATA IS MISSING.
T  INDICATES TRACE AMOUNT.




$$
