000
CDUS44 KJAN 290637
CLITVR


CLIMATE REPORT
NATIONAL WEATHER SERVICE JACKSON MS
134 AM CDT MON MAY 29 2017


...................................

...THE VICKSBURG CLIMATE SUMMARY FOR MAY 28 2017...

CLIMATE NORMAL PERIOD 1981 TO 2010
CLIMATE RECORD PERIOD 1948 TO 2017


WEATHER ITEM   OBSERVED TIME   RECORD YEAR NORMAL DEPARTURE LAST
                VALUE   (LST)  VALUE       VALUE  FROM      YEAR
                                                  NORMAL
..................................................................
TEMPERATURE (F)
 YESTERDAY
  MAXIMUM         82    449 PM  95    1978  87     -5       88
                                      1964
                                      1953
  MINIMUM         66    748 AM  42    1961  65      1       67
  AVERAGE         74                        76     -2       78

PRECIPITATION (IN)
  YESTERDAY        2.26R         1.74 2000   0.14   2.12     0.00
  MONTH TO DATE    6.81                      4.59   2.22     2.84
  SINCE MAR 1     20.65                     14.59   6.06    25.47
  SINCE JAN 1     27.41                     24.93   2.48    35.47

SNOWFALL (IN)
  YESTERDAY        0.0

DEGREE DAYS
 HEATING
  YESTERDAY        0                         0      0        0
  MONTH TO DATE   15                         9      6        0
  SINCE MAR 1    214                       374   -160      129
  SINCE JUL 1   1490                      2350   -860     1507

 COOLING
  YESTERDAY        9                        11     -2       13
  MONTH TO DATE  182                       219    -37      240
  SINCE MAR 1    417                       328     89      456
  SINCE JAN 1    468                       337    131      468
..................................................................


WIND (MPH)
  HIGHEST WIND SPEED    31   HIGHEST WIND DIRECTION    NE (40)
  HIGHEST GUST SPEED    39   HIGHEST GUST DIRECTION    NE (40)
  AVERAGE WIND SPEED     7.6


SKY COVER
  POSSIBLE SUNSHINE  MM
  AVERAGE SKY COVER 0.5


WEATHER CONDITIONS
 THE FOLLOWING WEATHER WAS RECORDED YESTERDAY.
  THUNDERSTORM
  HEAVY RAIN
  RAIN
  LIGHT RAIN
  FOG


RELATIVE HUMIDITY (PERCENT)
 HIGHEST    94           200 AM
 LOWEST     69           400 PM
 AVERAGE    82

..........................................................


THE VICKSBURG CLIMATE NORMALS FOR TODAY
                         NORMAL    RECORD    YEAR
 MAXIMUM TEMPERATURE (F)   87        96      1951
 MINIMUM TEMPERATURE (F)   65        48      1961


SUNRISE AND SUNSET
MAY 29 2017...........SUNRISE   559 AM CDT   SUNSET   805 PM CDT
MAY 30 2017...........SUNRISE   559 AM CDT   SUNSET   805 PM CDT


-  INDICATES NEGATIVE NUMBERS.
R  INDICATES RECORD WAS SET OR TIED.
MM INDICATES DATA IS MISSING.
T  INDICATES TRACE AMOUNT.




$$
