000
CDUS44 KJAN 250732
CLITVR


CLIMATE REPORT
NATIONAL WEATHER SERVICE JACKSON MS
227 AM CDT FRI APR 25 2014


...................................

...THE VICKSBURG CLIMATE SUMMARY FOR APRIL 24 2014...

CLIMATE NORMAL PERIOD 1981 TO 2010
CLIMATE RECORD PERIOD 1948 TO 2014


WEATHER ITEM   OBSERVED TIME   RECORD YEAR NORMAL DEPARTURE LAST
                VALUE   (LST)  VALUE       VALUE  FROM      YEAR
                                                  NORMAL
..................................................................
TEMPERATURE (F)
 YESTERDAY
  MAXIMUM         84    340 PM  89    1999  78      6       71
                                      1958
  MINIMUM         56    547 AM  39    2012  55      1       47
                                      2005
  AVERAGE         70                        67      3       59

PRECIPITATION (IN)
  YESTERDAY        T             1.75 2001   0.16  -0.16     0.81
  MONTH TO DATE   12.21                      4.03   8.18     4.03
  SINCE MAR 1     18.14                      9.06   9.08     6.99
  SINCE JAN 1     23.56                     19.40   4.16    29.82

SNOWFALL (IN)
  YESTERDAY        0.0

DEGREE DAYS
 HEATING
  YESTERDAY        0                         2     -2        6
  MONTH TO DATE   80                        91    -11      116
  SINCE MAR 1    448                       356     92      502
  SINCE JUL 1   2857                      2332    525     2272

 COOLING
  YESTERDAY        5                         4      1        0
  MONTH TO DATE   67                        61      6       77
  SINCE MAR 1     74                        84    -10       84
  SINCE JAN 1     81                        93    -12      102
..................................................................


WIND (MPH)
  HIGHEST WIND SPEED    21   HIGHEST WIND DIRECTION     S (180)
  HIGHEST GUST SPEED    27   HIGHEST GUST DIRECTION     S (170)
  AVERAGE WIND SPEED     8.0


SKY COVER
  POSSIBLE SUNSHINE  MM
  AVERAGE SKY COVER 0.2


WEATHER CONDITIONS
 THE FOLLOWING WEATHER WAS RECORDED YESTERDAY.
  NO SIGNIFICANT WEATHER WAS OBSERVED.


RELATIVE HUMIDITY (PERCENT)
 HIGHEST    93          1200 AM
 LOWEST     45          1200 PM
 AVERAGE    69

..........................................................


THE VICKSBURG CLIMATE NORMALS FOR TODAY
                         NORMAL    RECORD    YEAR
 MAXIMUM TEMPERATURE (F)   78        92      1999
 MINIMUM TEMPERATURE (F)   56        40      1983


SUNRISE AND SUNSET
APRIL 25 2014.........SUNRISE   624 AM CDT   SUNSET   741 PM CDT
APRIL 26 2014.........SUNRISE   623 AM CDT   SUNSET   742 PM CDT


-  INDICATES NEGATIVE NUMBERS.
R  INDICATES RECORD WAS SET OR TIED.
MM INDICATES DATA IS MISSING.
T  INDICATES TRACE AMOUNT.




$$
