000
CDUS44 KJAN 172208
CLITVR


CLIMATE REPORT
NATIONAL WEATHER SERVICE JACKSON MS
407 PM CST WED DEC 17 2014


...................................

...THE VICKSBURG CLIMATE SUMMARY FOR DECEMBER 17 2014...
VALID TODAY AS OF 0400 PM LOCAL TIME.

CLIMATE NORMAL PERIOD 1981 TO 2010
CLIMATE RECORD PERIOD 1948 TO 2014


WEATHER ITEM   OBSERVED TIME   RECORD YEAR NORMAL DEPARTURE LAST
                VALUE   (LST)  VALUE       VALUE  FROM      YEAR
                                                  NORMAL
..................................................................
TEMPERATURE (F)
 TODAY
  MAXIMUM         55    308 PM  79    2001  58     -3       66
  MINIMUM         29    312 AM  17    1989  37     -8       26
  AVERAGE         42                        48     -6       46

PRECIPITATION (IN)
  TODAY            0.00          2.36 1959   0.18  -0.18     0.00
  MONTH TO DATE    0.87                      3.29  -2.42     2.53
  SINCE DEC 1      0.87                      3.29  -2.42     2.53
  SINCE JAN 1     54.78                     52.42   2.36    66.11

SNOWFALL (IN)
  TODAY            0.0

DEGREE DAYS
 HEATING
  TODAY           23                        18      5       19
  MONTH TO DATE  231                       274    -43      341
  SINCE DEC 1    231                       274    -43      341
  SINCE JUL 1    769                       676     93      871

 COOLING
  TODAY            0                         0      0        0
  MONTH TO DATE    4                         0      4        8
  SINCE DEC 1      4                         0      4        8
  SINCE JAN 1   2193                      2225    -32     2272
..................................................................


WIND (MPH)
  HIGHEST WIND SPEED    10   HIGHEST WIND DIRECTION    NE (30)
  HIGHEST GUST SPEED    13   HIGHEST GUST DIRECTION    NE (30)
  AVERAGE WIND SPEED     3.7


SKY COVER
  POSSIBLE SUNSHINE  MM
  AVERAGE SKY COVER 0.0


WEATHER CONDITIONS
 THE FOLLOWING WEATHER WAS RECORDED TODAY.
  FOG
  FOG W/VISIBILITY <= 1/4 MILE


RELATIVE HUMIDITY (PERCENT)
 HIGHEST   100          1200 AM
 LOWEST     54           200 PM
 AVERAGE    77

..........................................................


THE VICKSBURG CLIMATE NORMALS FOR TOMORROW
                         NORMAL    RECORD    YEAR
 MAXIMUM TEMPERATURE (F)   58        78      1984
 MINIMUM TEMPERATURE (F)   37        11      1979


SUNRISE AND SUNSET
DECEMBER 17 2014......SUNRISE   659 AM CST   SUNSET   501 PM CST
DECEMBER 18 2014......SUNRISE   700 AM CST   SUNSET   502 PM CST


-  INDICATES NEGATIVE NUMBERS.
R  INDICATES RECORD WAS SET OR TIED.
MM INDICATES DATA IS MISSING.
T  INDICATES TRACE AMOUNT.




$$
