000
CDUS44 KJAN 222208
CLITVR


CLIMATE REPORT
NATIONAL WEATHER SERVICE JACKSON MS
508 PM CDT THU JUN 22 2017


...................................

...THE VICKSBURG CLIMATE SUMMARY FOR JUNE 22 2017...
VALID AS OF 0500 PM LOCAL TIME.

CLIMATE NORMAL PERIOD 1981 TO 2010
CLIMATE RECORD PERIOD 1948 TO 2017


WEATHER ITEM   OBSERVED TIME   RECORD YEAR NORMAL DEPARTURE LAST
                VALUE   (LST)  VALUE       VALUE  FROM      YEAR
                                                  NORMAL
..................................................................
TEMPERATURE (F)
 TODAY
  MAXIMUM         88   1250 PM  99    1953  91     -3       91
  MINIMUM         75    437 AM  57    1976  69      6       75
  AVERAGE         82                        80      2       83

PRECIPITATION (IN)
  TODAY            0.19          2.52 1993   0.14   0.05     0.00
  MONTH TO DATE    5.14                      2.77   2.37     3.12
  SINCE JUN 1      5.14                      2.77   2.37     3.12
  SINCE JAN 1     32.56                     28.07   4.49    38.59

DEGREE DAYS
 COOLING
  TODAY           17                        15      2       18
  MONTH TO DATE  290                       296     -6      364
  SINCE JUN 1    290                       296     -6      364
  SINCE JAN 1    790                       666    124      879
..................................................................


WIND (MPH)
  HIGHEST WIND SPEED    26   HIGHEST WIND DIRECTION     S (170)
  HIGHEST GUST SPEED    35   HIGHEST GUST DIRECTION     S (190)
  AVERAGE WIND SPEED    12.0


SKY COVER
  POSSIBLE SUNSHINE  MM
  AVERAGE SKY COVER 0.4


WEATHER CONDITIONS
 THE FOLLOWING WEATHER WAS RECORDED TODAY.
  THUNDERSTORM
  HEAVY RAIN
  RAIN
  LIGHT RAIN
  FOG


RELATIVE HUMIDITY (PERCENT)
 HIGHEST    94          1200 AM
 LOWEST     68           100 PM
 AVERAGE    81

..........................................................


THE VICKSBURG CLIMATE NORMALS FOR TOMORROW
                         NORMAL    RECORD    YEAR
 MAXIMUM TEMPERATURE (F)   91       101      2009
 MINIMUM TEMPERATURE (F)   69        57      1992


SUNRISE AND SUNSET
JUNE 22 2017..........SUNRISE   558 AM CDT   SUNSET   814 PM CDT
JUNE 23 2017..........SUNRISE   558 AM CDT   SUNSET   815 PM CDT


-  INDICATES NEGATIVE NUMBERS.
R  INDICATES RECORD WAS SET OR TIED.
MM INDICATES DATA IS MISSING.
T  INDICATES TRACE AMOUNT.




$$
