000
CDUS44 KJAN 132214
CLITVR


CLIMATE REPORT
NATIONAL WEATHER SERVICE JACKSON MS
412 PM CST WED DEC 13 2017


...................................

...THE VICKSBURG CLIMATE SUMMARY FOR DECEMBER 13 2017...
VALID TODAY AS OF 0400 PM LOCAL TIME.

CLIMATE NORMAL PERIOD 1981 TO 2010
CLIMATE RECORD PERIOD 1948 TO 2017


WEATHER ITEM   OBSERVED TIME   RECORD YEAR NORMAL DEPARTURE LAST
                VALUE   (LST)  VALUE       VALUE  FROM      YEAR
                                                  NORMAL
..................................................................
TEMPERATURE (F)
 TODAY
  MAXIMUM         60    324 PM  80    2015  59      1       61
  MINIMUM         24    529 AM   7    1962  38    -14       49
  AVERAGE         42                        48     -6       55

PRECIPITATION (IN)
  TODAY            0.00          3.00 1956   0.19  -0.19      T
  MONTH TO DATE    0.71                      2.58  -1.87     3.75
  SINCE DEC 1      0.71                      2.58  -1.87     3.75
  SINCE JAN 1     54.33                     51.71   2.62    58.57

SNOWFALL (IN)
  TODAY            0.0

DEGREE DAYS
 HEATING
  TODAY           23                        17      6       10
  MONTH TO DATE  223                       205     18      219
  SINCE DEC 1    223                       205     18      219
  SINCE JUL 1    580                       607    -27      496

 COOLING
  TODAY            0                         0      0        0
  MONTH TO DATE    0                         0      0        0
  SINCE DEC 1      0                         0      0        0
  SINCE JAN 1   2498                      2225    273     2919
..................................................................


WIND (MPH)
  HIGHEST WIND SPEED    13   HIGHEST WIND DIRECTION    SW (230)
  HIGHEST GUST SPEED    20   HIGHEST GUST DIRECTION     S (190)
  AVERAGE WIND SPEED     4.1


SKY COVER
  POSSIBLE SUNSHINE  MM
  AVERAGE SKY COVER 0.0


WEATHER CONDITIONS
 THE FOLLOWING WEATHER WAS RECORDED TODAY.
  NO SIGNIFICANT WEATHER WAS OBSERVED.


RELATIVE HUMIDITY (PERCENT)
 HIGHEST   100           300 AM
 LOWEST     26           400 PM
 AVERAGE    63

..........................................................


THE VICKSBURG CLIMATE NORMALS FOR TOMORROW
                         NORMAL    RECORD    YEAR
 MAXIMUM TEMPERATURE (F)   59        79      1967
 MINIMUM TEMPERATURE (F)   38        15      1962


SUNRISE AND SUNSET
DECEMBER 13 2017......SUNRISE   657 AM CST   SUNSET   500 PM CST
DECEMBER 14 2017......SUNRISE   658 AM CST   SUNSET   500 PM CST


-  INDICATES NEGATIVE NUMBERS.
R  INDICATES RECORD WAS SET OR TIED.
MM INDICATES DATA IS MISSING.
T  INDICATES TRACE AMOUNT.




$$
