000
CDUS44 KJAN 232233
CLITVR


CLIMATE REPORT
NATIONAL WEATHER SERVICE JACKSON MS
424 PM CST SUN NOV 23 2014


...................................

...THE VICKSBURG CLIMATE SUMMARY FOR NOVEMBER 23 2014...
VALID TODAY AS OF 0400 PM LOCAL TIME.

CLIMATE NORMAL PERIOD 1981 TO 2010
CLIMATE RECORD PERIOD 1948 TO 2014


WEATHER ITEM   OBSERVED TIME   RECORD YEAR NORMAL DEPARTURE LAST
                VALUE   (LST)  VALUE       VALUE  FROM      YEAR
                                                  NORMAL
..................................................................
TEMPERATURE (F)
 TODAY
  MAXIMUM         70    359 PM  85    2010  65      5       51
  MINIMUM         61    703 AM  22    1976  42     19       39
  AVERAGE         66                        53     13       45

PRECIPITATION (IN)
  TODAY            0.21          3.10 1983   0.17   0.04     0.40
  MONTH TO DATE    3.81                      3.56   0.25     2.46
  SINCE SEP 1      9.67                     11.12  -1.45    11.66
  SINCE JAN 1     53.91                     47.69   6.22    59.81

SNOWFALL (IN)
  TODAY            0.0

DEGREE DAYS
 HEATING
  TODAY            0                        12    -12       20
  MONTH TO DATE  345                       207    138      250
  SINCE SEP 1    428                       309    119      351
  SINCE JUL 1    428                       309    119      351

 COOLING
  TODAY            1                         0      1        0
  MONTH TO DATE    5                        12     -7       16
  SINCE SEP 1    529                       432     97      557
  SINCE JAN 1   2187                      2221    -34     2264
..................................................................


WIND (MPH)
  HIGHEST WIND SPEED    26   HIGHEST WIND DIRECTION     E (110)
  HIGHEST GUST SPEED    36   HIGHEST GUST DIRECTION     E (110)
  AVERAGE WIND SPEED    13.2


SKY COVER
  POSSIBLE SUNSHINE  MM
  AVERAGE SKY COVER 0.9


WEATHER CONDITIONS
 THE FOLLOWING WEATHER WAS RECORDED TODAY.
  RAIN
  LIGHT RAIN
  FOG


RELATIVE HUMIDITY (PERCENT)
 HIGHEST    97           700 AM
 LOWEST     66           400 PM
 AVERAGE    82

..........................................................


THE VICKSBURG CLIMATE NORMALS FOR TOMORROW
                         NORMAL    RECORD    YEAR
 MAXIMUM TEMPERATURE (F)   65        82      2010
 MINIMUM TEMPERATURE (F)   41        21      1970


SUNRISE AND SUNSET
NOVEMBER 23 2014......SUNRISE   641 AM CST   SUNSET   500 PM CST
NOVEMBER 24 2014......SUNRISE   642 AM CST   SUNSET   500 PM CST


-  INDICATES NEGATIVE NUMBERS.
R  INDICATES RECORD WAS SET OR TIED.
MM INDICATES DATA IS MISSING.
T  INDICATES TRACE AMOUNT.




$$
