000
CDUS44 KJAN 240643
CLITVR


CLIMATE REPORT
NATIONAL WEATHER SERVICE JACKSON MS
140 AM CDT FRI OCT 24 2014


...................................

...THE VICKSBURG CLIMATE SUMMARY FOR OCTOBER 23 2014...

CLIMATE NORMAL PERIOD 1981 TO 2010
CLIMATE RECORD PERIOD 1948 TO 2014


WEATHER ITEM   OBSERVED TIME   RECORD YEAR NORMAL DEPARTURE LAST
                VALUE   (LST)  VALUE       VALUE  FROM      YEAR
                                                  NORMAL
..................................................................
TEMPERATURE (F)
 YESTERDAY
  MAXIMUM         69   1249 PM  88    1963  76     -7       73
  MINIMUM         41    310 AM  31    1952  50     -9       40
  AVERAGE         55                        63     -8       57

PRECIPITATION (IN)
  YESTERDAY        0.00          2.29 1972   0.17  -0.17     0.00
  MONTH TO DATE    4.55                      3.56   0.99     1.51
  SINCE SEP 1      5.55                      6.45  -0.90     7.16
  SINCE JAN 1     49.79                     43.02   6.77    55.31

SNOWFALL (IN)
  YESTERDAY        0.0

DEGREE DAYS
 HEATING
  YESTERDAY       10                         5      5        8
  MONTH TO DATE   48                        53     -5       61
  SINCE SEP 1     48                        58    -10       61
  SINCE JUL 1     48                        58    -10       61

 COOLING
  YESTERDAY        0                         3     -3        0
  MONTH TO DATE  126                        95     31      121
  SINCE SEP 1    512                       403    109      526
  SINCE JAN 1   2170                      2192    -22     2233
..................................................................


WIND (MPH)
  HIGHEST WIND SPEED    10   HIGHEST WIND DIRECTION     N (360)
  HIGHEST GUST SPEED    15   HIGHEST GUST DIRECTION     N (350)
  AVERAGE WIND SPEED     3.7


SKY COVER
  POSSIBLE SUNSHINE  MM
  AVERAGE SKY COVER 0.0


WEATHER CONDITIONS
 THE FOLLOWING WEATHER WAS RECORDED YESTERDAY.
  NO SIGNIFICANT WEATHER WAS OBSERVED.


RELATIVE HUMIDITY (PERCENT)
 HIGHEST    93          1200 AM
 LOWEST     45          1200 PM
 AVERAGE    69

..........................................................


THE VICKSBURG CLIMATE NORMALS FOR TODAY
                         NORMAL    RECORD    YEAR
 MAXIMUM TEMPERATURE (F)   76        89      2003
                                             1963
 MINIMUM TEMPERATURE (F)   50        29      1952


SUNRISE AND SUNSET
OCTOBER 24 2014.......SUNRISE   715 AM CDT   SUNSET   621 PM CDT
OCTOBER 25 2014.......SUNRISE   716 AM CDT   SUNSET   620 PM CDT


-  INDICATES NEGATIVE NUMBERS.
R  INDICATES RECORD WAS SET OR TIED.
MM INDICATES DATA IS MISSING.
T  INDICATES TRACE AMOUNT.




$$
