000
CDUS44 KJAN 220632
CLITVR


CLIMATE REPORT
NATIONAL WEATHER SERVICE JACKSON MS
1231 AM CST WED FEB 22 2017


...................................

...THE VICKSBURG CLIMATE SUMMARY FOR FEBRUARY 21 2017...

CLIMATE NORMAL PERIOD 1981 TO 2010
CLIMATE RECORD PERIOD 1948 TO 2017


WEATHER ITEM   OBSERVED TIME   RECORD YEAR NORMAL DEPARTURE LAST
                VALUE   (LST)  VALUE       VALUE  FROM      YEAR
                                                  NORMAL
..................................................................
TEMPERATURE (F)
 YESTERDAY
  MAXIMUM         71    422 PM  84    1986  62      9       74
  MINIMUM         51   1152 PM  23    1959  41     10       63
  AVERAGE         61                        51     10       69

PRECIPITATION (IN)
  YESTERDAY        0.31          4.12 2003   0.18   0.13      T
  MONTH TO DATE    1.17                      4.00  -2.83     2.54
  SINCE DEC 1     11.67                     14.68  -3.01    13.79
  SINCE JAN 1      5.40                      9.07  -3.67     8.24

SNOWFALL (IN)
  YESTERDAY        0.0

DEGREE DAYS
 HEATING
  YESTERDAY        4                        14    -10        0
  MONTH TO DATE  161                       341   -180      237
  SINCE DEC 1    960                      1483   -523     1100
  SINCE JUL 1   1237                      1885   -648     1289

 COOLING
  YESTERDAY        0                         0      0        4
  MONTH TO DATE   26                         0     26       11
  SINCE DEC 1     68                         9     59       74
  SINCE JAN 1     40                         3     37       12
..................................................................


WIND (MPH)
  HIGHEST WIND SPEED    13   HIGHEST WIND DIRECTION     W (270)
  HIGHEST GUST SPEED    17   HIGHEST GUST DIRECTION     W (270)
  AVERAGE WIND SPEED     3.7


SKY COVER
  POSSIBLE SUNSHINE  MM
  AVERAGE SKY COVER 0.7


WEATHER CONDITIONS
 THE FOLLOWING WEATHER WAS RECORDED YESTERDAY.
  HEAVY RAIN
  RAIN
  LIGHT RAIN
  FOG


RELATIVE HUMIDITY (PERCENT)
 HIGHEST    93          1200 AM
 LOWEST     53           400 PM
 AVERAGE    73

..........................................................


THE VICKSBURG CLIMATE NORMALS FOR TODAY
                         NORMAL    RECORD    YEAR
 MAXIMUM TEMPERATURE (F)   62        80      1996
                                             1993
 MINIMUM TEMPERATURE (F)   41        18      1978


SUNRISE AND SUNSET
FEBRUARY 22 2017......SUNRISE   639 AM CST   SUNSET   556 PM CST
FEBRUARY 23 2017......SUNRISE   638 AM CST   SUNSET   557 PM CST


-  INDICATES NEGATIVE NUMBERS.
R  INDICATES RECORD WAS SET OR TIED.
MM INDICATES DATA IS MISSING.
T  INDICATES TRACE AMOUNT.




$$
