000
CDUS44 KJAN 092212
CLITVR


CLIMATE REPORT
NATIONAL WEATHER SERVICE JACKSON MS
411 PM CST TUE FEB 9 2016


...................................

...THE VICKSBURG CLIMATE SUMMARY FOR FEBRUARY 9 2016...
VALID TODAY AS OF 0400 PM LOCAL TIME.

CLIMATE NORMAL PERIOD 1981 TO 2010
CLIMATE RECORD PERIOD 1948 TO 2016


WEATHER ITEM   OBSERVED TIME   RECORD YEAR NORMAL DEPARTURE LAST
                VALUE   (LST)  VALUE       VALUE  FROM      YEAR
                                                  NORMAL
..................................................................
TEMPERATURE (F)
 TODAY
  MAXIMUM         57    331 PM  82    1957  59     -2       71
  MINIMUM         33    658 AM  20    1979  38     -5       41
                                      1971
  AVERAGE         45                        48     -3       56

PRECIPITATION (IN)
  TODAY            0.00          2.00 1949   0.19  -0.19      T
  MONTH TO DATE    0.28                      1.58  -1.30     0.43
  SINCE DEC 1     11.53                     12.26  -0.73    10.59
  SINCE JAN 1      5.98                      6.65  -0.67     6.00

SNOWFALL (IN)
  TODAY            0.0

DEGREE DAYS
 HEATING
  TODAY           20                        17      3        9
  MONTH TO DATE  138                       158    -20      165
  SINCE DEC 1   1001                      1300   -299     1254
  SINCE JUL 1   1190                      1702   -512     1792

 COOLING
  TODAY            0                         0      0        0
  MONTH TO DATE    5                         0      5        0
  SINCE DEC 1     68                         9     59        4
  SINCE JAN 1      6                         3      3        0
..................................................................


WIND (MPH)
  HIGHEST WIND SPEED    23   HIGHEST WIND DIRECTION    NW (300)
  HIGHEST GUST SPEED    34   HIGHEST GUST DIRECTION     W (260)
  AVERAGE WIND SPEED     9.2


SKY COVER
  POSSIBLE SUNSHINE  MM
  AVERAGE SKY COVER 0.0


WEATHER CONDITIONS
 THE FOLLOWING WEATHER WAS RECORDED TODAY.
  NO SIGNIFICANT WEATHER WAS OBSERVED.


RELATIVE HUMIDITY (PERCENT)
 HIGHEST    59           100 AM
 LOWEST     20           300 PM
 AVERAGE    40

..........................................................


THE VICKSBURG CLIMATE NORMALS FOR TOMORROW
                         NORMAL    RECORD    YEAR
 MAXIMUM TEMPERATURE (F)   59        81      1954
 MINIMUM TEMPERATURE (F)   38        13      1979


SUNRISE AND SUNSET
FEBRUARY  9 2016......SUNRISE   653 AM CST   SUNSET   544 PM CST
FEBRUARY 10 2016......SUNRISE   652 AM CST   SUNSET   545 PM CST


-  INDICATES NEGATIVE NUMBERS.
R  INDICATES RECORD WAS SET OR TIED.
MM INDICATES DATA IS MISSING.
T  INDICATES TRACE AMOUNT.




$$
