000
CDUS44 KJAN 160637
CLITVR


CLIMATE REPORT
NATIONAL WEATHER SERVICE JACKSON MS
1230 AM CST MON JAN 16 2017


...................................

...THE VICKSBURG CLIMATE SUMMARY FOR JANUARY 15 2017...

CLIMATE NORMAL PERIOD 1981 TO 2010
CLIMATE RECORD PERIOD 1948 TO 2017


WEATHER ITEM   OBSERVED TIME   RECORD YEAR NORMAL DEPARTURE LAST
                VALUE   (LST)  VALUE       VALUE  FROM      YEAR
                                                  NORMAL
..................................................................
TEMPERATURE (F)
 YESTERDAY
  MAXIMUM         77    120 PM  78    1952  55     22       70
                                      1950
  MINIMUM         48    722 AM  16    1982  35     13       44
  AVERAGE         63                        45     18       57

PRECIPITATION (IN)
  YESTERDAY        0.00          1.44 1974   0.14  -0.14      T
  MONTH TO DATE    1.20                      2.34  -1.14     1.10
  SINCE DEC 1      7.47                      7.95  -0.48     6.65
  SINCE JAN 1      1.20                      2.34  -1.14     1.10

SNOWFALL (IN)
  YESTERDAY        0.0

DEGREE DAYS
 HEATING
  YESTERDAY        2                        20    -18        8
  MONTH TO DATE  200                       299    -99      280
  SINCE DEC 1    660                       834   -174      563
  SINCE JUL 1    937                      1236   -299      752

 COOLING
  YESTERDAY        0                         0      0        0
  MONTH TO DATE   12                         0     12        0
  SINCE DEC 1     40                         6     34       62
  SINCE JAN 1     12                         0     12        0
..................................................................


WIND (MPH)
  HIGHEST WIND SPEED    15   HIGHEST WIND DIRECTION     S (170)
  HIGHEST GUST SPEED    18   HIGHEST GUST DIRECTION     S (160)
  AVERAGE WIND SPEED     4.4


SKY COVER
  POSSIBLE SUNSHINE  MM
  AVERAGE SKY COVER 0.1


WEATHER CONDITIONS
 THE FOLLOWING WEATHER WAS RECORDED YESTERDAY.
  FOG
  FOG W/VISIBILITY <= 1/4 MILE


RELATIVE HUMIDITY (PERCENT)
 HIGHEST   100           400 AM
 LOWEST     46           100 PM
 AVERAGE    73

..........................................................


THE VICKSBURG CLIMATE NORMALS FOR TODAY
                         NORMAL    RECORD    YEAR
 MAXIMUM TEMPERATURE (F)   55        76      1996
                                             1974
                                             1952
 MINIMUM TEMPERATURE (F)   35        16      1963


SUNRISE AND SUNSET
JANUARY 16 2017.......SUNRISE   705 AM CST   SUNSET   523 PM CST
JANUARY 17 2017.......SUNRISE   705 AM CST   SUNSET   524 PM CST


-  INDICATES NEGATIVE NUMBERS.
R  INDICATES RECORD WAS SET OR TIED.
MM INDICATES DATA IS MISSING.
T  INDICATES TRACE AMOUNT.




$$
