000
CDUS44 KJAN 180856
CLITVR


CLIMATE REPORT
NATIONAL WEATHER SERVICE JACKSON MS
352 AM CDT SAT APR 18 2015


...................................

...THE VICKSBURG CLIMATE SUMMARY FOR APRIL 17 2015...

CLIMATE NORMAL PERIOD 1981 TO 2010
CLIMATE RECORD PERIOD 1948 TO 2015


WEATHER ITEM   OBSERVED TIME   RECORD YEAR NORMAL DEPARTURE LAST
                VALUE   (LST)  VALUE       VALUE  FROM      YEAR
                                                  NORMAL
..................................................................
TEMPERATURE (F)
 YESTERDAY
  MAXIMUM         81   1208 PM  91    2006  76      5       68
  MINIMUM         63    555 AM  32    1951  53     10       47
  AVERAGE         72                        65      7       58

PRECIPITATION (IN)
  YESTERDAY        0.01          2.31 2012   0.17  -0.16     0.00
  MONTH TO DATE    2.44                      2.83  -0.39    12.21
  SINCE MAR 1      6.68                      7.86  -1.18    18.14
  SINCE JAN 1     17.93                     18.20  -0.27    23.56

SNOWFALL (IN)
  YESTERDAY        0.0

DEGREE DAYS
 HEATING
  YESTERDAY        0                         3     -3        7
  MONTH TO DATE   23                        74    -51       80
  SINCE MAR 1    246                       339    -93      448
  SINCE JUL 1   2504                      2315    189     2857

 COOLING
  YESTERDAY        7                         3      4        0
  MONTH TO DATE   93                        39     54       40
  SINCE MAR 1    115                        62     53       47
  SINCE JAN 1    115                        71     44       54
..................................................................


WIND (MPH)
  HIGHEST WIND SPEED    17   HIGHEST WIND DIRECTION     N (10)
  HIGHEST GUST SPEED    21   HIGHEST GUST DIRECTION     N (20)
  AVERAGE WIND SPEED     4.2


SKY COVER
  POSSIBLE SUNSHINE  MM
  AVERAGE SKY COVER 0.4


WEATHER CONDITIONS
 THE FOLLOWING WEATHER WAS RECORDED YESTERDAY.
  LIGHT RAIN
  FOG


RELATIVE HUMIDITY (PERCENT)
 HIGHEST   100           600 AM
 LOWEST     58           100 PM
 AVERAGE    79

..........................................................


THE VICKSBURG CLIMATE NORMALS FOR TODAY
                         NORMAL    RECORD    YEAR
 MAXIMUM TEMPERATURE (F)   77        91      2006
 MINIMUM TEMPERATURE (F)   54        37      2001


SUNRISE AND SUNSET
APRIL 18 2015.........SUNRISE   632 AM CDT   SUNSET   736 PM CDT
APRIL 19 2015.........SUNRISE   631 AM CDT   SUNSET   736 PM CDT


-  INDICATES NEGATIVE NUMBERS.
R  INDICATES RECORD WAS SET OR TIED.
MM INDICATES DATA IS MISSING.
T  INDICATES TRACE AMOUNT.




$$
