000
CDUS44 KJAN 240623
CLITVR


CLIMATE REPORT
NATIONAL WEATHER SERVICE JACKSON MS
121 AM CDT TUE MAY 24 2016


...................................

...THE VICKSBURG CLIMATE SUMMARY FOR MAY 23 2016...

CLIMATE NORMAL PERIOD 1981 TO 2010
CLIMATE RECORD PERIOD 1948 TO 2016


WEATHER ITEM   OBSERVED TIME   RECORD YEAR NORMAL DEPARTURE LAST
                VALUE   (LST)  VALUE       VALUE  FROM      YEAR
                                                  NORMAL
..................................................................
TEMPERATURE (F)
 YESTERDAY
  MAXIMUM         88    222 PM  93    2005  86      2       88
                                      1972
                                      1969
  MINIMUM         57    508 AM  51    2002  64     -7       61
  AVERAGE         73                        75     -2       75

PRECIPITATION (IN)
  YESTERDAY        0.00          1.48 1955   0.16  -0.16     0.00
  MONTH TO DATE    1.32                      3.86  -2.54     6.68
  SINCE MAR 1     23.95                     13.86  10.09    16.96
  SINCE JAN 1     33.95                     24.20   9.75    28.21

SNOWFALL (IN)
  YESTERDAY        0.0

DEGREE DAYS
 HEATING
  YESTERDAY        0                         0      0        0
  MONTH TO DATE    0                         9     -9        3
  SINCE MAR 1    129                       374   -245      264
  SINCE JUL 1   1507                      2350   -843     2522

 COOLING
  YESTERDAY        8                        10     -2       10
  MONTH TO DATE  167                       167      0      197
  SINCE MAR 1    383                       276    107      351
  SINCE JAN 1    395                       285    110      351
..................................................................


WIND (MPH)
  HIGHEST WIND SPEED    14   HIGHEST WIND DIRECTION     S (180)
  HIGHEST GUST SPEED    19   HIGHEST GUST DIRECTION     S (170)
  AVERAGE WIND SPEED     3.4


SKY COVER
  POSSIBLE SUNSHINE  MM
  AVERAGE SKY COVER 0.0


WEATHER CONDITIONS
 THE FOLLOWING WEATHER WAS RECORDED YESTERDAY.
  FOG


RELATIVE HUMIDITY (PERCENT)
 HIGHEST    93           300 AM
 LOWEST     29          1200 PM
 AVERAGE    61

..........................................................


THE VICKSBURG CLIMATE NORMALS FOR TODAY
                         NORMAL    RECORD    YEAR
 MAXIMUM TEMPERATURE (F)   86        96      1969
 MINIMUM TEMPERATURE (F)   64        43      1951


SUNRISE AND SUNSET
MAY 24 2016...........SUNRISE   601 AM CDT   SUNSET   802 PM CDT
MAY 25 2016...........SUNRISE   600 AM CDT   SUNSET   802 PM CDT


-  INDICATES NEGATIVE NUMBERS.
R  INDICATES RECORD WAS SET OR TIED.
MM INDICATES DATA IS MISSING.
T  INDICATES TRACE AMOUNT.




$$
