000
CDUS44 KJAN 250826
CLITVR


CLIMATE REPORT
NATIONAL WEATHER SERVICE JACKSON MS
316 AM CDT MON MAY 25 2015


...................................

...THE VICKSBURG CLIMATE SUMMARY FOR MAY 24 2015...

CLIMATE NORMAL PERIOD 1981 TO 2010
CLIMATE RECORD PERIOD 1948 TO 2015


WEATHER ITEM   OBSERVED TIME   RECORD YEAR NORMAL DEPARTURE LAST
                VALUE   (LST)  VALUE       VALUE  FROM      YEAR
                                                  NORMAL
..................................................................
TEMPERATURE (F)
 YESTERDAY
  MAXIMUM         89    121 PM  96    1969  86      3       86
  MINIMUM         69    211 AM  43    1951  64      5       65
  AVERAGE         79                        75      4       76

PRECIPITATION (IN)
  YESTERDAY        0.27          1.42 1955   0.16   0.11     0.00
  MONTH TO DATE    6.95                      4.02   2.93     1.94
  SINCE MAR 1     17.23                     14.02   3.21    20.92
  SINCE JAN 1     28.48                     24.36   4.12    26.34

SNOWFALL (IN)
  YESTERDAY        0.0

DEGREE DAYS
 HEATING
  YESTERDAY        0                         0      0        0
  MONTH TO DATE    3                         9     -6       25
  SINCE MAR 1    264                       374   -110      481
  SINCE JUL 1   2522                      2350    172     2890

 COOLING
  YESTERDAY       14                        10      4       11
  MONTH TO DATE  211                       177     34      159
  SINCE MAR 1    365                       286     79      272
  SINCE JAN 1    365                       295     70      279
..................................................................


WIND (MPH)
  HIGHEST WIND SPEED    21   HIGHEST WIND DIRECTION     S (160)
  HIGHEST GUST SPEED    27   HIGHEST GUST DIRECTION    SE (150)
  AVERAGE WIND SPEED     8.7


SKY COVER
  POSSIBLE SUNSHINE  MM
  AVERAGE SKY COVER 0.3


WEATHER CONDITIONS
 THE FOLLOWING WEATHER WAS RECORDED YESTERDAY.
  THUNDERSTORM
  RAIN
  LIGHT RAIN
  FOG


RELATIVE HUMIDITY (PERCENT)
 HIGHEST    93           600 AM
 LOWEST     57          1200 PM
 AVERAGE    75

..........................................................


THE VICKSBURG CLIMATE NORMALS FOR TODAY
                         NORMAL    RECORD    YEAR
 MAXIMUM TEMPERATURE (F)   86        94      1972
                                             1970
 MINIMUM TEMPERATURE (F)   64        49      1979


SUNRISE AND SUNSET
MAY 25 2015...........SUNRISE   601 AM CDT   SUNSET   802 PM CDT
MAY 26 2015...........SUNRISE   600 AM CDT   SUNSET   802 PM CDT


-  INDICATES NEGATIVE NUMBERS.
R  INDICATES RECORD WAS SET OR TIED.
MM INDICATES DATA IS MISSING.
T  INDICATES TRACE AMOUNT.




$$
