000
CDUS44 KJAN 310719
CLITVR


CLIMATE REPORT
NATIONAL WEATHER SERVICE JACKSON MS
218 AM CDT MON AUG 31 2015


...................................

...THE VICKSBURG CLIMATE SUMMARY FOR AUGUST 30 2015...

CLIMATE NORMAL PERIOD 1981 TO 2010
CLIMATE RECORD PERIOD 1948 TO 2015


WEATHER ITEM   OBSERVED TIME   RECORD YEAR NORMAL DEPARTURE LAST
                VALUE   (LST)  VALUE       VALUE  FROM      YEAR
                                                  NORMAL
..................................................................
TEMPERATURE (F)
 YESTERDAY
  MAXIMUM         95    247 PM 104    1954  91      4       80
  MINIMUM         66    548 AM  56    1968  68     -2       74
  AVERAGE         81                        79      2       77

PRECIPITATION (IN)
  YESTERDAY        0.00          3.08 2012   0.13  -0.13     0.56
  MONTH TO DATE    3.21                      3.51  -0.30     6.43
  SINCE JUN 1     10.18                     11.13  -0.95    15.91
  SINCE JAN 1     40.45                     36.43   4.02    44.24

SNOWFALL (IN)
  YESTERDAY        0.0

DEGREE DAYS
 HEATING
  YESTERDAY        0                         0      0        0
  MONTH TO DATE    0                         0      0        0
  SINCE JUN 1      0                         0      0        0
  SINCE JUL 1      0                         0      0        0

 COOLING
  YESTERDAY       16                        14      2       12
  MONTH TO DATE  515                       479     36      461
  SINCE JUN 1   1592                      1407    185     1292
  SINCE JAN 1   2038                      1777    261     1642
..................................................................


WIND (MPH)
  HIGHEST WIND SPEED    10   HIGHEST WIND DIRECTION    SE (140)
  HIGHEST GUST SPEED    16   HIGHEST GUST DIRECTION     N (360)
  AVERAGE WIND SPEED     2.0


SKY COVER
  POSSIBLE SUNSHINE  MM
  AVERAGE SKY COVER 0.1


WEATHER CONDITIONS
 THE FOLLOWING WEATHER WAS RECORDED YESTERDAY.
  FOG


RELATIVE HUMIDITY (PERCENT)
 HIGHEST    93           100 AM
 LOWEST     28           300 PM
 AVERAGE    61

..........................................................


THE VICKSBURG CLIMATE NORMALS FOR TODAY
                         NORMAL    RECORD    YEAR
 MAXIMUM TEMPERATURE (F)   90       106      2000
 MINIMUM TEMPERATURE (F)   68        58      1968


SUNRISE AND SUNSET
AUGUST 31 2015........SUNRISE   638 AM CDT   SUNSET   730 PM CDT
SEPTEMBER  1 2015.....SUNRISE   639 AM CDT   SUNSET   729 PM CDT


-  INDICATES NEGATIVE NUMBERS.
R  INDICATES RECORD WAS SET OR TIED.
MM INDICATES DATA IS MISSING.
T  INDICATES TRACE AMOUNT.




$$
