000
CDUS44 KJAN 270816
CLITVR


CLIMATE REPORT
NATIONAL WEATHER SERVICE JACKSON MS
315 AM CDT FRI MAR 27 2015


...................................

...THE VICKSBURG CLIMATE SUMMARY FOR MARCH 26 2015...

CLIMATE NORMAL PERIOD 1981 TO 2010
CLIMATE RECORD PERIOD 1948 TO 2015


WEATHER ITEM   OBSERVED TIME   RECORD YEAR NORMAL DEPARTURE LAST
                VALUE   (LST)  VALUE       VALUE  FROM      YEAR
                                                  NORMAL
..................................................................
TEMPERATURE (F)
 YESTERDAY
  MAXIMUM         75   1100 AM  86    2011  71      4       65
  MINIMUM         49   1159 PM  26    1955  48      1       28
  AVERAGE         62                        60      2       47

PRECIPITATION (IN)
  YESTERDAY        0.15          1.53 2000   0.17  -0.02      T
  MONTH TO DATE    4.23                      4.26  -0.03     3.19
  SINCE MAR 1      4.23                      4.26  -0.03     3.19
  SINCE JAN 1     15.48                     14.60   0.88     8.61

SNOWFALL (IN)
  YESTERDAY        0.0

DEGREE DAYS
 HEATING
  YESTERDAY        3                         6     -3       18
  MONTH TO DATE  191                       235    -44      346
  SINCE MAR 1    191                       235    -44      346
  SINCE JUL 1   2449                      2211    238     2755

 COOLING
  YESTERDAY        0                         1     -1        0
  MONTH TO DATE   13                        23    -10        2
  SINCE MAR 1     13                        23    -10        2
  SINCE JAN 1     13                        32    -19        9
..................................................................


WIND (MPH)
  HIGHEST WIND SPEED    25   HIGHEST WIND DIRECTION     N (10)
  HIGHEST GUST SPEED    36   HIGHEST GUST DIRECTION     N (10)
  AVERAGE WIND SPEED     8.3


SKY COVER
  POSSIBLE SUNSHINE  MM
  AVERAGE SKY COVER 0.7


WEATHER CONDITIONS
 THE FOLLOWING WEATHER WAS RECORDED YESTERDAY.
  RAIN
  LIGHT RAIN
  FOG


RELATIVE HUMIDITY (PERCENT)
 HIGHEST    97           300 PM
 LOWEST     64          1100 AM
 AVERAGE    81

..........................................................


THE VICKSBURG CLIMATE NORMALS FOR TODAY
                         NORMAL    RECORD    YEAR
 MAXIMUM TEMPERATURE (F)   71        85      2012
                                             1991
 MINIMUM TEMPERATURE (F)   48        25      2013
                                             1955


SUNRISE AND SUNSET
MARCH 27 2015.........SUNRISE   659 AM CDT   SUNSET   720 PM CDT
MARCH 28 2015.........SUNRISE   658 AM CDT   SUNSET   721 PM CDT


-  INDICATES NEGATIVE NUMBERS.
R  INDICATES RECORD WAS SET OR TIED.
MM INDICATES DATA IS MISSING.
T  INDICATES TRACE AMOUNT.




$$
