489
CDUS44 KJAN 260643
CLITVR


CLIMATE REPORT
NATIONAL WEATHER SERVICE JACKSON MS
141 AM CDT TUE SEP 26 2017


...................................

...THE VICKSBURG CLIMATE SUMMARY FOR SEPTEMBER 25 2017...

CLIMATE NORMAL PERIOD 1981 TO 2010
CLIMATE RECORD PERIOD 1948 TO 2017


WEATHER ITEM   OBSERVED TIME   RECORD YEAR NORMAL DEPARTURE LAST
                VALUE   (LST)  VALUE       VALUE  FROM      YEAR
                                                  NORMAL
..................................................................
TEMPERATURE (F)
 YESTERDAY
  MAXIMUM         90    158 PM  97    2016  85      5       97
  MINIMUM         63    518 AM  43    1949  60      3       68
  AVERAGE         77                        72      5       83

PRECIPITATION (IN)
  YESTERDAY        0.00          2.63 2000   0.07  -0.07     0.00
  MONTH TO DATE    1.73                      2.41  -0.68     0.12
  SINCE SEP 1      1.73                      2.41  -0.68     0.12
  SINCE JAN 1     51.15                     38.98  12.17    51.67

SNOWFALL (IN)
  YESTERDAY        0.0

DEGREE DAYS
 HEATING
  YESTERDAY        0                         0      0        0
  MONTH TO DATE    4                         0      4        0
  SINCE SEP 1      4                         0      4        0
  SINCE JUL 1      4                         0      4        0

 COOLING
  YESTERDAY       12                         8      4       18
  MONTH TO DATE  283                       272     11      440
  SINCE SEP 1    283                       272     11      440
  SINCE JAN 1   2205                      2061    144     2687
..................................................................


WIND (MPH)
  HIGHEST WIND SPEED    12   HIGHEST WIND DIRECTION     E (90)
  HIGHEST GUST SPEED    16   HIGHEST GUST DIRECTION     E (90)
  AVERAGE WIND SPEED     3.7


SKY COVER
  POSSIBLE SUNSHINE  MM
  AVERAGE SKY COVER 0.0


WEATHER CONDITIONS
 THE FOLLOWING WEATHER WAS RECORDED YESTERDAY.
  FOG


RELATIVE HUMIDITY (PERCENT)
 HIGHEST   100           200 AM
 LOWEST     43           400 PM
 AVERAGE    72

..........................................................


THE VICKSBURG CLIMATE NORMALS FOR TODAY
                         NORMAL    RECORD    YEAR
 MAXIMUM TEMPERATURE (F)   84        94      1993
                                             1954
 MINIMUM TEMPERATURE (F)   60        43      1975


SUNRISE AND SUNSET
SEPTEMBER 26 2017.....SUNRISE   655 AM CDT   SUNSET   655 PM CDT
SEPTEMBER 27 2017.....SUNRISE   656 AM CDT   SUNSET   654 PM CDT


-  INDICATES NEGATIVE NUMBERS.
R  INDICATES RECORD WAS SET OR TIED.
MM INDICATES DATA IS MISSING.
T  INDICATES TRACE AMOUNT.




$$
