000
CDUS44 KJAN 260700
CLITVR


CLIMATE REPORT
NATIONAL WEATHER SERVICE JACKSON MS
157 AM CDT WED JUL 26 2017


...................................

...THE VICKSBURG CLIMATE SUMMARY FOR JULY 25 2017...

CLIMATE NORMAL PERIOD 1981 TO 2010
CLIMATE RECORD PERIOD 1948 TO 2017


WEATHER ITEM   OBSERVED TIME   RECORD YEAR NORMAL DEPARTURE LAST
                VALUE   (LST)  VALUE       VALUE  FROM      YEAR
                                                  NORMAL
..................................................................
TEMPERATURE (F)
 YESTERDAY
  MAXIMUM         88   1232 PM 101    1952  92     -4       96
  MINIMUM         72   1121 PM  63    2009  71      1       74
  AVERAGE         80                        82     -2       85

PRECIPITATION (IN)
  YESTERDAY        0.16          2.12 1971   0.11   0.05     0.00
  MONTH TO DATE    4.03                      2.97   1.06     1.81
  SINCE JUN 1     11.18                      6.96   4.22     5.32
  SINCE JAN 1     38.60                     32.26   6.34    40.79

SNOWFALL (IN)
  YESTERDAY        0.0

DEGREE DAYS
 HEATING
  YESTERDAY        0                         0      0        0
  MONTH TO DATE    0                         0      0        0
  SINCE JUN 1      0                         0      0        0
  SINCE JUL 1      0                         0      0        0

 COOLING
  YESTERDAY       15                        17     -2       20
  MONTH TO DATE  444                       411     33      500
  SINCE JUN 1    838                       829      9     1019
  SINCE JAN 1   1338                      1199    139     1534
..................................................................


WIND (MPH)
  HIGHEST WIND SPEED    18   HIGHEST WIND DIRECTION    NE (30)
  HIGHEST GUST SPEED    22   HIGHEST GUST DIRECTION    NE (30)
  AVERAGE WIND SPEED     2.5


SKY COVER
  POSSIBLE SUNSHINE  MM
  AVERAGE SKY COVER 0.4


WEATHER CONDITIONS
 THE FOLLOWING WEATHER WAS RECORDED YESTERDAY.
  THUNDERSTORM
  RAIN
  LIGHT RAIN
  FOG


RELATIVE HUMIDITY (PERCENT)
 HIGHEST   100           300 AM
 LOWEST     77          1200 PM
 AVERAGE    89

..........................................................


THE VICKSBURG CLIMATE NORMALS FOR TODAY
                         NORMAL    RECORD    YEAR
 MAXIMUM TEMPERATURE (F)   93       101      2008
 MINIMUM TEMPERATURE (F)   71        63      2013


SUNRISE AND SUNSET
JULY 26 2017..........SUNRISE   615 AM CDT   SUNSET   806 PM CDT
JULY 27 2017..........SUNRISE   616 AM CDT   SUNSET   805 PM CDT


-  INDICATES NEGATIVE NUMBERS.
R  INDICATES RECORD WAS SET OR TIED.
MM INDICATES DATA IS MISSING.
T  INDICATES TRACE AMOUNT.




$$
