000
CDUS44 KJAN 210811
CLITVR


CLIMATE REPORT
NATIONAL WEATHER SERVICE JACKSON MS
309 AM CDT THU AUG 21 2014


...................................

...THE VICKSBURG CLIMATE SUMMARY FOR AUGUST 20 2014...

CLIMATE NORMAL PERIOD 1981 TO 2010
CLIMATE RECORD PERIOD 1948 TO 2014


WEATHER ITEM   OBSERVED TIME   RECORD YEAR NORMAL DEPARTURE LAST
                VALUE   (LST)  VALUE       VALUE  FROM      YEAR
                                                  NORMAL
..................................................................
TEMPERATURE (F)
 YESTERDAY
  MAXIMUM         93    411 PM 102    1999  92      1       92
  MINIMUM         71    202 AM  60    1957  69      2       63
  AVERAGE         82                        81      1       78

PRECIPITATION (IN)
  YESTERDAY        0.00          3.55 2004   0.14  -0.14     0.00
  MONTH TO DATE    3.10                      2.10   1.00     1.05
  SINCE JUN 1     12.58                      9.72   2.86    12.83
  SINCE JAN 1     40.91                     35.02   5.89    48.15

SNOWFALL (IN)
  YESTERDAY        0.0

DEGREE DAYS
 HEATING
  YESTERDAY        0                         0      0        0
  MONTH TO DATE    0                         0      0        0
  SINCE JUN 1      0                         0      0        0
  SINCE JUL 1      0                         0      0        0

 COOLING
  YESTERDAY       17                        16      1       13
  MONTH TO DATE  292                       330    -38      328
  SINCE JUN 1   1123                      1258   -135     1218
  SINCE JAN 1   1473                      1628   -155     1548
..................................................................


WIND (MPH)
  HIGHEST WIND SPEED    13   HIGHEST WIND DIRECTION    SE (140)
  HIGHEST GUST SPEED    16   HIGHEST GUST DIRECTION     S (160)
  AVERAGE WIND SPEED     3.6


SKY COVER
  POSSIBLE SUNSHINE  MM
  AVERAGE SKY COVER 0.0


WEATHER CONDITIONS
 THE FOLLOWING WEATHER WAS RECORDED YESTERDAY.
  FOG


RELATIVE HUMIDITY (PERCENT)
 HIGHEST    94           700 AM
 LOWEST     44           400 PM
 AVERAGE    69

..........................................................


THE VICKSBURG CLIMATE NORMALS FOR TODAY
                         NORMAL    RECORD    YEAR
 MAXIMUM TEMPERATURE (F)   92       103      2005
 MINIMUM TEMPERATURE (F)   69        56      1957


SUNRISE AND SUNSET
AUGUST 21 2014........SUNRISE   632 AM CDT   SUNSET   742 PM CDT
AUGUST 22 2014........SUNRISE   633 AM CDT   SUNSET   741 PM CDT


-  INDICATES NEGATIVE NUMBERS.
R  INDICATES RECORD WAS SET OR TIED.
MM INDICATES DATA IS MISSING.
T  INDICATES TRACE AMOUNT.




$$
