000
CDUS44 KJAN 282208
CLITVR


CLIMATE REPORT
NATIONAL WEATHER SERVICE JACKSON MS
406 PM CST FRI NOV 28 2014


...................................

...THE VICKSBURG CLIMATE SUMMARY FOR NOVEMBER 28 2014...
VALID TODAY AS OF 0400 PM LOCAL TIME.

CLIMATE NORMAL PERIOD 1981 TO 2010
CLIMATE RECORD PERIOD 1948 TO 2014


WEATHER ITEM   OBSERVED TIME   RECORD YEAR NORMAL DEPARTURE LAST
                VALUE   (LST)  VALUE       VALUE  FROM      YEAR
                                                  NORMAL
..................................................................
TEMPERATURE (F)
 TODAY
  MAXIMUM         62    310 PM  84    1949  63     -1       49
  MINIMUM         26    500 AM  21    1959  41    -15       22
  AVERAGE         44                        52     -8       36

PRECIPITATION (IN)
  TODAY            0.00          3.35 1982   0.21  -0.21     0.00
  MONTH TO DATE    3.81                      4.54  -0.73     6.23
  SINCE SEP 1      9.67                     12.10  -2.43    15.43
  SINCE JAN 1     53.91                     48.67   5.24    63.58

SNOWFALL (IN)
  TODAY            0.0

DEGREE DAYS
 HEATING
  TODAY           21                        13      8       29
  MONTH TO DATE  449                       271    178      384
  SINCE SEP 1    532                       373    159      485
  SINCE JUL 1    532                       373    159      485

 COOLING
  TODAY            0                         0      0        0
  MONTH TO DATE    5                        12     -7       16
  SINCE SEP 1    529                       432     97      557
  SINCE JAN 1   2187                      2221    -34     2264
..................................................................


WIND (MPH)
  HIGHEST WIND SPEED    14   HIGHEST WIND DIRECTION     S (180)
  HIGHEST GUST SPEED    20   HIGHEST GUST DIRECTION     S (170)
  AVERAGE WIND SPEED     5.4


SKY COVER
  POSSIBLE SUNSHINE  MM
  AVERAGE SKY COVER 0.0


WEATHER CONDITIONS
 THE FOLLOWING WEATHER WAS RECORDED TODAY.
  FOG


RELATIVE HUMIDITY (PERCENT)
 HIGHEST    92          1200 AM
 LOWEST     25           200 PM
 AVERAGE    59

..........................................................


THE VICKSBURG CLIMATE NORMALS FOR TOMORROW
                         NORMAL    RECORD    YEAR
 MAXIMUM TEMPERATURE (F)   63        83      1960
 MINIMUM TEMPERATURE (F)   40        19      1959
                                             1955


SUNRISE AND SUNSET
NOVEMBER 28 2014......SUNRISE   645 AM CST   SUNSET   459 PM CST
NOVEMBER 29 2014......SUNRISE   646 AM CST   SUNSET   459 PM CST


-  INDICATES NEGATIVE NUMBERS.
R  INDICATES RECORD WAS SET OR TIED.
MM INDICATES DATA IS MISSING.
T  INDICATES TRACE AMOUNT.




$$
