129
CDUS44 KJAN 280632
CLITVR


CLIMATE REPORT
NATIONAL WEATHER SERVICE JACKSON MS
129 AM CDT TUE MAR 28 2017


...................................

...THE VICKSBURG CLIMATE SUMMARY FOR MARCH 27 2017...

CLIMATE NORMAL PERIOD 1981 TO 2010
CLIMATE RECORD PERIOD 1948 TO 2017


WEATHER ITEM   OBSERVED TIME   RECORD YEAR NORMAL DEPARTURE LAST
                VALUE   (LST)  VALUE       VALUE  FROM      YEAR
                                                  NORMAL
..................................................................
TEMPERATURE (F)
 YESTERDAY
  MAXIMUM         83    300 PM  85    2012  71     12       71
                                      1991
  MINIMUM         65    748 PM  25    2013  48     17       61
                                      1955
  AVERAGE         74                        60     14       66

PRECIPITATION (IN)
  YESTERDAY        0.07          2.60 1949   0.16  -0.09     0.84
  MONTH TO DATE    2.23                      4.42  -2.19     9.82
  SINCE MAR 1      2.23                      4.42  -2.19     9.82
  SINCE JAN 1      8.99                     14.76  -5.77    19.82

SNOWFALL (IN)
  YESTERDAY        0.0

DEGREE DAYS
 HEATING
  YESTERDAY        0                         6     -6        0
  MONTH TO DATE  169                       241    -72      102
  SINCE MAR 1    169                       241    -72      102
  SINCE JUL 1   1445                      2217   -772     1480

 COOLING
  YESTERDAY        9                         1      8        1
  MONTH TO DATE   69                        24     45       58
  SINCE MAR 1     69                        24     45       58
  SINCE JAN 1    120                        33     87       70
..................................................................


WIND (MPH)
  HIGHEST WIND SPEED    21   HIGHEST WIND DIRECTION     S (180)
  HIGHEST GUST SPEED    28   HIGHEST GUST DIRECTION     S (180)
  AVERAGE WIND SPEED     7.6


SKY COVER
  POSSIBLE SUNSHINE  MM
  AVERAGE SKY COVER 0.5


WEATHER CONDITIONS
 THE FOLLOWING WEATHER WAS RECORDED YESTERDAY.
  THUNDERSTORM
  LIGHT RAIN


RELATIVE HUMIDITY (PERCENT)
 HIGHEST    93           200 AM
 LOWEST     51           100 PM
 AVERAGE    72

..........................................................


THE VICKSBURG CLIMATE NORMALS FOR TODAY
                         NORMAL    RECORD    YEAR
 MAXIMUM TEMPERATURE (F)   72        84      2007
                                             1995
                                             1972
 MINIMUM TEMPERATURE (F)   49        31      2013


SUNRISE AND SUNSET
MARCH 28 2017.........SUNRISE   657 AM CDT   SUNSET   721 PM CDT
MARCH 29 2017.........SUNRISE   656 AM CDT   SUNSET   722 PM CDT


-  INDICATES NEGATIVE NUMBERS.
R  INDICATES RECORD WAS SET OR TIED.
MM INDICATES DATA IS MISSING.
T  INDICATES TRACE AMOUNT.




$$
