000
CDUS44 KJAN 300727
CLITVR


CLIMATE REPORT
NATIONAL WEATHER SERVICE JACKSON MS
222 AM CDT THU JUN 30 2016


...................................

...THE VICKSBURG CLIMATE SUMMARY FOR JUNE 29 2016...

CLIMATE NORMAL PERIOD 1981 TO 2010
CLIMATE RECORD PERIOD 1948 TO 2016


WEATHER ITEM   OBSERVED TIME   RECORD YEAR NORMAL DEPARTURE LAST
                VALUE   (LST)  VALUE       VALUE  FROM      YEAR
                                                  NORMAL
..................................................................
TEMPERATURE (F)
 YESTERDAY
  MAXIMUM         96    235 PM 101    1969  91      5       93
  MINIMUM         72    308 AM  58    1974  70      2       69
                                      1958
  AVERAGE         84                        81      3       81

PRECIPITATION (IN)
  YESTERDAY        0.00          0.91 1955   0.15  -0.15     0.01
  MONTH TO DATE    3.51                      3.84  -0.33     5.25
  SINCE JUN 1      3.51                      3.84  -0.33     5.25
  SINCE JAN 1     38.98                     29.14   9.84    35.52

SNOWFALL (IN)
  YESTERDAY        0.0

DEGREE DAYS
 HEATING
  YESTERDAY        0                         0      0        0
  MONTH TO DATE    0                         0      0        0
  SINCE JUN 1      0                         0      0        0
  SINCE JUL 1   1507                      2351   -844     2522

 COOLING
  YESTERDAY       19                        16      3       16
  MONTH TO DATE  502                       402    100      467
  SINCE JUN 1    502                       402    100      467
  SINCE JAN 1   1017                       772    245      913
..................................................................


WIND (MPH)
  HIGHEST WIND SPEED    15   HIGHEST WIND DIRECTION     N (20)
  HIGHEST GUST SPEED    19   HIGHEST GUST DIRECTION     N (10)
  AVERAGE WIND SPEED     6.0


SKY COVER
  POSSIBLE SUNSHINE  MM
  AVERAGE SKY COVER 0.1


WEATHER CONDITIONS
 THE FOLLOWING WEATHER WAS RECORDED YESTERDAY.
  FOG


RELATIVE HUMIDITY (PERCENT)
 HIGHEST    94           500 AM
 LOWEST     41           500 PM
 AVERAGE    68

..........................................................


THE VICKSBURG CLIMATE NORMALS FOR TODAY
                         NORMAL    RECORD    YEAR
 MAXIMUM TEMPERATURE (F)   91       101      1969
 MINIMUM TEMPERATURE (F)   70        60      2006


SUNRISE AND SUNSET
JUNE 30 2016..........SUNRISE   601 AM CDT   SUNSET   815 PM CDT
JULY  1 2016..........SUNRISE   601 AM CDT   SUNSET   815 PM CDT


-  INDICATES NEGATIVE NUMBERS.
R  INDICATES RECORD WAS SET OR TIED.
MM INDICATES DATA IS MISSING.
T  INDICATES TRACE AMOUNT.




$$
