000
CXUS54 KJAN 030232
CLMTVR


CLIMATE REPORT
NATIONAL WEATHER SERVICE JACKSON MS
930 PM CDT TUE SEP 2 2014

...................................

...THE VICKSBURG CLIMATE SUMMARY FOR THE MONTH OF AUGUST 2014...

CLIMATE NORMAL PERIOD 1981 TO 2010
CLIMATE RECORD PERIOD 1948 TO 2014

WEATHER         OBSERVED          NORMAL  DEPART  LAST YEAR`S
                 VALUE   DATE(S)  VALUE   FROM    VALUE
                                          NORMAL
.............................................................
TEMPERATURE (F)
RECORD
 HIGH             106   08/31/2000
 LOW               52   08/14/2004
                        08/23/1956
HIGHEST            98   08/24        MM      MM       97
LOWEST             57   08/14        MM      MM       60
AVG. MAXIMUM     91.1              92.0    -0.9     92.3
AVG. MINIMUM     69.1              69.7    -0.6     68.7
MEAN             80.1              80.9    -0.8     80.5
DAYS MAX >= 90     22              22.0     0.0       24
DAYS MAX <= 32      0               0.0     0.0        0
DAYS MIN <= 32      0               0.0     0.0        0
DAYS MIN <= 0       0               0.0     0.0        0

PRECIPITATION (INCHES)
RECORD
 MAXIMUM        13.06   1948
 MINIMUM         0.29   1990
TOTALS           6.43              3.65    2.78     1.05
DAILY AVG.       0.21              0.12    0.09     0.03
DAYS >= .01        13                MM      MM        5
DAYS >= .10         8                MM      MM        3
DAYS >= .50         6                MM      MM        1
DAYS >= 1.00        3                MM      MM        0
GREATEST
 24 HR. TOTAL    1.56   08/21 TO 08/21              0.68

SNOWFALL (INCHES)
TOTALS            0.0

DEGREE_DAYS
HEATING TOTAL       0                 0       0        0
 SINCE 7/1          0                 0       0        0
COOLING TOTAL     477               491     -14      487
 SINCE 1/1       1658              1789    -131     1707
..............................................................

WIND (MPH)
AVERAGE WIND SPEED              3.7
HIGHEST WIND SPEED/DIRECTION    26/140    DATE  08/25
HIGHEST GUST SPEED/DIRECTION    36/120    DATE  08/25

SKY COVER
POSSIBLE SUNSHINE (PERCENT)   MM
AVERAGE SKY COVER           0.20
NUMBER OF DAYS FAIR           25
NUMBER OF DAYS PC              4
NUMBER OF DAYS CLOUDY          2

AVERAGE RH (PERCENT)     75

WEATHER CONDITIONS. NUMBER OF DAYS WITH
THUNDERSTORM              1     MIXED PRECIP               0
HEAVY RAIN                6     RAIN                       6
LIGHT RAIN               16     FREEZING RAIN              0
LT FREEZING RAIN          0     HAIL                       0
HEAVY SNOW                0     SNOW                       0
LIGHT SNOW                0     SLEET                      0
FOG                      22     FOG W/VIS <= 1/4 MILE      4
HAZE                      1

-  INDICATES NEGATIVE NUMBERS.
R  INDICATES RECORD WAS SET OR TIED.
MM INDICATES DATA IS MISSING.
T  INDICATES TRACE AMOUNT.

$$
