000
CXUS54 KJAN 022016
CLMTVR


CLIMATE REPORT
NATIONAL WEATHER SERVICE JACKSON MS
315 PM CDT THU JUN 2 2016

...................................

...THE VICKSBURG CLIMATE SUMMARY FOR THE MONTH OF MAY 2016...

CLIMATE NORMAL PERIOD 1981 TO 2010
CLIMATE RECORD PERIOD 1948 TO 2016

WEATHER         OBSERVED          NORMAL  DEPART  LAST YEAR`S
                 VALUE   DATE(S)  VALUE   FROM    VALUE
                                          NORMAL
.............................................................
TEMPERATURE (F)
RECORD
 HIGH              97   05/31/1977
                        05/30/1977
                        05/30/1951
 LOW               37   05/04/2013
HIGHEST            94   05/30        MM      MM       91
LOWEST             53   05/07        MM      MM       46
                        05/06
                        05/04
AVG. MAXIMUM     84.7              83.9     0.8     84.7
AVG. MINIMUM     63.2              61.7     1.5     63.5
MEAN             74.0              72.8     1.2     74.1
DAYS MAX >= 90      7               3.9     3.1        4
DAYS MAX <= 32      0               0.0     0.0        0
DAYS MIN <= 32      0               0.0     0.0        0
DAYS MIN <= 0       0               0.0     0.0        0

PRECIPITATION (INCHES)
RECORD
 MAXIMUM        14.53   1983
 MINIMUM         0.48   2001
TOTALS           2.84              4.96   -2.12     8.74
DAILY AVG.       0.09              0.16   -0.07     0.28
DAYS >= .01         7                MM      MM       13
DAYS >= .10         4                MM      MM        8
DAYS >= .50         2                MM      MM        3
DAYS >= 1.00        2                MM      MM        1
GREATEST
 24 HR. TOTAL    1.12   04/30 TO 05/01              6.27

SNOWFALL (INCHES)
TOTALS            0.0

DEGREE_DAYS
HEATING TOTAL       0                10     -10        3
 SINCE 7/1       1507              2351    -844     2522
COOLING TOTAL     287               252      35      292
 SINCE 1/1        515               370     145      446
..............................................................

WIND (MPH)
AVERAGE WIND SPEED              7.3
HIGHEST WIND SPEED/DIRECTION    28/130    DATE  05/19
HIGHEST GUST SPEED/DIRECTION    37/130    DATE  05/19

SKY COVER
POSSIBLE SUNSHINE (PERCENT)   MM
AVERAGE SKY COVER           0.20
NUMBER OF DAYS FAIR           18
NUMBER OF DAYS PC             13
NUMBER OF DAYS CLOUDY          0

AVERAGE RH (PERCENT)     68

WEATHER CONDITIONS. NUMBER OF DAYS WITH
THUNDERSTORM              5     MIXED PRECIP               0
HEAVY RAIN                4     RAIN                       5
LIGHT RAIN                9     FREEZING RAIN              0
LT FREEZING RAIN          0     HAIL                       0
HEAVY SNOW                0     SNOW                       0
LIGHT SNOW                0     SLEET                      0
FOG                      15     FOG W/VIS <= 1/4 MILE      3
HAZE                      1

-  INDICATES NEGATIVE NUMBERS.
R  INDICATES RECORD WAS SET OR TIED.
MM INDICATES DATA IS MISSING.
T  INDICATES TRACE AMOUNT.

$$
