000
CXUS54 KJAN 012238
CLMTVR


CLIMATE REPORT
NATIONAL WEATHER SERVICE JACKSON MS
537 PM CDT WED JUL 1 2015

...................................

...THE VICKSBURG CLIMATE SUMMARY FOR THE MONTH OF JUNE 2015...

CLIMATE NORMAL PERIOD 1981 TO 2010
CLIMATE RECORD PERIOD 1948 TO 2015

WEATHER         OBSERVED          NORMAL  DEPART  LAST YEAR`S
                 VALUE   DATE(S)  VALUE   FROM    VALUE
                                          NORMAL
.............................................................
TEMPERATURE (F)
RECORD
 HIGH             102   06/28/2009
 LOW               47   06/03/1956
HIGHEST            97   06/24        MM      MM       92
                        06/23
LOWEST             61   06/03        MM      MM       62
AVG. MAXIMUM     91.2              89.8     1.4     88.5
AVG. MINIMUM     70.5              68.1     2.4     69.3
MEAN             80.8              78.9     1.9     78.9
DAYS MAX >= 90     24              15.4     8.6       13
DAYS MAX <= 32      0               0.0     0.0        0
DAYS MIN <= 32      0               0.0     0.0        0
DAYS MIN <= 0       0               0.0     0.0        0

PRECIPITATION (INCHES)
RECORD
 MAXIMUM        12.53   2004
 MINIMUM         0.44   1952
TOTALS           5.25              3.99    1.26     6.55
DAILY AVG.       0.17              0.13    0.04     0.22
DAYS >= .01        10                MM      MM       13
DAYS >= .10         6                MM      MM       12
DAYS >= .50         3                MM      MM        6
DAYS >= 1.00        1                MM      MM        1
GREATEST
 24 HR. TOTAL    2.78   06/24 TO 06/24              1.97
                        06/23 TO 06/24
                        06/24 TO 06/24

SNOWFALL (INCHES)
TOTALS            0.0

DEGREE_DAYS
HEATING TOTAL       0                 0       0        0
 SINCE 7/1       2522              2351     171     2890
COOLING TOTAL     484               418      66      424
 SINCE 1/1        930               788     142      774
..............................................................

WIND (MPH)
AVERAGE WIND SPEED              4.2
HIGHEST WIND SPEED/DIRECTION    30/160    DATE  06/14
HIGHEST GUST SPEED/DIRECTION    37/160    DATE  06/14

SKY COVER
POSSIBLE SUNSHINE (PERCENT)   MM
AVERAGE SKY COVER           0.20
NUMBER OF DAYS FAIR           27
NUMBER OF DAYS PC              3
NUMBER OF DAYS CLOUDY          0

AVERAGE RH (PERCENT)     73

WEATHER CONDITIONS. NUMBER OF DAYS WITH
THUNDERSTORM             13     MIXED PRECIP               0
HEAVY RAIN                6     RAIN                       7
LIGHT RAIN               13     FREEZING RAIN              0
LT FREEZING RAIN          0     HAIL                       0
HEAVY SNOW                0     SNOW                       0
LIGHT SNOW                0     SLEET                      0
FOG                      23     FOG W/VIS <= 1/4 MILE      1
HAZE                      1

-  INDICATES NEGATIVE NUMBERS.
R  INDICATES RECORD WAS SET OR TIED.
MM INDICATES DATA IS MISSING.
T  INDICATES TRACE AMOUNT.

$$
