000
CXUS54 KJAN 012010
CLMTVR


CLIMATE REPORT
NATIONAL WEATHER SERVICE JACKSON MS
307 PM CDT TUE SEP 1 2015

...................................

...THE VICKSBURG CLIMATE SUMMARY FOR THE MONTH OF AUGUST 2015...

CLIMATE NORMAL PERIOD 1981 TO 2010
CLIMATE RECORD PERIOD 1948 TO 2015

WEATHER         OBSERVED          NORMAL  DEPART  LAST YEAR`S
                 VALUE   DATE(S)  VALUE   FROM    VALUE
                                          NORMAL
.............................................................
TEMPERATURE (F)
RECORD
 HIGH             106   08/31/2000
 LOW               52   08/14/2004
                        08/23/1956
HIGHEST           103   08/10        MM      MM       98
                        08/08
LOWEST             53   08/27        MM      MM       57
AVG. MAXIMUM     93.9              92.0     1.9     91.1
AVG. MINIMUM     69.9              69.7     0.2     69.1
MEAN             81.9              80.9     1.0     80.1
DAYS MAX >= 90     26              22.0     4.0       22
DAYS MAX <= 32      0               0.0     0.0        0
DAYS MIN <= 32      0               0.0     0.0        0
DAYS MIN <= 0       0               0.0     0.0        0

PRECIPITATION (INCHES)
RECORD
 MAXIMUM        13.06   1948
 MINIMUM         0.29   1990
TOTALS           3.21              3.65   -0.44     6.43
DAILY AVG.       0.10              0.12   -0.02     0.21
DAYS >= .01         4                MM      MM       13
DAYS >= .10         2                MM      MM        8
DAYS >= .50         1                MM      MM        6
DAYS >= 1.00        1                MM      MM        3
GREATEST
 24 HR. TOTAL    2.77   08/11 TO 08/11              1.56

SNOWFALL (INCHES)
TOTALS            0.0

DEGREE_DAYS
HEATING TOTAL       0                 0       0        0
 SINCE 7/1          0                 0       0        0
COOLING TOTAL     531               491      40      477
 SINCE 1/1       2054              1789     265     1658
..............................................................

WIND (MPH)
AVERAGE WIND SPEED              4.5
HIGHEST WIND SPEED/DIRECTION    20/360    DATE  08/11
HIGHEST GUST SPEED/DIRECTION    30/010    DATE  08/11

SKY COVER
POSSIBLE SUNSHINE (PERCENT)   MM
AVERAGE SKY COVER           0.10
NUMBER OF DAYS FAIR           28
NUMBER OF DAYS PC              3
NUMBER OF DAYS CLOUDY          0

AVERAGE RH (PERCENT)     68

WEATHER CONDITIONS. NUMBER OF DAYS WITH
THUNDERSTORM              7     MIXED PRECIP               0
HEAVY RAIN                4     RAIN                       4
LIGHT RAIN               11     FREEZING RAIN              0
LT FREEZING RAIN          0     HAIL                       0
HEAVY SNOW                0     SNOW                       0
LIGHT SNOW                0     SLEET                      0
FOG                      13     FOG W/VIS <= 1/4 MILE      0
HAZE                      4

-  INDICATES NEGATIVE NUMBERS.
R  INDICATES RECORD WAS SET OR TIED.
MM INDICATES DATA IS MISSING.
T  INDICATES TRACE AMOUNT.

$$
