000
CXUS54 KJAN 011828
CLMTVR


CLIMATE REPORT
NATIONAL WEATHER SERVICE JACKSON MS
126 PM CDT SAT APR 1 2017

...................................

...THE VICKSBURG CLIMATE SUMMARY FOR THE MONTH OF MARCH 2017...

CLIMATE NORMAL PERIOD 1981 TO 2010
CLIMATE RECORD PERIOD 1948 TO 2017

WEATHER         OBSERVED          NORMAL  DEPART  LAST YEAR`S
                 VALUE   DATE(S)  VALUE   FROM    VALUE
                                          NORMAL
.............................................................
TEMPERATURE (F)
RECORD
 HIGH              89   03/19/1982
 LOW               11   03/03/1980
HIGHEST            88   03/21        MM      MM       84
LOWEST             33   03/15        MM      MM       38
AVG. MAXIMUM     73.5              68.4     5.1     73.1
AVG. MINIMUM     50.3              46.0     4.3     54.3
MEAN             61.9              57.2     4.7     63.7
DAYS MAX >= 90      0               0.0     0.0        0
DAYS MAX <= 32      0               0.0     0.0        0
DAYS MIN <= 32      0               1.7    -1.7        0
DAYS MIN <= 0       0               0.0     0.0        0

PRECIPITATION (INCHES)
RECORD
 MAXIMUM        14.11   1961
 MINIMUM         0.48   2007
TOTALS           2.86              5.03   -2.17    12.19
DAILY AVG.       0.09              0.16   -0.07     0.39
DAYS >= .01        11                MM      MM       10
DAYS >= .10         6                MM      MM        9
DAYS >= .50         2                MM      MM        7
DAYS >= 1.00        0                MM      MM        4
GREATEST
 24 HR. TOTAL    0.81   03/25 TO 03/25              4.32

SNOWFALL (INCHES)
TOTALS            0.0

DEGREE_DAYS
HEATING TOTAL     174               265     -91      108
 SINCE 7/1       1450              2241    -791     1486
COOLING TOTAL      86                23      63       75
 SINCE 1/1        137                32     105       87
..............................................................

WIND (MPH)
AVERAGE WIND SPEED              7.5
HIGHEST WIND SPEED/DIRECTION    36/110    DATE  03/30
HIGHEST GUST SPEED/DIRECTION    43/120    DATE  03/30

SKY COVER
POSSIBLE SUNSHINE (PERCENT)   MM
AVERAGE SKY COVER           0.40
NUMBER OF DAYS FAIR           13
NUMBER OF DAYS PC             12
NUMBER OF DAYS CLOUDY          6

AVERAGE RH (PERCENT)     68

WEATHER CONDITIONS. NUMBER OF DAYS WITH
THUNDERSTORM              6     MIXED PRECIP               0
HEAVY RAIN                8     RAIN                       8
LIGHT RAIN               13     FREEZING RAIN              0
LT FREEZING RAIN          0     HAIL                       0
HEAVY SNOW                0     SNOW                       0
LIGHT SNOW                0     SLEET                      0
FOG                      16     FOG W/VIS <= 1/4 MILE      3
HAZE                      1

-  INDICATES NEGATIVE NUMBERS.
R  INDICATES RECORD WAS SET OR TIED.
MM INDICATES DATA IS MISSING.
T  INDICATES TRACE AMOUNT.

$$
