000
CDUS44 KFWD 180647
CLIACT


CLIMATE REPORT
NATIONAL WEATHER SERVICE FORT WORTH TX
1246 AM CST SAT NOV 18 2017

...THE WACO CLIMATE SUMMARY FOR NOVEMBER 17 2017...

CLIMATE NORMAL PERIOD 1981 TO 2010
CLIMATE RECORD PERIOD 1901 TO 2017


WEATHER ITEM   OBSERVED TIME   RECORD YEAR NORMAL DEPARTURE LAST
                VALUE   (LST)  VALUE       VALUE  FROM      YEAR
                                                  NORMAL
..................................................................
TEMPERATURE (F)
 YESTERDAY
  MAXIMUM         84    314 PM  89    2013  68     16       80
  MINIMUM         68    440 AM  24    2014  46     22       60
  AVERAGE         76                        57     19       70

PRECIPITATION (IN)
  YESTERDAY        0.00          2.96 1907   0.09  -0.09     0.00
  MONTH TO DATE    1.30                      1.73  -0.43     2.97
  SINCE SEP 1      2.95                      8.69  -5.74     3.91
  SINCE JAN 1     31.66                     30.85   0.81    35.89

SNOWFALL (IN)
  YESTERDAY        0.0           0.0    MM   0.0    0.0      0.0
  MONTH TO DATE    0.0                       0.0    0.0      0.0
  SINCE SEP 1      0.0                       0.0    0.0      0.0
  SINCE JUL 1      0.0                       0.0    0.0      0.0
  SNOW DEPTH       0

DEGREE DAYS
 HEATING
  YESTERDAY        0                         9     -9        0
  MONTH TO DATE   52                       113    -61       13
  SINCE SEP 1    133                       180    -47       22
  SINCE JUL 1    133                       180    -47       22

 COOLING
  YESTERDAY       11                         1     10        5
  MONTH TO DATE   88                        29     59       55
  SINCE SEP 1    716                       590    126      800
  SINCE JAN 1   3056                      2785    271     3040
..................................................................


WIND (MPH)
  HIGHEST WIND SPEED    25   HIGHEST WIND DIRECTION     S (200)
  HIGHEST GUST SPEED    32   HIGHEST GUST DIRECTION     S (180)
  AVERAGE WIND SPEED    14.9


SKY COVER
  POSSIBLE SUNSHINE  MM
  AVERAGE SKY COVER 0.5


WEATHER CONDITIONS
 THE FOLLOWING WEATHER WAS RECORDED YESTERDAY.
  NO SIGNIFICANT WEATHER WAS OBSERVED.


RELATIVE HUMIDITY (PERCENT)
 HIGHEST    90           100 AM
 LOWEST     51           300 PM
 AVERAGE    71

..........................................................


THE WACO CLIMATE NORMALS FOR TODAY
                         NORMAL    RECORD    YEAR
 MAXIMUM TEMPERATURE (F)   67        84      1941
                                             1905
 MINIMUM TEMPERATURE (F)   46        20      1959


SUNRISE AND SUNSET
NOVEMBER 18 2017......SUNRISE   700 AM CST   SUNSET   528 PM CST
NOVEMBER 19 2017......SUNRISE   701 AM CST   SUNSET   528 PM CST


-  INDICATES NEGATIVE NUMBERS.
R  INDICATES RECORD WAS SET OR TIED.
MM INDICATES DATA IS MISSING.
T  INDICATES TRACE AMOUNT.




$$
