000
CDUS44 KFWD 170716
CLIACT


CLIMATE REPORT
NATIONAL WEATHER SERVICE FORT WORTH TX
116 AM CST WED JAN 17 2018


...................................

...THE WACO CLIMATE SUMMARY FOR JANUARY 16 2018...

CLIMATE NORMAL PERIOD 1981 TO 2010
CLIMATE RECORD PERIOD 1901 TO 2018


WEATHER ITEM   OBSERVED TIME   RECORD YEAR NORMAL DEPARTURE LAST
                VALUE   (LST)  VALUE       VALUE  FROM      YEAR
                                                  NORMAL
..................................................................
TEMPERATURE (F)
 YESTERDAY
  MAXIMUM         31   1217 AM  84    1943  58    -27       72
  MINIMUM         15R  1056 PM  15    1930  36    -21       49
  AVERAGE         23                        47    -24       61

PRECIPITATION (IN)
  YESTERDAY        T             3.21 2004   0.06  -0.06     0.90
  MONTH TO DATE    0.20                      1.02  -0.82     1.64
  SINCE DEC 1      1.98                      3.77  -1.79     2.91
  SINCE JAN 1      0.20                      1.02  -0.82     1.64

SNOWFALL (IN)
  YESTERDAY        T             4.6  1964   0.0    0.0      0.0
  MONTH TO DATE    T                         0.1   -0.1      0.0
  SINCE DEC 1      T                         0.1   -0.1       T
  SINCE JUL 1      T                         0.2   -0.2       T
  SNOW DEPTH       0

DEGREE DAYS
 HEATING
  YESTERDAY       42                        18     24        4
  MONTH TO DATE  379                       293     86      249
  SINCE DEC 1    903                       817     86      689
  SINCE JUL 1   1144                      1145     -1      832

 COOLING
  YESTERDAY        0                         0      0        0
  MONTH TO DATE    0                         0      0        9
  SINCE DEC 1      9                         5      4       32
  SINCE JAN 1      0                         0      0        9
..................................................................


WIND (MPH)
  HIGHEST WIND SPEED    30   HIGHEST WIND DIRECTION     N (360)
  HIGHEST GUST SPEED    37   HIGHEST GUST DIRECTION     N (360)
  AVERAGE WIND SPEED    15.0


SKY COVER
  POSSIBLE SUNSHINE  MM
  AVERAGE SKY COVER 0.8


WEATHER CONDITIONS
 THE FOLLOWING WEATHER WAS RECORDED YESTERDAY.
  LIGHT SNOW


RELATIVE HUMIDITY (PERCENT)
 HIGHEST    85           100 AM
 LOWEST     37           500 PM
 AVERAGE    61

..........................................................


THE WACO CLIMATE NORMALS FOR TODAY
                         NORMAL    RECORD    YEAR
 MAXIMUM TEMPERATURE (F)   58        79      1952
                                             1907
 MINIMUM TEMPERATURE (F)   36        11      1930


SUNRISE AND SUNSET
JANUARY 17 2018.......SUNRISE   728 AM CST   SUNSET   550 PM CST
JANUARY 18 2018.......SUNRISE   728 AM CST   SUNSET   551 PM CST


-  INDICATES NEGATIVE NUMBERS.
R  INDICATES RECORD WAS SET OR TIED.
MM INDICATES DATA IS MISSING.
T  INDICATES TRACE AMOUNT.




$$
