000
CDUS44 KFWD 070637
CLIACT


CLIMATE REPORT
NATIONAL WEATHER SERVICE FORT WORTH TX
1237 AM CST WED DEC 7 2016


...................................

...THE WACO CLIMATE SUMMARY FOR DECEMBER 6 2016...

CLIMATE NORMAL PERIOD 1981 TO 2010
CLIMATE RECORD PERIOD 1901 TO 2016


WEATHER ITEM   OBSERVED TIME   RECORD YEAR NORMAL DEPARTURE LAST
                VALUE   (LST)  VALUE       VALUE  FROM      YEAR
                                                  NORMAL
..................................................................
TEMPERATURE (F)
 YESTERDAY
  MAXIMUM         53    359 PM  82    1966  61     -8       66
  MINIMUM         43    642 AM  15    1950  39      4       38
  AVERAGE         48                        50     -2       52

PRECIPITATION (IN)
  YESTERDAY        T             2.17 1935   0.09  -0.09     0.00
  MONTH TO DATE    1.13                      0.51   0.62     0.00
  SINCE DEC 1      1.13                      0.51   0.62     0.00
  SINCE JAN 1     38.41                     32.45   5.96    50.12

SNOWFALL (IN)
  YESTERDAY        0.0           T    2013   0.0    0.0      0.0
                                      1944
  MONTH TO DATE    0.0                       0.0    0.0      0.0
  SINCE DEC 1      0.0                       0.0    0.0      0.0
  SINCE JUL 1      0.0                       0.1   -0.1      0.0
  SNOW DEPTH       0

DEGREE DAYS
 HEATING
  YESTERDAY       17                        15      2       13
  MONTH TO DATE   91                        87      4      105
  SINCE DEC 1     91                        87      4      105
  SINCE JUL 1    234                       415   -181      340

 COOLING
  YESTERDAY        0                         0      0        0
  MONTH TO DATE    0                         0      0        0
  SINCE DEC 1      0                         0      0        0
  SINCE JAN 1   3041                      2792    249     3050
..................................................................


WIND (MPH)
  HIGHEST WIND SPEED    20   HIGHEST WIND DIRECTION     N (10)
  HIGHEST GUST SPEED    24   HIGHEST GUST DIRECTION     N (20)
  AVERAGE WIND SPEED     8.1


SKY COVER
  POSSIBLE SUNSHINE  MM
  AVERAGE SKY COVER 0.8


WEATHER CONDITIONS
 THE FOLLOWING WEATHER WAS RECORDED YESTERDAY.
  FOG
  FOG W/VISIBILITY <= 1/4 MILE


RELATIVE HUMIDITY (PERCENT)
 HIGHEST   100          1200 AM
 LOWEST     71           300 PM
 AVERAGE    86

..........................................................


THE WACO CLIMATE NORMALS FOR TODAY
                         NORMAL    RECORD    YEAR
 MAXIMUM TEMPERATURE (F)   61        83      1939
                                             1904
 MINIMUM TEMPERATURE (F)   39        15      1950


SUNRISE AND SUNSET
DECEMBER  7 2016......SUNRISE   716 AM CST   SUNSET   525 PM CST
DECEMBER  8 2016......SUNRISE   717 AM CST   SUNSET   525 PM CST


-  INDICATES NEGATIVE NUMBERS.
R  INDICATES RECORD WAS SET OR TIED.
MM INDICATES DATA IS MISSING.
T  INDICATES TRACE AMOUNT.




$$
