000
CDUS44 KFWD 030641
CLIACT


CLIMATE REPORT
NATIONAL WEATHER SERVICE FORT WORTH TX
141 AM CDT MON AUG 3 2015

...THE WACO CLIMATE SUMMARY FOR AUGUST 2 2015...

CLIMATE NORMAL PERIOD 1981 TO 2010
CLIMATE RECORD PERIOD 1901 TO 2015


WEATHER ITEM   OBSERVED TIME   RECORD YEAR NORMAL DEPARTURE LAST
                VALUE   (LST)  VALUE       VALUE  FROM      YEAR
                                                  NORMAL
..................................................................
TEMPERATURE (F)
 YESTERDAY
  MAXIMUM         99    406 PM 109    2011  98      1       90
  MINIMUM         74    616 AM  62    1936  75     -1       67
  AVERAGE         87                        86      1       79

PRECIPITATION (IN)
  YESTERDAY        0.00          1.17 1953   0.06  -0.06     0.00
  MONTH TO DATE    0.00                      0.11  -0.11     0.00
  SINCE JUN 1      5.97                      5.33   0.64     8.46
  SINCE JAN 1     27.31                     20.22   7.09    19.60

DEGREE DAYS
 HEATING
  YESTERDAY        0                         0      0        0
  MONTH TO DATE    0                         0      0        0
  SINCE JUN 1      0                         0      0        0
  SINCE JUL 1      0                         0      0        0

 COOLING
  YESTERDAY       22                        21      1       14
  MONTH TO DATE   42                        42      0       27
  SINCE JUN 1   1195                      1156     39     1071
  SINCE JAN 1   1630                      1608     22     1458
..................................................................


WIND (MPH)
  HIGHEST WIND SPEED    12   HIGHEST WIND DIRECTION     E (80)
  HIGHEST GUST SPEED    15   HIGHEST GUST DIRECTION     E (70)
  AVERAGE WIND SPEED     4.2


SKY COVER
  POSSIBLE SUNSHINE  MM
  AVERAGE SKY COVER 0.2


WEATHER CONDITIONS
 THE FOLLOWING WEATHER WAS RECORDED YESTERDAY.
  NO SIGNIFICANT WEATHER WAS OBSERVED.


RELATIVE HUMIDITY (PERCENT)
 HIGHEST    73           400 AM
 LOWEST     24           300 PM
 AVERAGE    49

..........................................................


THE WACO CLIMATE NORMALS FOR TODAY
                         NORMAL    RECORD    YEAR
 MAXIMUM TEMPERATURE (F)   98       108      2011
 MINIMUM TEMPERATURE (F)   75        66      1973
                                             1965
                                             1936


SUNRISE AND SUNSET
AUGUST  3 2015........SUNRISE   646 AM CDT   SUNSET   824 PM CDT
AUGUST  4 2015........SUNRISE   647 AM CDT   SUNSET   823 PM CDT


-  INDICATES NEGATIVE NUMBERS.
R  INDICATES RECORD WAS SET OR TIED.
MM INDICATES DATA IS MISSING.
T  INDICATES TRACE AMOUNT.




$$
