634
CDUS44 KFWD 140639
CLIACT


CLIMATE REPORT
NATIONAL WEATHER SERVICE FORT WORTH TX
1239 AM CST SUN FEB 14 2016


...................................

...THE WACO CLIMATE SUMMARY FOR FEBRUARY 13 2016...

CLIMATE NORMAL PERIOD 1981 TO 2010
CLIMATE RECORD PERIOD 1901 TO 2016


WEATHER ITEM   OBSERVED TIME   RECORD YEAR NORMAL DEPARTURE LAST
                VALUE   (LST)  VALUE       VALUE  FROM      YEAR
                                                  NORMAL
..................................................................
TEMPERATURE (F)
 YESTERDAY
  MAXIMUM         73    341 PM  84    1926  61     12       68
  MINIMUM         37    633 AM   8    1905  39     -2       31
  AVERAGE         55                        50      5       50

PRECIPITATION (IN)
  YESTERDAY        0.00          0.80 1912   0.10  -0.10     0.00
  MONTH TO DATE    0.03                      1.14  -1.11      T
  SINCE DEC 1      3.94                      6.01  -2.07     4.02
  SINCE JAN 1      0.32                      3.26  -2.94     3.48

SNOWFALL (IN)
  YESTERDAY        0.0           T    2004   0.0    0.0      0.0
                                      1995
                                      1951
  MONTH TO DATE    0.0                       0.2   -0.2      0.0
  SINCE DEC 1      0.0                       0.5   -0.5       T
  SINCE JUL 1      0.0                       0.6   -0.6       T
  SNOW DEPTH       0

DEGREE DAYS
 HEATING
  YESTERDAY       10                        15     -5       15
  MONTH TO DATE  196                       207    -11      191
  SINCE DEC 1   1126                      1287   -161     1253
  SINCE JUL 1   1361                      1615   -254     1635

 COOLING
  YESTERDAY        0                         0      0        0
  MONTH TO DATE    0                         0      0        0
  SINCE DEC 1      5                         8     -3        4
  SINCE JAN 1      0                         3     -3        0
..................................................................


WIND (MPH)
  HIGHEST WIND SPEED    21   HIGHEST WIND DIRECTION    SE (150)
  HIGHEST GUST SPEED    30   HIGHEST GUST DIRECTION    SE (140)
  AVERAGE WIND SPEED     9.4


SKY COVER
  POSSIBLE SUNSHINE  MM
  AVERAGE SKY COVER 0.1


WEATHER CONDITIONS
 THE FOLLOWING WEATHER WAS RECORDED YESTERDAY.
  NO SIGNIFICANT WEATHER WAS OBSERVED.


RELATIVE HUMIDITY (PERCENT)
 HIGHEST    78          1100 PM
 LOWEST     43          1200 PM
 AVERAGE    61

..........................................................


THE WACO CLIMATE NORMALS FOR TODAY
                         NORMAL    RECORD    YEAR
 MAXIMUM TEMPERATURE (F)   62        87      1996
 MINIMUM TEMPERATURE (F)   40        10      1905


SUNRISE AND SUNSET
FEBRUARY 14 2016......SUNRISE   712 AM CST   SUNSET   615 PM CST
FEBRUARY 15 2016......SUNRISE   711 AM CST   SUNSET   615 PM CST


-  INDICATES NEGATIVE NUMBERS.
R  INDICATES RECORD WAS SET OR TIED.
MM INDICATES DATA IS MISSING.
T  INDICATES TRACE AMOUNT.




$$
