000
CDUS44 KFWD 170646
CLIACT

CLIMATE REPORT
NATIONAL WEATHER SERVICE FORT WORTH TX
145 AM CDT WED SEP 17 2014


...................................

...THE WACO CLIMATE SUMMARY FOR SEPTEMBER 16 2014...

CLIMATE NORMAL PERIOD 1981 TO 2010
CLIMATE RECORD PERIOD 1901 TO 2014


WEATHER ITEM   OBSERVED TIME   RECORD YEAR NORMAL DEPARTURE LAST
                VALUE   (LST)  VALUE       VALUE  FROM      YEAR
                                                  NORMAL
..................................................................
TEMPERATURE (F)
 YESTERDAY
  MAXIMUM         91   1228 PM 101    1980  90      1       95
  MINIMUM         72    527 AM  51    1993  66      6       73
                                      1989
  AVERAGE         82                        78      4       84

PRECIPITATION (IN)
  YESTERDAY        T             2.87 1987   0.10  -0.10     0.00
  MONTH TO DATE    0.94                      1.62  -0.68     0.52
  SINCE SEP 1      0.94                      1.62  -0.68     0.52
  SINCE JAN 1     21.52                     23.78  -2.26    21.95

DEGREE DAYS
 HEATING
  YESTERDAY        0                         0      0        0
  MONTH TO DATE    0                         0      0        0
  SINCE SEP 1      0                         0      0        0
  SINCE JUL 1      0                         0      0        0

 COOLING
  YESTERDAY       17                        13      4       19
  MONTH TO DATE  269                       247     22      327
  SINCE SEP 1    269                       247     22      327
  SINCE JAN 1   2344                      2442    -98     2538
..................................................................


WIND (MPH)
  HIGHEST WIND SPEED    22   HIGHEST WIND DIRECTION     S (170)
  HIGHEST GUST SPEED    26   HIGHEST GUST DIRECTION     S (170)
  AVERAGE WIND SPEED     4.8


SKY COVER
  POSSIBLE SUNSHINE  MM
  AVERAGE SKY COVER 0.1


WEATHER CONDITIONS
 THE FOLLOWING WEATHER WAS RECORDED YESTERDAY.
  LIGHT RAIN


RELATIVE HUMIDITY (PERCENT)
 HIGHEST    93           300 AM
 LOWEST     59          1200 PM
 AVERAGE    76

..........................................................


THE WACO CLIMATE NORMALS FOR TODAY
                         NORMAL    RECORD    YEAR
 MAXIMUM TEMPERATURE (F)   89       100      1997
                                             1911
 MINIMUM TEMPERATURE (F)   66        48      1903


SUNRISE AND SUNSET
SEPTEMBER 17 2014.....SUNRISE   714 AM CDT   SUNSET   732 PM CDT
SEPTEMBER 18 2014.....SUNRISE   715 AM CDT   SUNSET   731 PM CDT


-  INDICATES NEGATIVE NUMBERS.
R  INDICATES RECORD WAS SET OR TIED.
MM INDICATES DATA IS MISSING.
T  INDICATES TRACE AMOUNT.




$$
