000
CDUS44 KFWD 280642
CLIACT


CLIMATE REPORT
NATIONAL WEATHER SERVICE FORT WORTH TX
140 AM CDT SAT MAY 28 2016


...................................

...THE WACO CLIMATE SUMMARY FOR MAY 27 2016...

CLIMATE NORMAL PERIOD 1981 TO 2010
CLIMATE RECORD PERIOD 1901 TO 2016


WEATHER ITEM   OBSERVED TIME   RECORD YEAR NORMAL DEPARTURE LAST
                VALUE   (LST)  VALUE       VALUE  FROM      YEAR
                                                  NORMAL
..................................................................
TEMPERATURE (F)
 YESTERDAY
  MAXIMUM         80    413 PM 100    1928  88     -8       88
  MINIMUM         62    450 AM  55    1961  67     -5       63
  AVERAGE         71                        77     -6       76

PRECIPITATION (IN)
  YESTERDAY        1.44          2.54 2007   0.15   1.29     0.08
  MONTH TO DATE    7.48                      3.72   3.76     8.44
  SINCE MAR 1     19.36                      9.56   9.80    15.78
  SINCE JAN 1     21.81                     14.31   7.50    20.51

DEGREE DAYS
 HEATING
  YESTERDAY        0                         0      0        0
  MONTH TO DATE   11                         4      7        2
  SINCE MAR 1    214                       328   -114      352
  SINCE JUL 1   1691                      2140   -449     2306

 COOLING
  YESTERDAY        6                        12     -6       11
  MONTH TO DATE  191                       246    -55      229
  SINCE MAR 1    327                       391    -64      390
  SINCE JAN 1    335                       400    -65      390
..................................................................


WIND (MPH)
  HIGHEST WIND SPEED    32   HIGHEST WIND DIRECTION    NW (330)
  HIGHEST GUST SPEED    41   HIGHEST GUST DIRECTION    NW (330)
  AVERAGE WIND SPEED     9.4


SKY COVER
  POSSIBLE SUNSHINE  MM
  AVERAGE SKY COVER 0.3


WEATHER CONDITIONS
 THE FOLLOWING WEATHER WAS RECORDED YESTERDAY.
  THUNDERSTORM
  HEAVY RAIN
  RAIN
  LIGHT RAIN
  FOG


RELATIVE HUMIDITY (PERCENT)
 HIGHEST    93           900 PM
 LOWEST     51           400 PM
 AVERAGE    72

..........................................................


THE WACO CLIMATE NORMALS FOR TODAY
                         NORMAL    RECORD    YEAR
 MAXIMUM TEMPERATURE (F)   88       100      2011
 MINIMUM TEMPERATURE (F)   67        53      2003


SUNRISE AND SUNSET
MAY 28 2016...........SUNRISE   626 AM CDT   SUNSET   827 PM CDT
MAY 29 2016...........SUNRISE   625 AM CDT   SUNSET   828 PM CDT


-  INDICATES NEGATIVE NUMBERS.
R  INDICATES RECORD WAS SET OR TIED.
MM INDICATES DATA IS MISSING.
T  INDICATES TRACE AMOUNT.




$$
