000
CDUS44 KFWD 220642
CLIACT

CLIMATE REPORT
NATIONAL WEATHER SERVICE FORT WORTH TX
138 AM CDT WED OCT 22 2014


...THE WACO CLIMATE SUMMARY FOR OCTOBER 21 2014...

CLIMATE NORMAL PERIOD 1981 TO 2010
CLIMATE RECORD PERIOD 1901 TO 2014


WEATHER ITEM   OBSERVED TIME   RECORD YEAR NORMAL DEPARTURE LAST
                VALUE   (LST)  VALUE       VALUE  FROM      YEAR
                                                  NORMAL
..................................................................
TEMPERATURE (F)
 YESTERDAY
  MAXIMUM         83    209 PM  91    2004  78      5       78
  MINIMUM         54    647 AM  36    1976  55     -1       54
  AVERAGE         69                        67      2       66

PRECIPITATION (IN)
  YESTERDAY        0.00          3.72 1972   0.14  -0.14      T
  MONTH TO DATE    5.00                      2.71   2.29     4.87
  SINCE SEP 1      6.28                      5.77   0.51    10.30
  SINCE JAN 1     26.86                     27.93  -1.07    31.73

SNOWFALL (IN)
  YESTERDAY        0.0           0.0         0.0    0.0      0.0
  MONTH TO DATE    0.0                       0.0    0.0      0.0
  SINCE SEP 1      0.0                       0.0    0.0      0.0
  SINCE JUL 1      0.0                       0.0    0.0      0.0
  SNOW DEPTH       0

DEGREE DAYS
 HEATING
  YESTERDAY        0                         2     -2        0
  MONTH TO DATE    3                        28    -25       40
  SINCE SEP 1      3                        34    -31       40
  SINCE JUL 1      3                        34    -31       40

 COOLING
  YESTERDAY        4                         4      0        1
  MONTH TO DATE  172                       126     46      120
  SINCE SEP 1    611                       525     86      616
  SINCE JAN 1   2686                      2720    -34     2827
..................................................................


WIND (MPH)
  HIGHEST WIND SPEED    12   HIGHEST WIND DIRECTION     E (90)
  HIGHEST GUST SPEED    15   HIGHEST GUST DIRECTION    SE (130)
  AVERAGE WIND SPEED    2.8


SKY COVER
  AVERAGE SKY COVER 0.0


WEATHER CONDITIONS
 THE FOLLOWING WEATHER WAS RECORDED YESTERDAY.
  FOG
  HAZE


RELATIVE HUMIDITY (PERCENT)
 HIGHEST   100           300 AM
 LOWEST     28           300 PM
 AVERAGE    64

..........................................................


THE WACO CLIMATE NORMALS FOR TODAY
                         NORMAL    RECORD    YEAR
 MAXIMUM TEMPERATURE (F)   78        94      1999
 MINIMUM TEMPERATURE (F)   55        38      1911


SUNRISE AND SUNSET
OCTOBER 22 2014.......SUNRISE   737 AM CDT   SUNSET   649 PM CDT
OCTOBER 23 2014.......SUNRISE   738 AM CDT   SUNSET   648 PM CDT


-  INDICATES NEGATIVE NUMBERS.
R  INDICATES RECORD WAS SET OR TIED.
MM INDICATES DATA IS MISSING.
T  INDICATES TRACE AMOUNT.




$$
