000
CDUS44 KFWD 220638
CLIACT

CLIMATE REPORT
NATIONAL WEATHER SERVICE FORT WORTH TX
1238 AM CST MON DEC 22 2014

...................................

...THE WACO CLIMATE SUMMARY FOR DECEMBER 21 2014...

CLIMATE NORMAL PERIOD 1981 TO 2010
CLIMATE RECORD PERIOD 1901 TO 2014


WEATHER ITEM   OBSERVED TIME   RECORD YEAR NORMAL DEPARTURE LAST
                VALUE   (LST)  VALUE       VALUE  FROM      YEAR
                                                  NORMAL
..................................................................
TEMPERATURE (F)
 YESTERDAY
  MAXIMUM         55   1159 PM  86    2010  58     -3       59
  MINIMUM         47    816 AM  16    1983  37     10       36
                                      1909
  AVERAGE         51                        47      4       48

PRECIPITATION (IN)
  YESTERDAY        0.00          2.52 1907   0.09  -0.09     1.00
  MONTH TO DATE    0.36                      1.87  -1.51     1.34
  SINCE DEC 1      0.36                      1.87  -1.51     1.34
  SINCE JAN 1     29.91                     33.81  -3.90    37.89

SNOWFALL (IN)
  YESTERDAY        0.0           7.5  1929   0.0    0.0      0.0
  MONTH TO DATE    0.0                       0.0    0.0       T
  SINCE DEC 1      0.0                       0.0    0.0       T
  SINCE JUL 1      0.0                       0.1   -0.1       T
  SNOW DEPTH       0

DEGREE DAYS
 HEATING
  YESTERDAY       14                        18     -4       17
  MONTH TO DATE  250                       340    -90      413
  SINCE DEC 1    250                       340    -90      413
  SINCE JUL 1    632                       668    -36      827

 COOLING
  YESTERDAY        0                         0      0        0
  MONTH TO DATE    4                         0      4        0
  SINCE DEC 1      4                         0      4        0
  SINCE JAN 1   2754                      2792    -38     2870
..................................................................


WIND (MPH)
  HIGHEST WIND SPEED    21   HIGHEST WIND DIRECTION     S (180)
  HIGHEST GUST SPEED    26   HIGHEST GUST DIRECTION     S (180)
  AVERAGE WIND SPEED    11.2


SKY COVER
  POSSIBLE SUNSHINE  MM
  AVERAGE SKY COVER 1.0


WEATHER CONDITIONS
 THE FOLLOWING WEATHER WAS RECORDED YESTERDAY.
  FOG


RELATIVE HUMIDITY (PERCENT)
 HIGHEST    93          1200 AM
 LOWEST     71           200 PM
 AVERAGE    82

..........................................................


THE WACO CLIMATE NORMALS FOR TODAY
                         NORMAL    RECORD    YEAR
 MAXIMUM TEMPERATURE (F)   58        76      2003
                                             1941
 MINIMUM TEMPERATURE (F)   36         4      1929


SUNRISE AND SUNSET
DECEMBER 22 2014......SUNRISE   725 AM CST   SUNSET   530 PM CST
DECEMBER 23 2014......SUNRISE   725 AM CST   SUNSET   531 PM CST


-  INDICATES NEGATIVE NUMBERS.
R  INDICATES RECORD WAS SET OR TIED.
MM INDICATES DATA IS MISSING.
T  INDICATES TRACE AMOUNT.


$$

58
