000
CDUS44 KFWD 300708
CLIACT


CLIMATE REPORT
NATIONAL WEATHER SERVICE FORT WORTH TX
157 AM CDT SUN APR 30 2017

...................................

...THE WACO CLIMATE SUMMARY FOR APRIL 29 2017...

CLIMATE NORMAL PERIOD 1981 TO 2010
CLIMATE RECORD PERIOD 1901 TO 2017

WEATHER ITEM   OBSERVED TIME   RECORD YEAR NORMAL DEPARTURE LAST
                VALUE   (LST)  VALUE       VALUE  FROM      YEAR
                                                  NORMAL
..................................................................
TEMPERATURE (F)
 YESTERDAY
  MAXIMUM         90    229 PM  96    1902  81      9       83
  MINIMUM         58   1159 PM  43    1996  59     -1       68
  AVERAGE         74                        70      4       76

PRECIPITATION (IN)
  YESTERDAY        T             2.34 1944   0.11  -0.11     0.67
  MONTH TO DATE    6.97                      2.57   4.40     6.55
  SINCE MAR 1     10.29                      5.72   4.57    11.88
  SINCE JAN 1     16.45                     10.47   5.98    14.33

SNOWFALL (IN)
  YESTERDAY        0.0           0.0    MM   0.0    0.0      0.0
  MONTH TO DATE    0.0                       0.1   -0.1      0.0
  SINCE MAR 1      0.0                       0.2   -0.2      0.0
  SINCE JUL 1      T                         1.0   -1.0      0.0
  SNOW DEPTH       0

DEGREE DAYS
 HEATING
  YESTERDAY        0                         1     -1        0
  MONTH TO DATE   33                        77    -44       52
  SINCE MAR 1    151                       323   -172      203
  SINCE JUL 1   1327                      2135   -808     1680

 COOLING
  YESTERDAY        9                         6      3       11
  MONTH TO DATE  136                       104     32       98
  SINCE MAR 1    231                       138     93      129
  SINCE JAN 1    289                       147    142      137
..................................................................

WIND (MPH)
  HIGHEST WIND SPEED    32   HIGHEST WIND DIRECTION     S (180)
  HIGHEST GUST SPEED    40   HIGHEST GUST DIRECTION     S (170)
  AVERAGE WIND SPEED    17.4


SKY COVER
  POSSIBLE SUNSHINE  MM
  AVERAGE SKY COVER 0.9


WEATHER CONDITIONS
 THE FOLLOWING WEATHER WAS RECORDED YESTERDAY.
  THUNDERSTORM
  LIGHT RAIN
  FOG
  HAZE


RELATIVE HUMIDITY (PERCENT)
 HIGHEST    88           700 AM
 LOWEST     59          1200 PM
 AVERAGE    74

..........................................................

THE WACO CLIMATE NORMALS FOR TODAY
                         NORMAL    RECORD    YEAR
 MAXIMUM TEMPERATURE (F)   81        94      1981
                                             1902
 MINIMUM TEMPERATURE (F)   59        40      1996
                                             1908
                                             1903


SUNRISE AND SUNSET
APRIL 30 2017.........SUNRISE   644 AM CDT   SUNSET   808 PM CDT
MAY  1 2017...........SUNRISE   643 AM CDT   SUNSET   809 PM CDT


-  INDICATES NEGATIVE NUMBERS.
R  INDICATES RECORD WAS SET OR TIED.
MM INDICATES DATA IS MISSING.
T  INDICATES TRACE AMOUNT.


$$
