000
CDUS44 KFWD 300702
CLIACT

CLIMATE REPORT
NATIONAL WEATHER SERVICE FORT WORTH TX
159 AM CDT WED JUL 30 2014


...................................

...THE WACO CLIMATE SUMMARY FOR JULY 29 2014...

CLIMATE NORMAL PERIOD 1981 TO 2010
CLIMATE RECORD PERIOD 1901 TO 2014


WEATHER ITEM   OBSERVED TIME   RECORD YEAR NORMAL DEPARTURE LAST
                VALUE   (LST)  VALUE       VALUE  FROM      YEAR
                                                  NORMAL
..................................................................
TEMPERATURE (F)
 YESTERDAY
  MAXIMUM         93    218 PM 106    1986  98     -5       96
                                      1974
                                      1912
  MINIMUM         73    559 AM  65    1994  75     -2       77
  AVERAGE         83                        86     -3       87

PRECIPITATION (IN)
  YESTERDAY        0.00          4.93 2004   0.05  -0.05     0.00
  MONTH TO DATE    0.15                      1.67  -1.52     5.50
  SINCE JUN 1      8.46                      5.10   3.36     7.12
  SINCE JAN 1     19.60                     19.99  -0.39    21.21

DEGREE DAYS
 HEATING
  YESTERDAY        0                         0      0        0
  MONTH TO DATE    0                         0      0        0
  SINCE JUN 1      0                         0      0        0
  SINCE JUL 1      0                         0      0        0

 COOLING
  YESTERDAY       18                        21     -3       22
  MONTH TO DATE  528                       584    -56      552
  SINCE JUN 1   1009                      1072    -63     1104
  SINCE JAN 1   1396                      1524   -128     1521
..................................................................


WIND (MPH)
  HIGHEST WIND SPEED    18   HIGHEST WIND DIRECTION    NE (40)
  HIGHEST GUST SPEED    24   HIGHEST GUST DIRECTION    NE (30)
  AVERAGE WIND SPEED     6.4


SKY COVER
  POSSIBLE SUNSHINE  MM
  AVERAGE SKY COVER 0.2


WEATHER CONDITIONS
 THE FOLLOWING WEATHER WAS RECORDED YESTERDAY.
  NO SIGNIFICANT WEATHER WAS OBSERVED.


RELATIVE HUMIDITY (PERCENT)
 HIGHEST    93           200 AM
 LOWEST     31           600 PM
 AVERAGE    62

..........................................................


THE WACO CLIMATE NORMALS FOR TODAY
                         NORMAL    RECORD    YEAR
 MAXIMUM TEMPERATURE (F)   98       108      1957
 MINIMUM TEMPERATURE (F)   75        63      1984


SUNRISE AND SUNSET
JULY 30 2014..........SUNRISE   644 AM CDT   SUNSET   827 PM CDT
JULY 31 2014..........SUNRISE   644 AM CDT   SUNSET   826 PM CDT


-  INDICATES NEGATIVE NUMBERS.
R  INDICATES RECORD WAS SET OR TIED.
MM INDICATES DATA IS MISSING.
T  INDICATES TRACE AMOUNT.




$$
