000
CDUS44 KFWD 310644
CLIACT


CLIMATE REPORT
NATIONAL WEATHER SERVICE FORT WORTH TX
143 AM CDT SUN JUL 31 2016


...................................

...THE WACO CLIMATE SUMMARY FOR JULY 30 2016...

CLIMATE NORMAL PERIOD 1981 TO 2010
CLIMATE RECORD PERIOD 1901 TO 2016


WEATHER ITEM   OBSERVED TIME   RECORD YEAR NORMAL DEPARTURE LAST
                VALUE   (LST)  VALUE       VALUE  FROM      YEAR
                                                  NORMAL
..................................................................
TEMPERATURE (F)
 YESTERDAY
  MAXIMUM         99    447 PM 108    1957  98      1      103
  MINIMUM         78    617 AM  63    1984  75      3       74
  AVERAGE         89                        86      3       89

PRECIPITATION (IN)
  YESTERDAY        0.00          1.10 2009   0.06  -0.06     0.00
  MONTH TO DATE    0.14                      1.73  -1.59     0.00
  SINCE JUN 1      4.73                      5.16  -0.43     5.97
  SINCE JAN 1     27.37                     20.05   7.32    27.31

DEGREE DAYS
 HEATING
  YESTERDAY        0                         0      0        0
  MONTH TO DATE    0                         0      0        0
  SINCE JUN 1      0                         0      0        0
  SINCE JUL 1      0                         0      0        0

 COOLING
  YESTERDAY       24                        21      3       24
  MONTH TO DATE  680                       605     75      625
  SINCE JUN 1   1209                      1093    116     1129
  SINCE JAN 1   1600                      1545     55     1564
..................................................................


WIND (MPH)
  HIGHEST WIND SPEED    20   HIGHEST WIND DIRECTION     S (180)
  HIGHEST GUST SPEED    24   HIGHEST GUST DIRECTION     S (180)
  AVERAGE WIND SPEED    10.7


SKY COVER
  POSSIBLE SUNSHINE  MM
  AVERAGE SKY COVER 0.0


WEATHER CONDITIONS
 THE FOLLOWING WEATHER WAS RECORDED YESTERDAY.
  NO SIGNIFICANT WEATHER WAS OBSERVED.


RELATIVE HUMIDITY (PERCENT)
 HIGHEST    79           500 AM
 LOWEST     31           500 PM
 AVERAGE    55

..........................................................


THE WACO CLIMATE NORMALS FOR TODAY
                         NORMAL    RECORD    YEAR
 MAXIMUM TEMPERATURE (F)   98       108      1986
 MINIMUM TEMPERATURE (F)   75        63      1984
                                             1971


SUNRISE AND SUNSET
JULY 31 2016..........SUNRISE   645 AM CDT   SUNSET   825 PM CDT
AUGUST  1 2016........SUNRISE   645 AM CDT   SUNSET   825 PM CDT


-  INDICATES NEGATIVE NUMBERS.
R  INDICATES RECORD WAS SET OR TIED.
MM INDICATES DATA IS MISSING.
T  INDICATES TRACE AMOUNT.




$$
