000
CDUS44 KFWD 250648
CLIACT


CLIMATE REPORT
NATIONAL WEATHER SERVICE FORT WORTH TX
147 AM CDT SUN SEP 25 2016

...THE WACO CLIMATE SUMMARY FOR SEPTEMBER 24 2016...

CLIMATE NORMAL PERIOD 1981 TO 2010
CLIMATE RECORD PERIOD 1901 TO 2016


WEATHER ITEM   OBSERVED TIME   RECORD YEAR NORMAL DEPARTURE LAST
                VALUE   (LST)  VALUE       VALUE  FROM      YEAR
                                                  NORMAL
..................................................................
TEMPERATURE (F)
 YESTERDAY
  MAXIMUM         95    221 PM 102    1977  87      8       95
  MINIMUM         75   1153 PM  46    1989  63     12       63
  AVERAGE         85                        75     10       79

PRECIPITATION (IN)
  YESTERDAY        T             2.36 1964   0.10  -0.10     0.00
  MONTH TO DATE    0.33                      2.43  -2.10     0.31
  SINCE SEP 1      0.33                      2.43  -2.10     0.31
  SINCE JAN 1     32.31                     24.59   7.72    28.48

DEGREE DAYS
 HEATING
  YESTERDAY        0                         0      0        0
  MONTH TO DATE    0                         0      0        0
  SINCE SEP 1      0                         0      0        0
  SINCE JUL 1      0                         0      0        0

 COOLING
  YESTERDAY       20                        11      9       14
  MONTH TO DATE  435                       341     94      446
  SINCE SEP 1    435                       341     94      446
  SINCE JAN 1   2675                      2536    139     2701
..................................................................


WIND (MPH)
  HIGHEST WIND SPEED    32   HIGHEST WIND DIRECTION    SE (150)
  HIGHEST GUST SPEED    41   HIGHEST GUST DIRECTION    SE (150)
  AVERAGE WIND SPEED    10.6


SKY COVER
  POSSIBLE SUNSHINE  MM
  AVERAGE SKY COVER 0.5


WEATHER CONDITIONS
 THE FOLLOWING WEATHER WAS RECORDED YESTERDAY.
  THUNDERSTORM
  LIGHT RAIN


RELATIVE HUMIDITY (PERCENT)
 HIGHEST   100           300 AM
 LOWEST     49           400 PM
 AVERAGE    75

..........................................................


THE WACO CLIMATE NORMALS FOR TODAY
                         NORMAL    RECORD    YEAR
 MAXIMUM TEMPERATURE (F)   87       106      2011
 MINIMUM TEMPERATURE (F)   63        43      1989


SUNRISE AND SUNSET
SEPTEMBER 25 2016.....SUNRISE   719 AM CDT   SUNSET   721 PM CDT
SEPTEMBER 26 2016.....SUNRISE   720 AM CDT   SUNSET   720 PM CDT


-  INDICATES NEGATIVE NUMBERS.
R  INDICATES RECORD WAS SET OR TIED.
MM INDICATES DATA IS MISSING.
T  INDICATES TRACE AMOUNT.




$$
