000
CDUS44 KFWD 182141
CLIACT


CLIMATE REPORT
NATIONAL WEATHER SERVICE FORT WORTH TX
441 PM CDT MON MAY 18 2015


...................................

...THE WACO CLIMATE SUMMARY FOR MAY 18 2015...
VALID AS OF 0400 PM LOCAL TIME.

CLIMATE NORMAL PERIOD 1981 TO 2010
CLIMATE RECORD PERIOD 1901 TO 2015


WEATHER ITEM   OBSERVED TIME   RECORD YEAR NORMAL DEPARTURE LAST
                VALUE   (LST)  VALUE       VALUE  FROM      YEAR
                                                  NORMAL
..................................................................
TEMPERATURE (F)
 TODAY
  MAXIMUM         89    230 PM  95    1956  86      3       84
  MINIMUM         67    537 AM  50    2009  65      2       62
                                      1976
  AVERAGE         78

PRECIPITATION (IN)
  TODAY            0.00          2.47 1930   0.13  -0.13     0.00
  MONTH TO DATE    3.38                      2.47   0.91     5.16
  SINCE MAR 1     10.72                      8.31   2.41     7.79
  SINCE JAN 1     15.45                     13.06   2.39     8.55

..................................................................


WIND (MPH)
  HIGHEST WIND SPEED    10   HIGHEST WIND DIRECTION    NE (60)
  HIGHEST GUST SPEED    13   HIGHEST GUST DIRECTION    SE (150)
  AVERAGE WIND SPEED     5.0




..........................................................


THE WACO CLIMATE NORMALS FOR TOMORROW
                         NORMAL    RECORD    YEAR
 MAXIMUM TEMPERATURE (F)   86        95      2008
                                             1956
                                             1933
 MINIMUM TEMPERATURE (F)   65        47      2002


SUNRISE AND SUNSET
MAY 18 2015...........SUNRISE   631 AM CDT   SUNSET   820 PM CDT
MAY 19 2015...........SUNRISE   630 AM CDT   SUNSET   821 PM CDT


-  INDICATES NEGATIVE NUMBERS.
R  INDICATES RECORD WAS SET OR TIED.
MM INDICATES DATA IS MISSING.
T  INDICATES TRACE AMOUNT.




$$
