000
CDUS44 KFWD 090637
CLIACT


CLIMATE REPORT
NATIONAL WEATHER SERVICE FORT WORTH TX
1237 AM CST TUE FEB 9 2016


...................................

...THE WACO CLIMATE SUMMARY FOR FEBRUARY 8 2016...

CLIMATE NORMAL PERIOD 1981 TO 2010
CLIMATE RECORD PERIOD 1901 TO 2016


WEATHER ITEM   OBSERVED TIME   RECORD YEAR NORMAL DEPARTURE LAST
                VALUE   (LST)  VALUE       VALUE  FROM      YEAR
                                                  NORMAL
..................................................................
TEMPERATURE (F)
 YESTERDAY
  MAXIMUM         60    348 PM  88    1962  61     -1       78
  MINIMUM         35   1111 PM   7    1933  38     -3       50
  AVERAGE         48                        49     -1       64

PRECIPITATION (IN)
  YESTERDAY        0.00          2.01 1908   0.09  -0.09     0.00
  MONTH TO DATE    0.03                      0.65  -0.62      T
  SINCE DEC 1      3.94                      5.52  -1.58     4.02
  SINCE JAN 1      0.32                      2.77  -2.45     3.48

SNOWFALL (IN)
  YESTERDAY        0.0           T    2003   0.0    0.0      0.0
                                      1986
                                      1973
  MONTH TO DATE    0.0                       0.1   -0.1      0.0
  SINCE DEC 1      0.0                       0.4   -0.4       T
  SINCE JUL 1      0.0                       0.5   -0.5       T
  SNOW DEPTH       0

DEGREE DAYS
 HEATING
  YESTERDAY       17                        16      1        1
  MONTH TO DATE  144                       131     13      136
  SINCE DEC 1   1074                      1211   -137     1198
  SINCE JUL 1   1309                      1539   -230     1580

 COOLING
  YESTERDAY        0                         0      0        0
  MONTH TO DATE    0                         0      0        0
  SINCE DEC 1      5                         8     -3        4
  SINCE JAN 1      0                         3     -3        0
..................................................................


WIND (MPH)
  HIGHEST WIND SPEED    28   HIGHEST WIND DIRECTION    NW (330)
  HIGHEST GUST SPEED    39   HIGHEST GUST DIRECTION    NW (320)
  AVERAGE WIND SPEED    13.4


SKY COVER
  POSSIBLE SUNSHINE  MM
  AVERAGE SKY COVER 0.0


WEATHER CONDITIONS
 THE FOLLOWING WEATHER WAS RECORDED YESTERDAY.
  NO SIGNIFICANT WEATHER WAS OBSERVED.


RELATIVE HUMIDITY (PERCENT)
 HIGHEST    65          1200 AM
 LOWEST     13           400 PM
 AVERAGE    39

..........................................................


THE WACO CLIMATE NORMALS FOR TODAY
                         NORMAL    RECORD    YEAR
 MAXIMUM TEMPERATURE (F)   61        89      1960
 MINIMUM TEMPERATURE (F)   38        15      1936
                                             1933


SUNRISE AND SUNSET
FEBRUARY  9 2016......SUNRISE   716 AM CST   SUNSET   610 PM CST
FEBRUARY 10 2016......SUNRISE   715 AM CST   SUNSET   611 PM CST


-  INDICATES NEGATIVE NUMBERS.
R  INDICATES RECORD WAS SET OR TIED.
MM INDICATES DATA IS MISSING.
T  INDICATES TRACE AMOUNT.




$$
