000
CDUS44 KFWD 130704
CLIACT

CLIMATE REPORT
NATIONAL WEATHER SERVICE FORT WORTH TX
103 AM CST SAT DEC 13 2014


...................................

...THE WACO CLIMATE SUMMARY FOR DECEMBER 12 2014...

CLIMATE NORMAL PERIOD 1981 TO 2010
CLIMATE RECORD PERIOD 1901 TO 2014


WEATHER ITEM   OBSERVED TIME   RECORD YEAR NORMAL DEPARTURE LAST
                VALUE   (LST)  VALUE       VALUE  FROM      YEAR
                                                  NORMAL
..................................................................
TEMPERATURE (F)
 YESTERDAY
  MAXIMUM         69    325 PM  82    1990  59     10       50
                                      1948
  MINIMUM         55    846 PM  18    2012  38     17       28
  AVERAGE         62                        48     14       39

PRECIPITATION (IN)
  YESTERDAY        T             1.83 1923   0.09  -0.09     0.00
  MONTH TO DATE    0.03                      1.06  -1.03     0.24
  SINCE DEC 1      0.03                      1.06  -1.03     0.24
  SINCE JAN 1     29.58                     33.00  -3.42    36.79

SNOWFALL (IN)
  YESTERDAY        0.0           T    2000   0.0    0.0      0.0
                                      1961
  MONTH TO DATE    0.0                       0.0    0.0       T
  SINCE DEC 1      0.0                       0.0    0.0       T
  SINCE JUL 1      0.0                       0.1   -0.1       T
  SNOW DEPTH       0

DEGREE DAYS
 HEATING
  YESTERDAY        3                        17    -14       26
  MONTH TO DATE  135                       183    -48      267
  SINCE DEC 1    135                       183    -48      267
  SINCE JUL 1    517                       511      6      681

 COOLING
  YESTERDAY        0                         0      0        0
  MONTH TO DATE    4                         0      4        0
  SINCE DEC 1      4                         0      4        0
  SINCE JAN 1   2754                      2792    -38     2870
..................................................................


WIND (MPH)
  HIGHEST WIND SPEED    16   HIGHEST WIND DIRECTION    SW (230)
  HIGHEST GUST SPEED    20   HIGHEST GUST DIRECTION    SW (220)
  AVERAGE WIND SPEED     8.1


SKY COVER
  POSSIBLE SUNSHINE  MM
  AVERAGE SKY COVER 0.7


WEATHER CONDITIONS
 THE FOLLOWING WEATHER WAS RECORDED YESTERDAY.
  LIGHT RAIN


RELATIVE HUMIDITY (PERCENT)
 HIGHEST    93           700 AM
 LOWEST     68           200 PM
 AVERAGE    81

..........................................................


THE WACO CLIMATE NORMALS FOR TODAY
                         NORMAL    RECORD    YEAR
 MAXIMUM TEMPERATURE (F)   59        80      1948
                                             1924
 MINIMUM TEMPERATURE (F)   38        18      1989


SUNRISE AND SUNSET
DECEMBER 13 2014......SUNRISE   720 AM CST   SUNSET   526 PM CST
DECEMBER 14 2014......SUNRISE   720 AM CST   SUNSET   527 PM CST


-  INDICATES NEGATIVE NUMBERS.
R  INDICATES RECORD WAS SET OR TIED.
MM INDICATES DATA IS MISSING.
T  INDICATES TRACE AMOUNT.




$$
