000
CDUS44 KFWD 122126
CLIACT


CLIMATE REPORT
NATIONAL WEATHER SERVICE FORT WORTH TX
425 PM CDT FRI MAY 12 2017


...................................

...THE WACO CLIMATE SUMMARY FOR MAY 12 2017...
VALID AS OF 0400 PM LOCAL TIME.

CLIMATE NORMAL PERIOD 1981 TO 2010
CLIMATE RECORD PERIOD 1901 TO 2017


WEATHER ITEM   OBSERVED TIME   RECORD YEAR NORMAL DEPARTURE LAST
                VALUE   (LST)  VALUE       VALUE  FROM      YEAR
                                                  NORMAL
..................................................................
TEMPERATURE (F)
 TODAY
  MAXIMUM         85    236 PM  97    1992  84      1       84
  MINIMUM         56    533 AM  45    1960  63     -7       66
  AVERAGE         71

PRECIPITATION (IN)
  TODAY            0.00          4.64 1953   0.13  -0.13     0.00
  MONTH TO DATE    0.06                      1.64  -1.58     1.87
  SINCE MAR 1     10.41                      7.48   2.93    13.75
  SINCE JAN 1     16.57                     12.23   4.34    16.20

..................................................................


WIND (MPH)
  HIGHEST WIND SPEED    26   HIGHEST WIND DIRECTION     N (340)
  HIGHEST GUST SPEED    34   HIGHEST GUST DIRECTION     N (340)
  AVERAGE WIND SPEED    13.3




..........................................................


THE WACO CLIMATE NORMALS FOR TOMORROW
                         NORMAL    RECORD    YEAR
 MAXIMUM TEMPERATURE (F)   84        96      1925
 MINIMUM TEMPERATURE (F)   63        45      2013


SUNRISE AND SUNSET
MAY 12 2017...........SUNRISE   634 AM CDT   SUNSET   817 PM CDT
MAY 13 2017...........SUNRISE   633 AM CDT   SUNSET   817 PM CDT


-  INDICATES NEGATIVE NUMBERS.
R  INDICATES RECORD WAS SET OR TIED.
MM INDICATES DATA IS MISSING.
T  INDICATES TRACE AMOUNT.




$$
