358
CDUS44 KFWD 180036 AAA
CLIACT

CLIMATE REPORT...UPDATED
NATIONAL WEATHER SERVICE FORT WORTH TX
735 PM CDT MON JUL 17 2017

UPDATED TODAYS PRECIPITATION.

...................................

...THE WACO CLIMATE SUMMARY FOR JULY 17 2017...
VALID TODAY AS OF 0700 PM LOCAL TIME.

CLIMATE NORMAL PERIOD 1981 TO 2010
CLIMATE RECORD PERIOD 1901 TO 2017


WEATHER ITEM   OBSERVED TIME   RECORD YEAR NORMAL DEPARTURE LAST
                VALUE   (LST)  VALUE       VALUE  FROM      YEAR
                                                  NORMAL
..................................................................
TEMPERATURE (F)
 TODAY
  MAXIMUM         95    257 PM 106    1925  97     -2       98
  MINIMUM         73    605 AM  68    1961  74     -1       76
  AVERAGE         84

PRECIPITATION (IN)
  TODAY            0.02          4.10 1911   0.05  -0.03     0.00
  MONTH TO DATE    2.09                      1.00   1.09      T
  SINCE JUN 1      6.83                      4.43   2.40     4.59
  SINCE JAN 1     26.14                     19.32   6.82    27.23

..................................................................


WIND (MPH)
  HIGHEST WIND SPEED    14   HIGHEST WIND DIRECTION     E (70)
  HIGHEST GUST SPEED    18   HIGHEST GUST DIRECTION     E (110)
  AVERAGE WIND SPEED     4.3




..........................................................


THE WACO CLIMATE NORMALS FOR TOMORROW
                         NORMAL    RECORD    YEAR
 MAXIMUM TEMPERATURE (F)   97       106      2006
                                             1925
 MINIMUM TEMPERATURE (F)   74        68      1945


SUNRISE AND SUNSET
JULY 17 2017..........SUNRISE   636 AM CDT   SUNSET   834 PM CDT
JULY 18 2017..........SUNRISE   636 AM CDT   SUNSET   834 PM CDT


-  INDICATES NEGATIVE NUMBERS.
R  INDICATES RECORD WAS SET OR TIED.
MM INDICATES DATA IS MISSING.
T  INDICATES TRACE AMOUNT.




$$
