000
CDUS44 KFWD 162225
CLIACT


CLIMATE REPORT
NATIONAL WEATHER SERVICE FORT WORTH TX
425 PM CST THU FEB 16 2017


...................................

...THE WACO CLIMATE SUMMARY FOR FEBRUARY 16 2017...
VALID AS OF 0400 PM LOCAL TIME.

CLIMATE NORMAL PERIOD 1981 TO 2010
CLIMATE RECORD PERIOD 1901 TO 2017


WEATHER ITEM   OBSERVED TIME   RECORD YEAR NORMAL DEPARTURE LAST
                VALUE   (LST)  VALUE       VALUE  FROM      YEAR
                                                  NORMAL
..................................................................
TEMPERATURE (F)
 TODAY
  MAXIMUM         66    349 PM  84    2006  62      4       77
  MINIMUM         31    652 AM  16    2007  40     -9       38
  AVERAGE         49

PRECIPITATION (IN)
  TODAY            0.00          1.03 1961   0.10  -0.10     0.00
  MONTH TO DATE    2.09                      1.43   0.66     0.03
  SINCE DEC 1      6.47                      6.30   0.17     3.94
  SINCE JAN 1      5.20                      3.55   1.65     0.32

SNOWFALL (IN)
  TODAY            0.0           T    2015   0.0    0.0      0.0
                                      2003
  MONTH TO DATE    0.0                       0.2   -0.2      0.0
  SINCE DEC 1      T                         0.5   -0.5      0.0
  SINCE JUL 1      T                         0.6   -0.6      0.0
  SNOW DEPTH       0

..................................................................


WIND (MPH)
  HIGHEST WIND SPEED    15   HIGHEST WIND DIRECTION    SW (220)
  HIGHEST GUST SPEED    18   HIGHEST GUST DIRECTION    SW (220)
  AVERAGE WIND SPEED     5.8




..........................................................


THE WACO CLIMATE NORMALS FOR TOMORROW
                         NORMAL    RECORD    YEAR
 MAXIMUM TEMPERATURE (F)   62        87      1959
 MINIMUM TEMPERATURE (F)   40        10      1910


SUNRISE AND SUNSET
FEBRUARY 16 2017......SUNRISE   709 AM CST   SUNSET   617 PM CST
FEBRUARY 17 2017......SUNRISE   708 AM CST   SUNSET   618 PM CST


-  INDICATES NEGATIVE NUMBERS.
R  INDICATES RECORD WAS SET OR TIED.
MM INDICATES DATA IS MISSING.
T  INDICATES TRACE AMOUNT.




$$
