000
CDUS44 KFWD 142123
CLIACT

CLIMATE REPORT
NATIONAL WEATHER SERVICE FORT WORTH TX
420 PM CDT MON APR 14 2014


...................................

...THE WACO CLIMATE SUMMARY FOR APRIL 14 2014...
VALID AS OF 0400 PM LOCAL TIME.

CLIMATE NORMAL PERIOD 1981 TO 2010
CLIMATE RECORD PERIOD 1901 TO 2014


WEATHER ITEM   OBSERVED TIME   RECORD YEAR NORMAL DEPARTURE LAST
                VALUE   (LST)  VALUE       VALUE  FROM      YEAR
                                                  NORMAL
..................................................................
TEMPERATURE (F)
 TODAY
  MAXIMUM         71    147 AM  91    1924  77     -6       81
  MINIMUM         45    854 AM  33    2008  54     -9       56
  AVERAGE         58

PRECIPITATION (IN)
  TODAY            0.58          2.58 1927   0.07   0.51     0.00
  MONTH TO DATE    1.66                      1.06   0.60     0.99
  SINCE MAR 1      2.53                      4.21  -1.68     2.82
  SINCE JAN 1      3.29                      8.96  -5.67     9.97

SNOWFALL (IN)
  TODAY           MM             T    1928   0.0   MM        0.0
  MONTH TO DATE    0.0                       0.1   -0.1      0.0
  SINCE MAR 1      0.1                       0.2   -0.1      0.0
  SINCE JUL 1      0.1                       1.1   -1.0       T
  SNOW DEPTH       0

..................................................................


WIND (MPH)
  HIGHEST WIND SPEED    32   HIGHEST WIND DIRECTION     N (360)
  HIGHEST GUST SPEED    38   HIGHEST GUST DIRECTION     N (350)
  AVERAGE WIND SPEED    18.3




..........................................................


THE WACO CLIMATE NORMALS FOR TOMORROW
                         NORMAL    RECORD    YEAR
 MAXIMUM TEMPERATURE (F)   78        91      1925
                                             1924
                                             1904
 MINIMUM TEMPERATURE (F)   54        31      1983


SUNRISE AND SUNSET
APRIL 14 2014.........SUNRISE   702 AM CDT   SUNSET   757 PM CDT
APRIL 15 2014.........SUNRISE   700 AM CDT   SUNSET   758 PM CDT


-  INDICATES NEGATIVE NUMBERS.
R  INDICATES RECORD WAS SET OR TIED.
MM INDICATES DATA IS MISSING.
T  INDICATES TRACE AMOUNT.




$$
