000
CDUS44 KFWD 142121
CLIACT

CLIMATE REPORT
NATIONAL WEATHER SERVICE FORT WORTH TX
420 PM CDT THU AUG 14 2014


...................................

...THE WACO CLIMATE SUMMARY FOR AUGUST 14 2014...
VALID AS OF 0400 PM LOCAL TIME.

CLIMATE NORMAL PERIOD 1981 TO 2010
CLIMATE RECORD PERIOD 1901 TO 2014


WEATHER ITEM   OBSERVED TIME   RECORD YEAR NORMAL DEPARTURE LAST
                VALUE   (LST)  VALUE       VALUE  FROM      YEAR
                                                  NORMAL
..................................................................
TEMPERATURE (F)
 TODAY
  MAXIMUM         97    257 PM 108    1969  97      0       95
  MINIMUM         67    600 AM  60    1967  74     -7       76
  AVERAGE         82

PRECIPITATION (IN)
  TODAY            0.00          3.05 1991   0.06  -0.06     0.02
  MONTH TO DATE    0.21                      0.84  -0.63     0.02
  SINCE JUN 1      8.67                      6.06   2.61     7.14
  SINCE JAN 1     19.81                     20.95  -1.14    21.23

..................................................................


WIND (MPH)
  HIGHEST WIND SPEED    13   HIGHEST WIND DIRECTION     E (90)
  HIGHEST GUST SPEED    17   HIGHEST GUST DIRECTION    NE (50)
  AVERAGE WIND SPEED     4.2




..........................................................


THE WACO CLIMATE NORMALS FOR TOMORROW
                         NORMAL    RECORD    YEAR
 MAXIMUM TEMPERATURE (F)   97       105      2011
                                             1956
                                             1951
 MINIMUM TEMPERATURE (F)   74        66      1939


SUNRISE AND SUNSET
AUGUST 14 2014........SUNRISE   653 AM CDT   SUNSET   813 PM CDT
AUGUST 15 2014........SUNRISE   654 AM CDT   SUNSET   812 PM CDT


-  INDICATES NEGATIVE NUMBERS.
R  INDICATES RECORD WAS SET OR TIED.
MM INDICATES DATA IS MISSING.
T  INDICATES TRACE AMOUNT.




$$
