000
CDUS44 KFWD 252121
CLIACT


CLIMATE REPORT
NATIONAL WEATHER SERVICE FORT WORTH TX
420 PM CDT THU JUN 25 2015


...................................

...THE WACO CLIMATE SUMMARY FOR JUNE 25 2015...
VALID AS OF 0400 PM LOCAL TIME.

CLIMATE NORMAL PERIOD 1981 TO 2010
CLIMATE RECORD PERIOD 1901 TO 2015


WEATHER ITEM   OBSERVED TIME   RECORD YEAR NORMAL DEPARTURE LAST
                VALUE   (LST)  VALUE       VALUE  FROM      YEAR
                                                  NORMAL
..................................................................
TEMPERATURE (F)
 TODAY
  MAXIMUM         94    202 PM 105    2009  94      0       82
                                      1980
  MINIMUM         74    555 AM  57    1974  72      2       73
  AVERAGE         84

PRECIPITATION (IN)
  TODAY            0.00          3.01 1906   0.08  -0.08     0.03
  MONTH TO DATE    3.96                      3.05   0.91     8.29
  SINCE JUN 1      3.96                      3.05   0.91     8.29
  SINCE JAN 1     25.30                     17.94   7.36    19.43

..................................................................


WIND (MPH)
  HIGHEST WIND SPEED    13   HIGHEST WIND DIRECTION     S (170)
  HIGHEST GUST SPEED    18   HIGHEST GUST DIRECTION     S (160)
  AVERAGE WIND SPEED     8.3




..........................................................


THE WACO CLIMATE NORMALS FOR TOMORROW
                         NORMAL    RECORD    YEAR
 MAXIMUM TEMPERATURE (F)   94       107      2012
                                             1980
 MINIMUM TEMPERATURE (F)   73        57      1974


SUNRISE AND SUNSET
JUNE 25 2015..........SUNRISE   625 AM CDT   SUNSET   838 PM CDT
JUNE 26 2015..........SUNRISE   626 AM CDT   SUNSET   838 PM CDT


-  INDICATES NEGATIVE NUMBERS.
R  INDICATES RECORD WAS SET OR TIED.
MM INDICATES DATA IS MISSING.
T  INDICATES TRACE AMOUNT.




$$
