000
CDUS44 KFWD 212122
CLIACT

CLIMATE REPORT
NATIONAL WEATHER SERVICE FORT WORTH TX
420 PM CDT MON JUL 21 2014


...................................

...THE WACO CLIMATE SUMMARY FOR JULY 21 2014...
VALID AS OF 0400 PM LOCAL TIME.

CLIMATE NORMAL PERIOD 1981 TO 2010
CLIMATE RECORD PERIOD 1901 TO 2014


WEATHER ITEM   OBSERVED TIME   RECORD YEAR NORMAL DEPARTURE LAST
                VALUE   (LST)  VALUE       VALUE  FROM      YEAR
                                                  NORMAL
..................................................................
TEMPERATURE (F)
 TODAY
  MAXIMUM         97    243 PM 105    1974  97      0       97
  MINIMUM         77    616 AM  65    1989  74      3       74
  AVERAGE         87

PRECIPITATION (IN)
  TODAY            0.00          1.95 1916   0.06  -0.06     0.00
  MONTH TO DATE    0.15                      1.23  -1.08     5.00
  SINCE JUN 1      8.46                      4.66   3.80     6.62
  SINCE JAN 1     19.60                     19.55   0.05    20.71

..................................................................


WIND (MPH)
  HIGHEST WIND SPEED    13   HIGHEST WIND DIRECTION    SE (140)
  HIGHEST GUST SPEED    18   HIGHEST GUST DIRECTION     S (170)
  AVERAGE WIND SPEED     7.3




..........................................................


THE WACO CLIMATE NORMALS FOR TOMORROW
                         NORMAL    RECORD    YEAR
 MAXIMUM TEMPERATURE (F)   97       106      1974
 MINIMUM TEMPERATURE (F)   75        61      1970


SUNRISE AND SUNSET
JULY 21 2014..........SUNRISE   638 AM CDT   SUNSET   832 PM CDT
JULY 22 2014..........SUNRISE   639 AM CDT   SUNSET   832 PM CDT


-  INDICATES NEGATIVE NUMBERS.
R  INDICATES RECORD WAS SET OR TIED.
MM INDICATES DATA IS MISSING.
T  INDICATES TRACE AMOUNT.




$$
