000
CDUS44 KFWD 270647
CLIACT

CLIMATE REPORT
NATIONAL WEATHER SERVICE FORT WORTH TX
1245 AM CST FRI FEB 27 2015

...................................

...THE WACO CLIMATE SUMMARY FOR FEBRUARY 26 2015...

CLIMATE NORMAL PERIOD 1981 TO 2010
CLIMATE RECORD PERIOD 1901 TO 2015


WEATHER ITEM   OBSERVED TIME   RECORD YEAR NORMAL DEPARTURE LAST
                VALUE   (LST)  VALUE       VALUE  FROM      YEAR
                                                  NORMAL
..................................................................
TEMPERATURE (F)
 YESTERDAY
  MAXIMUM         40    419 PM  90    1954  64    -24       45
  MINIMUM         27    527 AM  22    2002  43    -16       26
  AVERAGE         34                        53    -19       36

PRECIPITATION (IN)
  YESTERDAY        0.00          2.21 1903   0.10  -0.10     0.01
  MONTH TO DATE    1.16                      2.41  -1.25     0.46
  SINCE DEC 1      5.18                      7.28  -2.10     2.10
  SINCE JAN 1      4.64                      4.53   0.11     0.76

SNOWFALL (IN)
  YESTERDAY        0.0           0.0    MM   0.0    0.0      0.0
  MONTH TO DATE    0.7                       0.5    0.2       T
  SINCE DEC 1      0.7                       0.8   -0.1       T
  SINCE JUL 1      0.7                       0.9   -0.2       T
  SNOW DEPTH       0

DEGREE DAYS
 HEATING
  YESTERDAY       31                        12     19       29
  MONTH TO DATE  442                       380     62      444
  SINCE DEC 1   1504                      1460     44     1700
  SINCE JUL 1   1886                      1788     98     2114

 COOLING
  YESTERDAY        0                         0      0        0
  MONTH TO DATE    0                         0      0        0
  SINCE DEC 1      4                         8     -4        0
  SINCE JAN 1      0                         3     -3        0
..................................................................


WIND (MPH)
  HIGHEST WIND SPEED    23   HIGHEST WIND DIRECTION     N (360)
  HIGHEST GUST SPEED    28   HIGHEST GUST DIRECTION     N (360)
  AVERAGE WIND SPEED    10.8


SKY COVER
  POSSIBLE SUNSHINE  MM
  AVERAGE SKY COVER 0.6


WEATHER CONDITIONS
 THE FOLLOWING WEATHER WAS RECORDED YESTERDAY.
  FOG
  HAZE


RELATIVE HUMIDITY (PERCENT)
 HIGHEST   100           200 AM
 LOWEST     52           600 PM
 AVERAGE    76

..........................................................


THE WACO CLIMATE NORMALS FOR TODAY
                         NORMAL    RECORD    YEAR
 MAXIMUM TEMPERATURE (F)   64        84      1918
 MINIMUM TEMPERATURE (F)   43        18      2002


SUNRISE AND SUNSET
FEBRUARY 27 2015......SUNRISE   658 AM CST   SUNSET   625 PM CST
FEBRUARY 28 2015......SUNRISE   657 AM CST   SUNSET   626 PM CST


-  INDICATES NEGATIVE NUMBERS.
R  INDICATES RECORD WAS SET OR TIED.
MM INDICATES DATA IS MISSING.
T  INDICATES TRACE AMOUNT.


$$

58
