000
CDUS44 KFWD 242132
CLIACT


CLIMATE REPORT
NATIONAL WEATHER SERVICE FORT WORTH TX
432 PM CDT MON AUG 24 2015


...................................

...THE WACO CLIMATE SUMMARY FOR AUGUST 24 2015...
VALID AS OF 0400 PM LOCAL TIME.

CLIMATE NORMAL PERIOD 1981 TO 2010
CLIMATE RECORD PERIOD 1901 TO 2015


WEATHER ITEM   OBSERVED TIME   RECORD YEAR NORMAL DEPARTURE LAST
                VALUE   (LST)  VALUE       VALUE  FROM      YEAR
                                                  NORMAL
..................................................................
TEMPERATURE (F)
 TODAY
  MAXIMUM        101    135 PM 106    2011  96      5       99
  MINIMUM         77    632 AM  63    1961  73      4       77
  AVERAGE         89

PRECIPITATION (IN)
  TODAY            T             4.10 1958   0.07  -0.07     0.00
  MONTH TO DATE    0.77                      1.47  -0.70     0.46
  SINCE JUN 1      6.74                      6.69   0.05     8.92
  SINCE JAN 1     28.08                     21.58   6.50    20.06

..................................................................


WIND (MPH)
  HIGHEST WIND SPEED    20   HIGHEST WIND DIRECTION     N (20)
  HIGHEST GUST SPEED    22   HIGHEST GUST DIRECTION    NE (30)
  AVERAGE WIND SPEED     6.4




..........................................................


THE WACO CLIMATE NORMALS FOR TOMORROW
                         NORMAL    RECORD    YEAR
 MAXIMUM TEMPERATURE (F)   96       104      1990
 MINIMUM TEMPERATURE (F)   73        62      1917


SUNRISE AND SUNSET
AUGUST 24 2015........SUNRISE   659 AM CDT   SUNSET   802 PM CDT
AUGUST 25 2015........SUNRISE   700 AM CDT   SUNSET   801 PM CDT


-  INDICATES NEGATIVE NUMBERS.
R  INDICATES RECORD WAS SET OR TIED.
MM INDICATES DATA IS MISSING.
T  INDICATES TRACE AMOUNT.




$$
