000
CDUS44 KFWD 142127
CLIACT


CLIMATE REPORT
NATIONAL WEATHER SERVICE FORT WORTH TX
427 PM CDT SUN AUG 14 2016


...................................

...THE WACO CLIMATE SUMMARY FOR AUGUST 14 2016...
VALID AS OF 0400 PM LOCAL TIME.

CLIMATE NORMAL PERIOD 1981 TO 2010
CLIMATE RECORD PERIOD 1901 TO 2016


WEATHER ITEM   OBSERVED TIME   RECORD YEAR NORMAL DEPARTURE LAST
                VALUE   (LST)  VALUE       VALUE  FROM      YEAR
                                                  NORMAL
..................................................................
TEMPERATURE (F)
 TODAY
  MAXIMUM         96    259 PM 108    1969  97     -1      100
  MINIMUM         75    611 AM  60    1967  74      1       77
  AVERAGE         86

PRECIPITATION (IN)
  TODAY            0.00          3.05 1991   0.06  -0.06     0.00
  MONTH TO DATE    0.20                      0.84  -0.64     0.00
  SINCE JUN 1      4.93                      6.06  -1.13     5.97
  SINCE JAN 1     27.57                     20.95   6.62    27.31

..................................................................


WIND (MPH)
  HIGHEST WIND SPEED    17   HIGHEST WIND DIRECTION    NE (40)
  HIGHEST GUST SPEED    23   HIGHEST GUST DIRECTION    NE (30)
  AVERAGE WIND SPEED     8.5




..........................................................


THE WACO CLIMATE NORMALS FOR TOMORROW
                         NORMAL    RECORD    YEAR
 MAXIMUM TEMPERATURE (F)   97       105      2011
                                             1956
                                             1951
 MINIMUM TEMPERATURE (F)   74        66      1939


SUNRISE AND SUNSET
AUGUST 14 2016........SUNRISE   654 AM CDT   SUNSET   813 PM CDT
AUGUST 15 2016........SUNRISE   654 AM CDT   SUNSET   812 PM CDT


-  INDICATES NEGATIVE NUMBERS.
R  INDICATES RECORD WAS SET OR TIED.
MM INDICATES DATA IS MISSING.
T  INDICATES TRACE AMOUNT.




$$
