000
CDUS44 KFWD 180640
CLIACT


CLIMATE REPORT
NATIONAL WEATHER SERVICE FORT WORTH TX
139 AM CDT MON APR 18 2016


...................................

...THE WACO CLIMATE SUMMARY FOR APRIL 17 2016...

CLIMATE NORMAL PERIOD 1981 TO 2010
CLIMATE RECORD PERIOD 1901 TO 2016


WEATHER ITEM   OBSERVED TIME   RECORD YEAR NORMAL DEPARTURE LAST
                VALUE   (LST)  VALUE       VALUE  FROM      YEAR
                                                  NORMAL
..................................................................
TEMPERATURE (F)
 YESTERDAY
  MAXIMUM         72   1216 AM  97    2006  78     -6       76
  MINIMUM         61   1151 AM  35    1999  55      6       63
  AVERAGE         67                        66      1       70

PRECIPITATION (IN)
  YESTERDAY        1.55          2.89 2010   0.09   1.46     0.02
  MONTH TO DATE    2.33                      1.32   1.01     1.07
  SINCE MAR 1      7.66                      4.47   3.19     3.92
  SINCE JAN 1     10.11                      9.22   0.89     8.65

SNOWFALL (IN)
  YESTERDAY        0.0           0.0    MM   0.0    0.0      0.0
  MONTH TO DATE    0.0                       0.1   -0.1      0.0
  SINCE MAR 1      0.0                       0.2   -0.2      0.7
  SINCE JUL 1      0.0                       1.0   -1.0      1.4
  SNOW DEPTH       0

DEGREE DAYS
 HEATING
  YESTERDAY        0                         2     -2        0
  MONTH TO DATE   52                        60     -8       33
  SINCE MAR 1    203                       306   -103      328
  SINCE JUL 1   1680                      2118   -438     2282

 COOLING
  YESTERDAY        2                         4     -2        5
  MONTH TO DATE   25                        48    -23       80
  SINCE MAR 1     56                        82    -26      107
  SINCE JAN 1     64                        91    -27      107
..................................................................


WIND (MPH)
  HIGHEST WIND SPEED    30   HIGHEST WIND DIRECTION    SE (120)
  HIGHEST GUST SPEED    36   HIGHEST GUST DIRECTION    SE (120)
  AVERAGE WIND SPEED    12.7


SKY COVER
  POSSIBLE SUNSHINE  MM
  AVERAGE SKY COVER 0.9


WEATHER CONDITIONS
 THE FOLLOWING WEATHER WAS RECORDED YESTERDAY.
  THUNDERSTORM
  HEAVY RAIN
  RAIN
  LIGHT RAIN
  FOG


RELATIVE HUMIDITY (PERCENT)
 HIGHEST    93           800 AM
 LOWEST     79           100 AM
 AVERAGE    86

..........................................................


THE WACO CLIMATE NORMALS FOR TODAY
                         NORMAL    RECORD    YEAR
 MAXIMUM TEMPERATURE (F)   78        98      2006
 MINIMUM TEMPERATURE (F)   55        39      1921


SUNRISE AND SUNSET
APRIL 18 2016.........SUNRISE   656 AM CDT   SUNSET   800 PM CDT
APRIL 19 2016.........SUNRISE   655 AM CDT   SUNSET   801 PM CDT


-  INDICATES NEGATIVE NUMBERS.
R  INDICATES RECORD WAS SET OR TIED.
MM INDICATES DATA IS MISSING.
T  INDICATES TRACE AMOUNT.




$$
