832
CDUS44 KFWD 220637
CLIACT


CLIMATE REPORT
NATIONAL WEATHER SERVICE FORT WORTH TX
136 AM CDT THU SEP 22 2016


...................................

...THE WACO CLIMATE SUMMARY FOR SEPTEMBER 21 2016...

CLIMATE NORMAL PERIOD 1981 TO 2010
CLIMATE RECORD PERIOD 1901 TO 2016


WEATHER ITEM   OBSERVED TIME   RECORD YEAR NORMAL DEPARTURE LAST
                VALUE   (LST)  VALUE       VALUE  FROM      YEAR
                                                  NORMAL
..................................................................
TEMPERATURE (F)
 YESTERDAY
  MAXIMUM         95    230 PM 101    1933  88      7       96
  MINIMUM         70   1159 PM  45    1938  64      6       69
  AVERAGE         83                        76      7       83

PRECIPITATION (IN)
  YESTERDAY        0.00          2.25 1995   0.09  -0.09     0.00
  MONTH TO DATE    0.33                      2.11  -1.78     0.31
  SINCE SEP 1      0.33                      2.11  -1.78     0.31
  SINCE JAN 1     32.31                     24.27   8.04    28.48

DEGREE DAYS
 HEATING
  YESTERDAY        0                         0      0        0
  MONTH TO DATE    0                         0      0        0
  SINCE SEP 1      0                         0      0        0
  SINCE JUL 1      0                         0      0        0

 COOLING
  YESTERDAY       18                        12      6       18
  MONTH TO DATE  380                       308     72      397
  SINCE SEP 1    380                       308     72      397
  SINCE JAN 1   2620                      2503    117     2652
..................................................................


WIND (MPH)
  HIGHEST WIND SPEED    13   HIGHEST WIND DIRECTION    SE (120)
  HIGHEST GUST SPEED    16   HIGHEST GUST DIRECTION     E (110)
  AVERAGE WIND SPEED     4.1


SKY COVER
  POSSIBLE SUNSHINE  MM
  AVERAGE SKY COVER 0.0


WEATHER CONDITIONS
 THE FOLLOWING WEATHER WAS RECORDED YESTERDAY.
  NO SIGNIFICANT WEATHER WAS OBSERVED.


RELATIVE HUMIDITY (PERCENT)
 HIGHEST    94           200 AM
 LOWEST     33           300 PM
 AVERAGE    64

..........................................................


THE WACO CLIMATE NORMALS FOR TODAY
                         NORMAL    RECORD    YEAR
 MAXIMUM TEMPERATURE (F)   88       100      2005
 MINIMUM TEMPERATURE (F)   64        40      1983


SUNRISE AND SUNSET
SEPTEMBER 22 2016.....SUNRISE   717 AM CDT   SUNSET   725 PM CDT
SEPTEMBER 23 2016.....SUNRISE   718 AM CDT   SUNSET   723 PM CDT


-  INDICATES NEGATIVE NUMBERS.
R  INDICATES RECORD WAS SET OR TIED.
MM INDICATES DATA IS MISSING.
T  INDICATES TRACE AMOUNT.




$$
