000
CDUS44 KFWD 232217
CLIACT


CLIMATE REPORT
NATIONAL WEATHER SERVICE FORT WORTH TX
517 PM CDT THU JUL 23 2015


...................................

...THE WACO CLIMATE SUMMARY FOR JULY 23 2015...
VALID AS OF 0500 PM LOCAL TIME.

CLIMATE NORMAL PERIOD 1981 TO 2010
CLIMATE RECORD PERIOD 1901 TO 2015


WEATHER ITEM   OBSERVED TIME   RECORD YEAR NORMAL DEPARTURE LAST
                VALUE   (LST)  VALUE       VALUE  FROM      YEAR
                                                  NORMAL
..................................................................
TEMPERATURE (F)
 TODAY
  MAXIMUM         99    339 PM 107    1974  97      2       96
  MINIMUM         76    600 AM  62    1915  75      1       72
  AVERAGE         88

PRECIPITATION (IN)
  TODAY            0.00          1.04 1936   0.06  -0.06     0.00
  MONTH TO DATE    0.00                      1.34  -1.34     0.15
  SINCE JUN 1      5.97                      4.77   1.20     8.46
  SINCE JAN 1     27.31                     19.66   7.65    19.60

..................................................................


WIND (MPH)
  HIGHEST WIND SPEED    22   HIGHEST WIND DIRECTION     S (170)
  HIGHEST GUST SPEED    27   HIGHEST GUST DIRECTION     S (180)
  AVERAGE WIND SPEED    14.8




..........................................................


THE WACO CLIMATE NORMALS FOR TOMORROW
                         NORMAL    RECORD    YEAR
 MAXIMUM TEMPERATURE (F)   97       105      2011
                                             1977
                                             1969
 MINIMUM TEMPERATURE (F)   75        65      1989
                                             1942
                                             1915


SUNRISE AND SUNSET
JULY 23 2015..........SUNRISE   639 AM CDT   SUNSET   831 PM CDT
JULY 24 2015..........SUNRISE   640 AM CDT   SUNSET   831 PM CDT


-  INDICATES NEGATIVE NUMBERS.
R  INDICATES RECORD WAS SET OR TIED.
MM INDICATES DATA IS MISSING.
T  INDICATES TRACE AMOUNT.




$$
