000
CDUS44 KFWD 160636
CLIACT

CLIMATE REPORT
NATIONAL WEATHER SERVICE FORT WORTH TX
136 AM CDT THU OCT 16 2014


...................................

...THE WACO CLIMATE SUMMARY FOR OCTOBER 15 2014...

CLIMATE NORMAL PERIOD 1981 TO 2010
CLIMATE RECORD PERIOD 1901 TO 2014


WEATHER ITEM   OBSERVED TIME   RECORD YEAR NORMAL DEPARTURE LAST
                VALUE   (LST)  VALUE       VALUE  FROM      YEAR
                                                  NORMAL
..................................................................
TEMPERATURE (F)
 YESTERDAY
  MAXIMUM         86    311 PM  95    1910  80      6       74
  MINIMUM         48    649 AM  40    2010  57     -9       54
  AVERAGE         67                        69     -2       64

PRECIPITATION (IN)
  YESTERDAY        0.00          2.63 2013   0.13  -0.13     2.63
  MONTH TO DATE    5.00                      1.86   3.14     3.90
  SINCE SEP 1      6.28                      4.92   1.36     9.33
  SINCE JAN 1     26.86                     27.08  -0.22    30.76

SNOWFALL (IN)
  YESTERDAY        0.0           0.0    MM   0.0    0.0      0.0
  MONTH TO DATE    0.0                       0.0    0.0      0.0
  SINCE SEP 1      0.0                       0.0    0.0      0.0
  SINCE JUL 1      0.0                       0.0    0.0      0.0
  SNOW DEPTH       0

DEGREE DAYS
 HEATING
  YESTERDAY        0                         2     -2        1
  MONTH TO DATE    3                        16    -13        5
  SINCE SEP 1      3                        22    -19        5
  SINCE JUL 1      3                        22    -19        5

 COOLING
  YESTERDAY        2                         5     -3        0
  MONTH TO DATE  140                        99     41      119
  SINCE SEP 1    579                       498     81      615
  SINCE JAN 1   2654                      2693    -39     2826
..................................................................


WIND (MPH)
  HIGHEST WIND SPEED    10   HIGHEST WIND DIRECTION     S (180)
  HIGHEST GUST SPEED    13   HIGHEST GUST DIRECTION     E (70)
  AVERAGE WIND SPEED     3.8


SKY COVER
  POSSIBLE SUNSHINE  MM
  AVERAGE SKY COVER 0.0


WEATHER CONDITIONS
 THE FOLLOWING WEATHER WAS RECORDED YESTERDAY.
  FOG
  HAZE


RELATIVE HUMIDITY (PERCENT)
 HIGHEST    93          1200 AM
 LOWEST     25           400 PM
 AVERAGE    59

..........................................................


THE WACO CLIMATE NORMALS FOR TODAY
                         NORMAL    RECORD    YEAR
 MAXIMUM TEMPERATURE (F)   80        94      1989
                                             1909
 MINIMUM TEMPERATURE (F)   57        38      1952


SUNRISE AND SUNSET
OCTOBER 16 2014.......SUNRISE   733 AM CDT   SUNSET   656 PM CDT
OCTOBER 17 2014.......SUNRISE   733 AM CDT   SUNSET   654 PM CDT


-  INDICATES NEGATIVE NUMBERS.
R  INDICATES RECORD WAS SET OR TIED.
MM INDICATES DATA IS MISSING.
T  INDICATES TRACE AMOUNT.




$$
