000
CDUS44 KFWD 142134
CLIACT


CLIMATE REPORT
NATIONAL WEATHER SERVICE FORT WORTH TX
433 PM CDT TUE MAR 14 2017


...................................

...THE WACO CLIMATE SUMMARY FOR MARCH 14 2017...
VALID AS OF 0400 PM LOCAL TIME.

CLIMATE NORMAL PERIOD 1981 TO 2010
CLIMATE RECORD PERIOD 1901 TO 2017


WEATHER ITEM   OBSERVED TIME   RECORD YEAR NORMAL DEPARTURE LAST
                VALUE   (LST)  VALUE       VALUE  FROM      YEAR
                                                  NORMAL
..................................................................
TEMPERATURE (F)
 TODAY
  MAXIMUM         64    254 PM  95    1967  69     -5       89
  MINIMUM         35    619 AM  26    1975  47    -12       50
                                      1950
  AVERAGE         50

PRECIPITATION (IN)
  TODAY            0.00          1.66 1921   0.11  -0.11     0.00
  MONTH TO DATE    2.42                      1.54   0.88     4.58
  SINCE MAR 1      2.42                      1.54   0.88     4.58
  SINCE JAN 1      8.58                      6.29   2.29     7.03

SNOWFALL (IN)
  TODAY            0.0           1.0  1962   0.1   -0.1      0.0
  MONTH TO DATE    0.0                       0.1   -0.1      0.0
  SINCE MAR 1      0.0                       0.1   -0.1      0.0
  SINCE JUL 1      T                         0.9   -0.9      0.0
  SNOW DEPTH       0

..................................................................


WIND (MPH)
  HIGHEST WIND SPEED    10   HIGHEST WIND DIRECTION    SE (120)
  HIGHEST GUST SPEED    14   HIGHEST GUST DIRECTION    SE (140)
  AVERAGE WIND SPEED     5.5




..........................................................


THE WACO CLIMATE NORMALS FOR TOMORROW
                         NORMAL    RECORD    YEAR
 MAXIMUM TEMPERATURE (F)   69        91      1936
 MINIMUM TEMPERATURE (F)   47        29      1954


SUNRISE AND SUNSET
MARCH 14 2017.........SUNRISE   740 AM CDT   SUNSET   736 PM CDT
MARCH 15 2017.........SUNRISE   739 AM CDT   SUNSET   737 PM CDT


-  INDICATES NEGATIVE NUMBERS.
R  INDICATES RECORD WAS SET OR TIED.
MM INDICATES DATA IS MISSING.
T  INDICATES TRACE AMOUNT.




$$
