000
CDUS44 KFWD 272122
CLIACT


CLIMATE REPORT
NATIONAL WEATHER SERVICE FORT WORTH TX
422 PM CDT SAT JUN 27 2015


...................................

...THE WACO CLIMATE SUMMARY FOR JUNE 27 2015...
VALID AS OF 0400 PM LOCAL TIME.

CLIMATE NORMAL PERIOD 1981 TO 2010
CLIMATE RECORD PERIOD 1901 TO 2015


WEATHER ITEM   OBSERVED TIME   RECORD YEAR NORMAL DEPARTURE LAST
                VALUE   (LST)  VALUE       VALUE  FROM      YEAR
                                                  NORMAL
..................................................................
TEMPERATURE (F)
 TODAY
  MAXIMUM         89    236 PM 109    1980  94     -5       91
  MINIMUM         70    233 AM  56    1974  73     -3       73
  AVERAGE         80

PRECIPITATION (IN)
  TODAY            2.00          3.89 1919   0.07   1.93     0.02
  MONTH TO DATE    5.96                      3.20   2.76     8.31
  SINCE JUN 1      5.96                      3.20   2.76     8.31
  SINCE JAN 1     27.30                     18.09   9.21    19.45

..................................................................


WIND (MPH)
  HIGHEST WIND SPEED    29   HIGHEST WIND DIRECTION    NW (330)
  HIGHEST GUST SPEED    38   HIGHEST GUST DIRECTION    NW (330)
  AVERAGE WIND SPEED     7.6




..........................................................


THE WACO CLIMATE NORMALS FOR TOMORROW
                         NORMAL    RECORD    YEAR
 MAXIMUM TEMPERATURE (F)   94       106      1980
 MINIMUM TEMPERATURE (F)   73        58      1974


SUNRISE AND SUNSET
JUNE 27 2015..........SUNRISE   626 AM CDT   SUNSET   838 PM CDT
JUNE 28 2015..........SUNRISE   626 AM CDT   SUNSET   838 PM CDT


-  INDICATES NEGATIVE NUMBERS.
R  INDICATES RECORD WAS SET OR TIED.
MM INDICATES DATA IS MISSING.
T  INDICATES TRACE AMOUNT.




$$
