000
CDUS44 KFWD 192121
CLIACT


CLIMATE REPORT
NATIONAL WEATHER SERVICE FORT WORTH TX
421 PM CDT TUE MAY 19 2015


...................................

...THE WACO CLIMATE SUMMARY FOR MAY 19 2015...
VALID AS OF 0400 PM LOCAL TIME.

CLIMATE NORMAL PERIOD 1981 TO 2010
CLIMATE RECORD PERIOD 1901 TO 2015


WEATHER ITEM   OBSERVED TIME   RECORD YEAR NORMAL DEPARTURE LAST
                VALUE   (LST)  VALUE       VALUE  FROM      YEAR
                                                  NORMAL
..................................................................
TEMPERATURE (F)
 TODAY
  MAXIMUM         87    253 PM  95    2008  86      1       85
                                      1956
                                      1933
  MINIMUM         71    612 AM  47    2002  65      6       65
  AVERAGE         79

PRECIPITATION (IN)
  TODAY            0.01          2.16 1975   0.13  -0.12     0.00
  MONTH TO DATE    3.39                      2.60   0.79     5.16
  SINCE MAR 1     10.73                      8.44   2.29     7.79
  SINCE JAN 1     15.46                     13.19   2.27     8.55

..................................................................


WIND (MPH)
  HIGHEST WIND SPEED    23   HIGHEST WIND DIRECTION    SE (140)
  HIGHEST GUST SPEED    29   HIGHEST GUST DIRECTION    SE (150)
  AVERAGE WIND SPEED     9.9




..........................................................


THE WACO CLIMATE NORMALS FOR TOMORROW
                         NORMAL    RECORD    YEAR
 MAXIMUM TEMPERATURE (F)   86        95      1996
                                             1933
                                             1906
 MINIMUM TEMPERATURE (F)   65        49      2002
                                             1981


SUNRISE AND SUNSET
MAY 19 2015...........SUNRISE   630 AM CDT   SUNSET   821 PM CDT
MAY 20 2015...........SUNRISE   629 AM CDT   SUNSET   822 PM CDT


-  INDICATES NEGATIVE NUMBERS.
R  INDICATES RECORD WAS SET OR TIED.
MM INDICATES DATA IS MISSING.
T  INDICATES TRACE AMOUNT.




$$
