131
CDUS44 KFWD 082140
CLIACT


CLIMATE REPORT
NATIONAL WEATHER SERVICE FORT WORTH TX
439 PM CDT SUN OCT 8 2017


...................................

...THE WACO CLIMATE SUMMARY FOR OCTOBER 8 2017...
VALID AS OF 0400 PM LOCAL TIME.

CLIMATE NORMAL PERIOD 1981 TO 2010
CLIMATE RECORD PERIOD 1901 TO 2017


WEATHER ITEM   OBSERVED TIME   RECORD YEAR NORMAL DEPARTURE LAST
                VALUE   (LST)  VALUE       VALUE  FROM      YEAR
                                                  NORMAL
..................................................................
TEMPERATURE (F)
 TODAY
  MAXIMUM         91    259 PM  97    1977  83      8       83
  MINIMUM         55    643 AM  36    1952  59     -4       57
  AVERAGE         73

PRECIPITATION (IN)
  TODAY            0.00          1.10 1945   0.13  -0.13     0.00
  MONTH TO DATE    0.12                      0.92  -0.80     0.02
  SINCE SEP 1      0.63                      3.98  -3.35     0.74
  SINCE JAN 1     29.34                     26.14   3.20    32.72

SNOWFALL (IN)
  TODAY            0.0           0.0         0.0    0.0      0.0
  MONTH TO DATE    0.0                       0.0    0.0      0.0
  SINCE SEP 1      0.0                       0.0    0.0      0.0
  SINCE JUL 1      0.0                       0.0    0.0      0.0
  SNOW DEPTH       0

..................................................................


WIND (MPH)
  HIGHEST WIND SPEED    14   HIGHEST WIND DIRECTION    SE (150)
  HIGHEST GUST SPEED    17   HIGHEST GUST DIRECTION    SE (150)
  AVERAGE WIND SPEED     4.4




..........................................................


THE WACO CLIMATE NORMALS FOR TOMORROW
                         NORMAL    RECORD    YEAR
 MAXIMUM TEMPERATURE (F)   82        94      1963
 MINIMUM TEMPERATURE (F)   59        37      1952


SUNRISE AND SUNSET
OCTOBER  8 2017.......SUNRISE   727 AM CDT   SUNSET   705 PM CDT
OCTOBER  9 2017.......SUNRISE   728 AM CDT   SUNSET   703 PM CDT


-  INDICATES NEGATIVE NUMBERS.
R  INDICATES RECORD WAS SET OR TIED.
MM INDICATES DATA IS MISSING.
T  INDICATES TRACE AMOUNT.




$$
