000
CDUS44 KFWD 152222
CLIACT

CLIMATE REPORT
NATIONAL WEATHER SERVICE FORT WORTH TX
421 PM CST THU JAN 15 2015


...................................

...THE WACO CLIMATE SUMMARY FOR JANUARY 15 2015...
VALID AS OF 0400 PM LOCAL TIME.

CLIMATE NORMAL PERIOD 1981 TO 2010
CLIMATE RECORD PERIOD 1901 TO 2015


WEATHER ITEM   OBSERVED TIME   RECORD YEAR NORMAL DEPARTURE LAST
                VALUE   (LST)  VALUE       VALUE  FROM      YEAR
                                                  NORMAL
..................................................................
TEMPERATURE (F)
 TODAY
  MAXIMUM         56    359 PM  80    1950  58     -2       61
                                      1907
  MINIMUM         32    724 AM  17    1905  36     -4       30
  AVERAGE         44

PRECIPITATION (IN)
  TODAY            0.00          0.75 2007   0.07  -0.07     0.00
  MONTH TO DATE    1.50                      0.96   0.54     0.28
  SINCE DEC 1      2.04                      3.71  -1.67     1.62
  SINCE JAN 1      1.50                      0.96   0.54     0.28

SNOWFALL (IN)
  TODAY            0.0           1.0  1964   0.0    0.0      0.0
  MONTH TO DATE    T                         0.1   -0.1      0.0
  SINCE DEC 1      T                         0.1   -0.1       T
  SINCE JUL 1      T                         0.2   -0.2       T
  SNOW DEPTH       0

..................................................................


WIND (MPH)
  HIGHEST WIND SPEED    14   HIGHEST WIND DIRECTION     N (340)
  HIGHEST GUST SPEED    18   HIGHEST GUST DIRECTION     N (350)
  AVERAGE WIND SPEED     7.1




..........................................................


THE WACO CLIMATE NORMALS FOR TOMORROW
                         NORMAL    RECORD    YEAR
 MAXIMUM TEMPERATURE (F)   58        84      1943
 MINIMUM TEMPERATURE (F)   36        15      1930


SUNRISE AND SUNSET
JANUARY 15 2015.......SUNRISE   729 AM CST   SUNSET   548 PM CST
JANUARY 16 2015.......SUNRISE   729 AM CST   SUNSET   549 PM CST


-  INDICATES NEGATIVE NUMBERS.
R  INDICATES RECORD WAS SET OR TIED.
MM INDICATES DATA IS MISSING.
T  INDICATES TRACE AMOUNT.




$$
