000
CDUS44 KFWD 072121
CLIACT

CLIMATE REPORT
NATIONAL WEATHER SERVICE FORT WORTH TX
420 PM CDT MON APR 7 2014


...................................

...THE WACO CLIMATE SUMMARY FOR APRIL 7 2014...
VALID AS OF 0400 PM LOCAL TIME.

CLIMATE NORMAL PERIOD 1981 TO 2010
CLIMATE RECORD PERIOD 1901 TO 2014


WEATHER ITEM   OBSERVED TIME   RECORD YEAR NORMAL DEPARTURE LAST
                VALUE   (LST)  VALUE       VALUE  FROM      YEAR
                                                  NORMAL
..................................................................
TEMPERATURE (F)
 TODAY
  MAXIMUM         68    259 PM  94    1972  76     -8       77
  MINIMUM         50    215 AM  26    2009  52     -2       61
  AVERAGE         59

PRECIPITATION (IN)
  TODAY            0.00          2.24 1975   0.08  -0.08     0.00
  MONTH TO DATE    0.45                      0.51  -0.06     0.39
  SINCE MAR 1      1.32                      3.66  -2.34     2.22
  SINCE JAN 1      2.08                      8.41  -6.33     9.37

SNOWFALL (IN)
  TODAY            0.0           3.4  2007   0.0    0.0      0.0
  MONTH TO DATE    0.0                       0.1   -0.1      0.0
  SINCE MAR 1      0.1                       0.2   -0.1      0.0
  SINCE JUL 1      0.1                       1.1   -1.0       T
  SNOW DEPTH       0

..................................................................


WIND (MPH)
  HIGHEST WIND SPEED    12   HIGHEST WIND DIRECTION    NW (320)
  HIGHEST GUST SPEED    14   HIGHEST GUST DIRECTION     W (280)
  AVERAGE WIND SPEED     3.7




..........................................................


THE WACO CLIMATE NORMALS FOR TOMORROW
                         NORMAL    RECORD    YEAR
 MAXIMUM TEMPERATURE (F)   76        95      1948
 MINIMUM TEMPERATURE (F)   52        33      1938


SUNRISE AND SUNSET
APRIL  7 2014.........SUNRISE   710 AM CDT   SUNSET   752 PM CDT
APRIL  8 2014.........SUNRISE   709 AM CDT   SUNSET   753 PM CDT


-  INDICATES NEGATIVE NUMBERS.
R  INDICATES RECORD WAS SET OR TIED.
MM INDICATES DATA IS MISSING.
T  INDICATES TRACE AMOUNT.




$$
