000
CDUS44 KFWD 060645
CLIACT


CLIMATE REPORT
NATIONAL WEATHER SERVICE FORT WORTH TX
143 AM CDT SUN AUG 6 2017

...THE WACO CLIMATE SUMMARY FOR AUGUST 5 2017...

CLIMATE NORMAL PERIOD 1981 TO 2010
CLIMATE RECORD PERIOD 1901 TO 2017


WEATHER ITEM   OBSERVED TIME   RECORD YEAR NORMAL DEPARTURE LAST
                VALUE   (LST)  VALUE       VALUE  FROM      YEAR
                                                  NORMAL
..................................................................
TEMPERATURE (F)
 YESTERDAY
  MAXIMUM         98    248 PM 106    2011  98      0      101
                                      2001
                                      1987
  MINIMUM         77    633 AM  64    1973  75      2       79
  AVERAGE         88                        86      2       90

PRECIPITATION (IN)
  YESTERDAY        T             3.12 1906   0.06  -0.06     0.00
  MONTH TO DATE    1.47                      0.28   1.19     0.00
  SINCE JUN 1      8.30                      5.50   2.80     4.73
  SINCE JAN 1     27.61                     20.39   7.22    27.37

DEGREE DAYS
 HEATING
  YESTERDAY        0                         0      0        0
  MONTH TO DATE    0                         0      0        0
  SINCE JUN 1      0                         0      0        0
  SINCE JUL 1      0                         0      0        0

 COOLING
  YESTERDAY       23                        21      2       25
  MONTH TO DATE   91                       105    -14      122
  SINCE JUN 1   1269                      1219     50     1355
  SINCE JAN 1   1838                      1671    167     1746
..................................................................


WIND (MPH)
  HIGHEST WIND SPEED    22   HIGHEST WIND DIRECTION     S (170)
  HIGHEST GUST SPEED    28   HIGHEST GUST DIRECTION     S (170)
  AVERAGE WIND SPEED    11.8


SKY COVER
  POSSIBLE SUNSHINE  MM
  AVERAGE SKY COVER 0.0


WEATHER CONDITIONS
 THE FOLLOWING WEATHER WAS RECORDED YESTERDAY.
  LIGHT RAIN


RELATIVE HUMIDITY (PERCENT)
 HIGHEST    88           500 AM
 LOWEST     42           400 PM
 AVERAGE    65

..........................................................


THE WACO CLIMATE NORMALS FOR TODAY
                         NORMAL    RECORD    YEAR
 MAXIMUM TEMPERATURE (F)   98       105      2011
                                             1988
                                             1982
 MINIMUM TEMPERATURE (F)   75        67      1975


SUNRISE AND SUNSET
AUGUST  6 2017........SUNRISE   648 AM CDT   SUNSET   821 PM CDT
AUGUST  7 2017........SUNRISE   649 AM CDT   SUNSET   820 PM CDT


-  INDICATES NEGATIVE NUMBERS.
R  INDICATES RECORD WAS SET OR TIED.
MM INDICATES DATA IS MISSING.
T  INDICATES TRACE AMOUNT.




$$
