000
CDUS44 KFWD 232221 AAA
CLIACT

CLIMATE REPORT...UPDATE
NATIONAL WEATHER SERVICE FORT WORTH TX
522 PM CDT SAT AUG 23 2014

UPDATED TODAY/S HIGH TEMPERATURE.

...................................

...THE WACO CLIMATE SUMMARY FOR AUGUST 23 2014...
VALID AS OF 0520 PM LOCAL TIME.

CLIMATE NORMAL PERIOD 1981 TO 2010
CLIMATE RECORD PERIOD 1901 TO 2014


WEATHER ITEM   OBSERVED TIME   RECORD YEAR NORMAL DEPARTURE LAST
                VALUE   (LST)  VALUE       VALUE  FROM      YEAR
                                                  NORMAL
..................................................................
TEMPERATURE (F)
 TODAY
  MAXIMUM        100    324 PM 107    2010  96      4       98
  MINIMUM         75    610 AM  64    1956  73      2       79
                                      1949
  AVERAGE         88

PRECIPITATION (IN)
  TODAY            0.00          1.63 1996   0.07  -0.07     0.00
  MONTH TO DATE    0.46                      1.40  -0.94     0.16
  SINCE JUN 1      8.92                      6.62   2.30     7.28
  SINCE JAN 1     20.06                     21.51  -1.45    21.37

..................................................................


WIND (MPH)
  HIGHEST WIND SPEED    17   HIGHEST WIND DIRECTION     S (190)
  HIGHEST GUST SPEED    23   HIGHEST GUST DIRECTION     S (190)
  AVERAGE WIND SPEED    11.8




..........................................................


THE WACO CLIMATE NORMALS FOR TOMORROW
                         NORMAL    RECORD    YEAR
 MAXIMUM TEMPERATURE (F)   96       106      2011
 MINIMUM TEMPERATURE (F)   73        63      1961


SUNRISE AND SUNSET
AUGUST 23 2014........SUNRISE   659 AM CDT   SUNSET   803 PM CDT
AUGUST 24 2014........SUNRISE   700 AM CDT   SUNSET   802 PM CDT


-  INDICATES NEGATIVE NUMBERS.
R  INDICATES RECORD WAS SET OR TIED.
MM INDICATES DATA IS MISSING.
T  INDICATES TRACE AMOUNT.


$$

58
