000
CDUS44 KFWD 310638
CLIACT


CLIMATE REPORT
NATIONAL WEATHER SERVICE FORT WORTH TX
1238 AM CST WED JAN 31 2018


...................................

...THE WACO CLIMATE SUMMARY FOR JANUARY 30 2018...

CLIMATE NORMAL PERIOD 1981 TO 2010
CLIMATE RECORD PERIOD 1901 TO 2018


WEATHER ITEM   OBSERVED TIME   RECORD YEAR NORMAL DEPARTURE LAST
                VALUE   (LST)  VALUE       VALUE  FROM      YEAR
                                                  NORMAL
..................................................................
TEMPERATURE (F)
 YESTERDAY
  MAXIMUM         65    423 PM  90    1911  59      6       77
  MINIMUM         23    727 AM   1    1949  37    -14       34
  AVERAGE         44                        48     -4       56

PRECIPITATION (IN)
  YESTERDAY        0.00          1.66 1964   0.07  -0.07     0.00
  MONTH TO DATE    0.31                      2.04  -1.73     3.11
  SINCE DEC 1      2.09                      4.79  -2.70     4.38
  SINCE JAN 1      0.31                      2.04  -1.73     3.11

SNOWFALL (IN)
  YESTERDAY        0.0           7.0  1949   0.0    0.0      0.0
  MONTH TO DATE    T                         0.3   -0.3      0.0
  SINCE DEC 1      T                         0.3   -0.3       T
  SINCE JUL 1      T                         0.4   -0.4       T
  SNOW DEPTH       0

DEGREE DAYS
 HEATING
  YESTERDAY       21                        17      4        9
  MONTH TO DATE  635                       539     96      413
  SINCE DEC 1   1159                      1063     96      853
  SINCE JUL 1   1400                      1391      9      996

 COOLING
  YESTERDAY        0                         0      0        0
  MONTH TO DATE    0                         0      0        9
  SINCE DEC 1      9                         5      4       32
  SINCE JAN 1      0                         0      0        9
..................................................................


WIND (MPH)
  HIGHEST WIND SPEED    20   HIGHEST WIND DIRECTION     S (180)
  HIGHEST GUST SPEED    24   HIGHEST GUST DIRECTION     S (180)
  AVERAGE WIND SPEED     8.9


SKY COVER
  POSSIBLE SUNSHINE  MM
  AVERAGE SKY COVER 0.0


WEATHER CONDITIONS
 THE FOLLOWING WEATHER WAS RECORDED YESTERDAY.
  NO SIGNIFICANT WEATHER WAS OBSERVED.


RELATIVE HUMIDITY (PERCENT)
 HIGHEST    88           600 AM
 LOWEST     22           300 PM
 AVERAGE    55

..........................................................


THE WACO CLIMATE NORMALS FOR TODAY
                         NORMAL    RECORD    YEAR
 MAXIMUM TEMPERATURE (F)   60        89      1911
 MINIMUM TEMPERATURE (F)   37        -5      1949


SUNRISE AND SUNSET
JANUARY 31 2018.......SUNRISE   722 AM CST   SUNSET   603 PM CST
FEBRUARY  1 2018......SUNRISE   722 AM CST   SUNSET   604 PM CST


-  INDICATES NEGATIVE NUMBERS.
R  INDICATES RECORD WAS SET OR TIED.
MM INDICATES DATA IS MISSING.
T  INDICATES TRACE AMOUNT.




$$
