480
CDUS44 KFWD 170644
CLIACT

CLIMATE REPORT
NATIONAL WEATHER SERVICE FORT WORTH TX
145 AM CDT TUE MAY 17 2016

...................................

...THE WACO CLIMATE SUMMARY FOR MAY 16 2016...

CLIMATE NORMAL PERIOD 1981 TO 2010
CLIMATE RECORD PERIOD 1901 TO 2016


WEATHER ITEM   OBSERVED TIME   RECORD YEAR NORMAL DEPARTURE LAST
                VALUE   (LST)  VALUE       VALUE  FROM      YEAR
                                                  NORMAL
..................................................................
TEMPERATURE (F)
 YESTERDAY
  MAXIMUM         80    344 PM  97    2003  85     -5       88
  MINIMUM         66    825 AM  48    2014  64      2       69
  AVERAGE         73                        74     -1       79

PRECIPITATION (IN)
  YESTERDAY        0.18          3.42 1920   0.13   0.05      T
  MONTH TO DATE    2.77                      2.20   0.57     2.32
  SINCE MAR 1     14.65                      8.04   6.61     9.66
  SINCE JAN 1     17.10                     12.79   4.31    14.39

DEGREE DAYS
 HEATING
  YESTERDAY        0                         0      0        0
  MONTH TO DATE    9                         4      5        2
  SINCE MAR 1    212                       328   -116      352
  SINCE JUL 1   1689                      2140   -451     2306

 COOLING
  YESTERDAY        8                        10     -2       14
  MONTH TO DATE   94                       124    -30      127
  SINCE MAR 1    230                       269    -39      288
  SINCE JAN 1    238                       278    -40      288
..................................................................


WIND (MPH)
  HIGHEST WIND SPEED    18   HIGHEST WIND DIRECTION    SE (140)
  HIGHEST GUST SPEED    24   HIGHEST GUST DIRECTION     S (160)
  AVERAGE WIND SPEED    10.9


SKY COVER
  POSSIBLE SUNSHINE  MM
  AVERAGE SKY COVER 0.8


WEATHER CONDITIONS
 THE FOLLOWING WEATHER WAS RECORDED YESTERDAY.
  HEAVY RAIN
  RAIN
  LIGHT RAIN
  FOG


RELATIVE HUMIDITY (PERCENT)
 HIGHEST    93           200 AM
 LOWEST     62           400 PM
 AVERAGE    78

..........................................................


THE WACO CLIMATE NORMALS FOR TODAY
                         NORMAL    RECORD    YEAR
 MAXIMUM TEMPERATURE (F)   85        94      1996
                                             1956
                                             1941
 MINIMUM TEMPERATURE (F)   64        47      1945


SUNRISE AND SUNSET
MAY 17 2016...........SUNRISE   631 AM CDT   SUNSET   820 PM CDT
MAY 18 2016...........SUNRISE   630 AM CDT   SUNSET   821 PM CDT


-  INDICATES NEGATIVE NUMBERS.
R  INDICATES RECORD WAS SET OR TIED.
MM INDICATES DATA IS MISSING.
T  INDICATES TRACE AMOUNT.

$$
