000
CDUS44 KFWD 102123
CLIACT


CLIMATE REPORT
NATIONAL WEATHER SERVICE FORT WORTH TX
423 PM CDT SUN APR 10 2016


...................................

...THE WACO CLIMATE SUMMARY FOR APRIL 10 2016...
VALID AS OF 0400 PM LOCAL TIME.

CLIMATE NORMAL PERIOD 1981 TO 2010
CLIMATE RECORD PERIOD 1901 TO 2016


WEATHER ITEM   OBSERVED TIME   RECORD YEAR NORMAL DEPARTURE LAST
                VALUE   (LST)  VALUE       VALUE  FROM      YEAR
                                                  NORMAL
..................................................................
TEMPERATURE (F)
 TODAY
  MAXIMUM         76    309 PM  98    1963  76      0       70
  MINIMUM         63    130 AM  28    1973  53     10       50
  AVERAGE         70

PRECIPITATION (IN)
  TODAY            0.00          2.82 1995   0.08  -0.08     0.00
  MONTH TO DATE    0.30                      0.74  -0.44     0.31
  SINCE MAR 1      5.63                      3.89   1.74     3.16
  SINCE JAN 1      8.08                      8.64  -0.56     7.89

SNOWFALL (IN)
  TODAY            0.0           0.0    MM   0.1   -0.1      0.0
  MONTH TO DATE    0.0                       0.1   -0.1      0.0
  SINCE MAR 1      0.0                       0.2   -0.2      0.7
  SINCE JUL 1      0.0                       1.0   -1.0      1.4
  SNOW DEPTH       0

..................................................................


WIND (MPH)
  HIGHEST WIND SPEED    22   HIGHEST WIND DIRECTION     S (190)
  HIGHEST GUST SPEED    28   HIGHEST GUST DIRECTION     S (180)
  AVERAGE WIND SPEED    15.0




..........................................................


THE WACO CLIMATE NORMALS FOR TOMORROW
                         NORMAL    RECORD    YEAR
 MAXIMUM TEMPERATURE (F)   77       100      1907
 MINIMUM TEMPERATURE (F)   53        30      1989


SUNRISE AND SUNSET
APRIL 10 2016.........SUNRISE   706 AM CDT   SUNSET   755 PM CDT
APRIL 11 2016.........SUNRISE   705 AM CDT   SUNSET   755 PM CDT


-  INDICATES NEGATIVE NUMBERS.
R  INDICATES RECORD WAS SET OR TIED.
MM INDICATES DATA IS MISSING.
T  INDICATES TRACE AMOUNT.




$$
