000
CDUS44 KFWD 220639
CLIACT


CLIMATE REPORT
NATIONAL WEATHER SERVICE FORT WORTH TX
139 AM CDT SUN MAR 22 2015


...................................

...THE WACO CLIMATE SUMMARY FOR MARCH 21 2015...

CLIMATE NORMAL PERIOD 1981 TO 2010
CLIMATE RECORD PERIOD 1901 TO 2015


WEATHER ITEM   OBSERVED TIME   RECORD YEAR NORMAL DEPARTURE LAST
                VALUE   (LST)  VALUE       VALUE  FROM      YEAR
                                                  NORMAL
..................................................................
TEMPERATURE (F)
 YESTERDAY
  MAXIMUM         60    340 PM  93    1916  71    -11       77
  MINIMUM         54    850 AM  25    1996  48      6       47
  AVERAGE         57                        60     -3       62

PRECIPITATION (IN)
  YESTERDAY        0.24          2.58 1982   0.10   0.14     0.00
  MONTH TO DATE    2.84                      2.25   0.59     0.42
  SINCE MAR 1      2.84                      2.25   0.59     0.42
  SINCE JAN 1      7.57                      7.00   0.57     1.18

SNOWFALL (IN)
  YESTERDAY        0.0           T    1968   0.0    0.0      0.0
                                      1927
  MONTH TO DATE    0.7                       0.1    0.6      0.1
  SINCE MAR 1      0.7                       0.1    0.6      0.1
  SINCE JUL 1      1.4                       1.0    0.4      0.1
  SNOW DEPTH       0

DEGREE DAYS
 HEATING
  YESTERDAY        8                         7      1        3
  MONTH TO DATE  265                       189     76      285
  SINCE MAR 1    265                       189     76      285
  SINCE JUL 1   2219                      2001    218     2428

 COOLING
  YESTERDAY        0                         1     -1        0
  MONTH TO DATE    6                        20    -14        4
  SINCE MAR 1      6                        20    -14        4
  SINCE JAN 1      6                        29    -23        4
..................................................................


WIND (MPH)
  HIGHEST WIND SPEED    16   HIGHEST WIND DIRECTION    NE (60)
  HIGHEST GUST SPEED    18   HIGHEST GUST DIRECTION    NE (60)
  AVERAGE WIND SPEED     7.7


SKY COVER
  POSSIBLE SUNSHINE  MM
  AVERAGE SKY COVER 1.0


WEATHER CONDITIONS
 THE FOLLOWING WEATHER WAS RECORDED YESTERDAY.
  LIGHT RAIN
  FOG


RELATIVE HUMIDITY (PERCENT)
 HIGHEST   100           600 AM
 LOWEST     90           100 PM
 AVERAGE    95

..........................................................


THE WACO CLIMATE NORMALS FOR TODAY
                         NORMAL    RECORD    YEAR
 MAXIMUM TEMPERATURE (F)   71        89      1995
 MINIMUM TEMPERATURE (F)   49        30      1955
                                             1915
                                             1914


SUNRISE AND SUNSET
MARCH 22 2015.........SUNRISE   730 AM CDT   SUNSET   742 PM CDT
MARCH 23 2015.........SUNRISE   729 AM CDT   SUNSET   742 PM CDT


-  INDICATES NEGATIVE NUMBERS.
R  INDICATES RECORD WAS SET OR TIED.
MM INDICATES DATA IS MISSING.
T  INDICATES TRACE AMOUNT.




$$
