000
CDUS44 KFWD 060638
CLIACT

CLIMATE REPORT
NATIONAL WEATHER SERVICE FORT WORTH TX
140 AM CDT SAT MAY 6 2017

...................................

...THE WACO CLIMATE SUMMARY FOR MAY 5 2017...

CLIMATE NORMAL PERIOD 1981 TO 2010
CLIMATE RECORD PERIOD 1901 TO 2017


WEATHER ITEM   OBSERVED TIME   RECORD YEAR NORMAL DEPARTURE LAST
                VALUE   (LST)  VALUE       VALUE  FROM      YEAR
                                                  NORMAL
..................................................................
TEMPERATURE (F)
 YESTERDAY
  MAXIMUM         81    423 PM 100    1984  82     -1       84
                                      1906
  MINIMUM         46    440 AM  40    2013  61    -15       52
  AVERAGE         64                        71     -7       68

PRECIPITATION (IN)
  YESTERDAY        0.00          2.12 1995   0.14  -0.14     0.00
  MONTH TO DATE    T                         0.69  -0.69     0.35
  SINCE MAR 1     10.35                      6.53   3.82    12.23
  SINCE JAN 1     16.51                     11.28   5.23    14.68

DEGREE DAYS
 HEATING
  YESTERDAY        1                         0      1        0
  MONTH TO DATE    3                         4     -1        9
  SINCE MAR 1    159                       328   -169      212
  SINCE JUL 1   1335                      2140   -805     1689

 COOLING
  YESTERDAY        0                         7     -7        3
  MONTH TO DATE   17                        32    -15        8
  SINCE MAR 1    248                       177     71      144
  SINCE JAN 1    306                       186    120      152
..................................................................


WIND (MPH)
  HIGHEST WIND SPEED    18   HIGHEST WIND DIRECTION     N (360)
  HIGHEST GUST SPEED    26   HIGHEST GUST DIRECTION     N (350)
  AVERAGE WIND SPEED     7.6


SKY COVER
  POSSIBLE SUNSHINE  MM
  AVERAGE SKY COVER 0.0


WEATHER CONDITIONS
 THE FOLLOWING WEATHER WAS RECORDED YESTERDAY.
  NO SIGNIFICANT WEATHER WAS OBSERVED.


RELATIVE HUMIDITY (PERCENT)
 HIGHEST    86          1200 AM
 LOWEST     25           200 PM
 AVERAGE    56

..........................................................


THE WACO CLIMATE NORMALS FOR TODAY
                         NORMAL    RECORD    YEAR
 MAXIMUM TEMPERATURE (F)   83       100      1984
 MINIMUM TEMPERATURE (F)   61        42      2013


SUNRISE AND SUNSET
MAY  6 2017...........SUNRISE   639 AM CDT   SUNSET   812 PM CDT
MAY  7 2017...........SUNRISE   638 AM CDT   SUNSET   813 PM CDT


-  INDICATES NEGATIVE NUMBERS.
R  INDICATES RECORD WAS SET OR TIED.
MM INDICATES DATA IS MISSING.
T  INDICATES TRACE AMOUNT.

$$
