000
CDUS44 KFWD 082221
CLIACT

CLIMATE REPORT
NATIONAL WEATHER SERVICE FORT WORTH TX
421 PM CST MON DEC 8 2014

...................................

...THE WACO CLIMATE SUMMARY FOR DECEMBER 8 2014...
VALID AS OF 0400 PM LOCAL TIME.

CLIMATE NORMAL PERIOD 1981 TO 2010
CLIMATE RECORD PERIOD 1901 TO 2014


WEATHER ITEM   OBSERVED TIME   RECORD YEAR NORMAL DEPARTURE LAST
                VALUE   (LST)  VALUE       VALUE  FROM      YEAR
                                                  NORMAL
..................................................................
TEMPERATURE (F)
 TODAY
  MAXIMUM         59    358 PM  86    1904  60     -1       38
  MINIMUM         37    546 AM  19    2005  39     -2       25
  AVERAGE         48

PRECIPITATION (IN)
  TODAY            0.00          2.69 1980   0.10  -0.10     0.00
  MONTH TO DATE    0.02                      0.70  -0.68     0.24
  SINCE DEC 1      0.02                      0.70  -0.68     0.24
  SINCE JAN 1     29.57                     32.64  -3.07    36.79

SNOWFALL (IN)
  TODAY            0.0           T    1916   0.0    0.0      0.0
  MONTH TO DATE    0.0                       0.0    0.0       T
  SINCE DEC 1      0.0                       0.0    0.0       T
  SINCE JUL 1      0.0                       0.1   -0.1       T
  SNOW DEPTH       0

..................................................................


WIND (MPH)
  HIGHEST WIND SPEED    12   HIGHEST WIND DIRECTION    NW (330)
  HIGHEST GUST SPEED    14   HIGHEST GUST DIRECTION    NW (330)
  AVERAGE WIND SPEED     5.0




..........................................................


THE WACO CLIMATE NORMALS FOR TOMORROW
                         NORMAL    RECORD    YEAR
 MAXIMUM TEMPERATURE (F)   60        81      2012
 MINIMUM TEMPERATURE (F)   38        17      2005


SUNRISE AND SUNSET
DECEMBER  8 2014......SUNRISE   716 AM CST   SUNSET   525 PM CST
DECEMBER  9 2014......SUNRISE   717 AM CST   SUNSET   526 PM CST


-  INDICATES NEGATIVE NUMBERS.
R  INDICATES RECORD WAS SET OR TIED.
MM INDICATES DATA IS MISSING.
T  INDICATES TRACE AMOUNT.


$$


58
