000
CDUS44 KFWD 312121
CLIACT

CLIMATE REPORT
NATIONAL WEATHER SERVICE FORT WORTH TX
420 PM CDT MON MAR 31 2014


...................................

...THE WACO CLIMATE SUMMARY FOR MARCH 31 2014...
VALID AS OF 0400 PM LOCAL TIME.

CLIMATE NORMAL PERIOD 1981 TO 2010
CLIMATE RECORD PERIOD 1901 TO 2014


WEATHER ITEM   OBSERVED TIME   RECORD YEAR NORMAL DEPARTURE LAST
                VALUE   (LST)  VALUE       VALUE  FROM      YEAR
                                                  NORMAL
..................................................................
TEMPERATURE (F)
 TODAY
  MAXIMUM         80    150 PM  93    1946  74      6       80
  MINIMUM         56    423 AM  28    1937  51      5       55
  AVERAGE         68

PRECIPITATION (IN)
  TODAY            0.00          1.80 1919   0.09  -0.09     0.00
  MONTH TO DATE    0.87                      3.15  -2.28     1.83
  SINCE MAR 1      0.87                      3.15  -2.28     1.83
  SINCE JAN 1      1.63                      7.90  -6.27     8.98

SNOWFALL (IN)
  TODAY            0.0           0.0    MM   0.0    0.0      0.0
  MONTH TO DATE    0.1                       0.1    0.0      0.0
  SINCE MAR 1      0.1                       0.1    0.0      0.0
  SINCE JUL 1      0.1                       1.0   -0.9       T
  SNOW DEPTH       0

..................................................................


WIND (MPH)
  HIGHEST WIND SPEED    26   HIGHEST WIND DIRECTION     S (190)
  HIGHEST GUST SPEED    36   HIGHEST GUST DIRECTION     S (200)
  AVERAGE WIND SPEED    17.5




..........................................................


THE WACO CLIMATE NORMALS FOR TOMORROW
                         NORMAL    RECORD    YEAR
 MAXIMUM TEMPERATURE (F)   74        90      2011
                                             1935
 MINIMUM TEMPERATURE (F)   51        31      1937


SUNRISE AND SUNSET
MARCH 31 2014.........SUNRISE   719 AM CDT   SUNSET   748 PM CDT
APRIL  1 2014.........SUNRISE   717 AM CDT   SUNSET   748 PM CDT


-  INDICATES NEGATIVE NUMBERS.
R  INDICATES RECORD WAS SET OR TIED.
MM INDICATES DATA IS MISSING.
T  INDICATES TRACE AMOUNT.




$$
