000
CDUS44 KFWD 260647
CLIACT


CLIMATE REPORT
NATIONAL WEATHER SERVICE FORT WORTH TX
146 AM CDT WED AUG 26 2015


...................................

...THE WACO CLIMATE SUMMARY FOR AUGUST 25 2015...

CLIMATE NORMAL PERIOD 1981 TO 2010
CLIMATE RECORD PERIOD 1901 TO 2015


WEATHER ITEM   OBSERVED TIME   RECORD YEAR NORMAL DEPARTURE LAST
                VALUE   (LST)  VALUE       VALUE  FROM      YEAR
                                                  NORMAL
..................................................................
TEMPERATURE (F)
 YESTERDAY
  MAXIMUM         96    150 PM 104    1990  96      0      100
  MINIMUM         73    558 AM  62    1917  73      0       75
  AVERAGE         85                        84      1       88

PRECIPITATION (IN)
  YESTERDAY        0.00          1.33 1930   0.08  -0.08     0.00
  MONTH TO DATE    0.77                      1.55  -0.78     0.46
  SINCE JUN 1      6.74                      6.77  -0.03     8.92
  SINCE JAN 1     28.08                     21.66   6.42    20.06

DEGREE DAYS
 HEATING
  YESTERDAY        0                         0      0        0
  MONTH TO DATE    0                         0      0        0
  SINCE JUN 1      0                         0      0        0
  SINCE JUL 1      0                         0      0        0

 COOLING
  YESTERDAY       20                        19      1       23
  MONTH TO DATE  558                       516     42      524
  SINCE JUN 1   1711                      1630     81     1568
  SINCE JAN 1   2146                      2082     64     1955
..................................................................


WIND (MPH)
  HIGHEST WIND SPEED    18   HIGHEST WIND DIRECTION    SE (120)
  HIGHEST GUST SPEED    22   HIGHEST GUST DIRECTION     E (110)
  AVERAGE WIND SPEED     5.8


SKY COVER
  POSSIBLE SUNSHINE  MM
  AVERAGE SKY COVER 0.1


WEATHER CONDITIONS
 THE FOLLOWING WEATHER WAS RECORDED YESTERDAY.
  NO SIGNIFICANT WEATHER WAS OBSERVED.


RELATIVE HUMIDITY (PERCENT)
 HIGHEST    87           300 AM
 LOWEST     39           200 PM
 AVERAGE    63

..........................................................


THE WACO CLIMATE NORMALS FOR TODAY
                         NORMAL    RECORD    YEAR
 MAXIMUM TEMPERATURE (F)   96       105      2011
                                             1999
                                             1990
 MINIMUM TEMPERATURE (F)   73        61      1926


SUNRISE AND SUNSET
AUGUST 26 2015........SUNRISE   701 AM CDT   SUNSET   800 PM CDT
AUGUST 27 2015........SUNRISE   701 AM CDT   SUNSET   759 PM CDT


-  INDICATES NEGATIVE NUMBERS.
R  INDICATES RECORD WAS SET OR TIED.
MM INDICATES DATA IS MISSING.
T  INDICATES TRACE AMOUNT.




$$
