000
CDUS44 KFWD 160648
CLIACT

CLIMATE REPORT
NATIONAL WEATHER SERVICE FORT WORTH TX
144 AM CDT WED JUL 16 2014

...................................

...THE WACO CLIMATE SUMMARY FOR JULY 15 2014...

CLIMATE NORMAL PERIOD 1981 TO 2010
CLIMATE RECORD PERIOD 1901 TO 2014


WEATHER ITEM   OBSERVED TIME   RECORD YEAR NORMAL DEPARTURE LAST
                VALUE   (LST)  VALUE       VALUE  FROM      YEAR
                                                  NORMAL
..................................................................
TEMPERATURE (F)
 YESTERDAY
  MAXIMUM         90    408 PM 107    1978  96     -6       75
                                      1969
  MINIMUM         73   1159 PM  63    1987  74     -1       67
  AVERAGE         82                        85     -3       71

PRECIPITATION (IN)
  YESTERDAY        T             4.47 1973   0.06  -0.06     2.20
  MONTH TO DATE    T                         0.89  -0.89     4.65
  SINCE JUN 1      8.31                      4.32   3.99     6.27
  SINCE JAN 1     19.45                     19.21   0.24    20.36

DEGREE DAYS
 HEATING
  YESTERDAY        0                         0      0        0
  MONTH TO DATE    0                         0      0        0
  SINCE JUN 1      0                         0      0        0
  SINCE JUL 1      0                         0      0        0

 COOLING
  YESTERDAY       17                        20     -3        6
  MONTH TO DATE  275                       293    -18      276
  SINCE JUN 1    756                       781    -25      828
  SINCE JAN 1   1143                      1233    -90     1245
..................................................................


WIND (MPH)
  HIGHEST WIND SPEED    17   HIGHEST WIND DIRECTION     S (180)
  HIGHEST GUST SPEED    20   HIGHEST GUST DIRECTION     S (180)
  AVERAGE WIND SPEED     6.0


SKY COVER
  POSSIBLE SUNSHINE  MM
  AVERAGE SKY COVER 0.5


WEATHER CONDITIONS
 THE FOLLOWING WEATHER WAS RECORDED YESTERDAY.
  THUNDERSTORM
  LIGHT RAIN


RELATIVE HUMIDITY (PERCENT)
 HIGHEST    87          1000 PM
 LOWEST     50           700 PM
 AVERAGE    69

..........................................................


THE WACO CLIMATE NORMALS FOR TODAY
                         NORMAL    RECORD    YEAR
 MAXIMUM TEMPERATURE (F)   96       107      1978
 MINIMUM TEMPERATURE (F)   74        66      1990
                                             1967
                                             1930


SUNRISE AND SUNSET
JULY 16 2014..........SUNRISE   635 AM CDT   SUNSET   835 PM CDT
JULY 17 2014..........SUNRISE   636 AM CDT   SUNSET   834 PM CDT


-  INDICATES NEGATIVE NUMBERS.
R  INDICATES RECORD WAS SET OR TIED.
MM INDICATES DATA IS MISSING.
T  INDICATES TRACE AMOUNT.




$$
