000
CDUS44 KFWD 090638
CLIACT


CLIMATE REPORT
NATIONAL WEATHER SERVICE FORT WORTH TX
137 AM CDT TUE AUG 9 2016


...................................

...THE WACO CLIMATE SUMMARY FOR AUGUST 8 2016...

CLIMATE NORMAL PERIOD 1981 TO 2010
CLIMATE RECORD PERIOD 1901 TO 2016


WEATHER ITEM   OBSERVED TIME   RECORD YEAR NORMAL DEPARTURE LAST
                VALUE   (LST)  VALUE       VALUE  FROM      YEAR
                                                  NORMAL
..................................................................
TEMPERATURE (F)
 YESTERDAY
  MAXIMUM        101    438 PM 108    1988  98      3      102
  MINIMUM         79    633 AM  61    1990  75      4       77
  AVERAGE         90                        86      4       90

PRECIPITATION (IN)
  YESTERDAY        0.00          1.80 1914   0.07  -0.07     0.00
  MONTH TO DATE    0.00                      0.47  -0.47     0.00
  SINCE JUN 1      4.73                      5.69  -0.96     5.97
  SINCE JAN 1     27.37                     20.58   6.79    27.31

DEGREE DAYS
 HEATING
  YESTERDAY        0                         0      0        0
  MONTH TO DATE    0                         0      0        0
  SINCE JUN 1      0                         0      0        0
  SINCE JUL 1      0                         0      0        0

 COOLING
  YESTERDAY       25                        21      4       25
  MONTH TO DATE  197                       168     29      187
  SINCE JUN 1   1430                      1282    148     1340
  SINCE JAN 1   1821                      1734     87     1775
..................................................................


WIND (MPH)
  HIGHEST WIND SPEED    16   HIGHEST WIND DIRECTION     S (190)
  HIGHEST GUST SPEED    20   HIGHEST GUST DIRECTION    SE (150)
  AVERAGE WIND SPEED     9.8


SKY COVER
  POSSIBLE SUNSHINE  MM
  AVERAGE SKY COVER 0.1


WEATHER CONDITIONS
 THE FOLLOWING WEATHER WAS RECORDED YESTERDAY.
  NO SIGNIFICANT WEATHER WAS OBSERVED.


RELATIVE HUMIDITY (PERCENT)
 HIGHEST    79           600 AM
 LOWEST     31           300 PM
 AVERAGE    55

..........................................................


THE WACO CLIMATE NORMALS FOR TODAY
                         NORMAL    RECORD    YEAR
 MAXIMUM TEMPERATURE (F)   98       106      1988
                                             1962
 MINIMUM TEMPERATURE (F)   75        59      1989


SUNRISE AND SUNSET
AUGUST  9 2016........SUNRISE   650 AM CDT   SUNSET   818 PM CDT
AUGUST 10 2016........SUNRISE   651 AM CDT   SUNSET   817 PM CDT


-  INDICATES NEGATIVE NUMBERS.
R  INDICATES RECORD WAS SET OR TIED.
MM INDICATES DATA IS MISSING.
T  INDICATES TRACE AMOUNT.




$$
