450
CDUS44 KFWD 012224
CLIACT


CLIMATE REPORT
NATIONAL WEATHER SERVICE FORT WORTH TX
424 PM CST MON FEB 1 2016


...................................

...THE WACO CLIMATE SUMMARY FOR FEBRUARY 1 2016...
VALID AS OF 0400 PM LOCAL TIME.

CLIMATE NORMAL PERIOD 1981 TO 2010
CLIMATE RECORD PERIOD 1901 TO 2016


WEATHER ITEM   OBSERVED TIME   RECORD YEAR NORMAL DEPARTURE LAST
                VALUE   (LST)  VALUE       VALUE  FROM      YEAR
                                                  NORMAL
..................................................................
TEMPERATURE (F)
 TODAY
  MAXIMUM         75    259 PM  85    1963  60     15       67
  MINIMUM         37    532 AM   5    1949  37      0       39
  AVERAGE         56

PRECIPITATION (IN)
  TODAY            0.00          3.10 1941   0.08  -0.08      T
  MONTH TO DATE    0.00                      0.08  -0.08      T
  SINCE DEC 1      3.91                      4.95  -1.04     4.02
  SINCE JAN 1      0.29                      2.20  -1.91     3.48

SNOWFALL (IN)
  TODAY            0.0           1.9  1985   0.0    0.0      0.0
  MONTH TO DATE    0.0                       0.0    0.0      0.0
  SINCE DEC 1      0.0                       0.3   -0.3       T
  SINCE JUL 1      0.0                       0.4   -0.4       T
  SNOW DEPTH       0

..................................................................


WIND (MPH)
  HIGHEST WIND SPEED    24   HIGHEST WIND DIRECTION    SE (140)
  HIGHEST GUST SPEED    29   HIGHEST GUST DIRECTION     S (170)
  AVERAGE WIND SPEED     7.0




..........................................................


THE WACO CLIMATE NORMALS FOR TOMORROW
                         NORMAL    RECORD    YEAR
 MAXIMUM TEMPERATURE (F)   60        82      1995
 MINIMUM TEMPERATURE (F)   37         4      1985


SUNRISE AND SUNSET
FEBRUARY  1 2016......SUNRISE   722 AM CST   SUNSET   603 PM CST
FEBRUARY  2 2016......SUNRISE   721 AM CST   SUNSET   604 PM CST


-  INDICATES NEGATIVE NUMBERS.
R  INDICATES RECORD WAS SET OR TIED.
MM INDICATES DATA IS MISSING.
T  INDICATES TRACE AMOUNT.




$$
