000
CDUS44 KFWD 170639
CLIACT


CLIMATE REPORT
NATIONAL WEATHER SERVICE FORT WORTH TX
138 AM CDT SAT JUN 17 2017


...................................

...THE WACO CLIMATE SUMMARY FOR JUNE 16 2017...

CLIMATE NORMAL PERIOD 1981 TO 2010
CLIMATE RECORD PERIOD 1901 TO 2017


WEATHER ITEM   OBSERVED TIME   RECORD YEAR NORMAL DEPARTURE LAST
                VALUE   (LST)  VALUE       VALUE  FROM      YEAR
                                                  NORMAL
..................................................................
TEMPERATURE (F)
 YESTERDAY
  MAXIMUM         97    351 PM 103    2011  92      5       96
                                      1998
  MINIMUM         77    601 AM  56    1989  71      6       76
                                      1933
  AVERAGE         87                        82      5       86

PRECIPITATION (IN)
  YESTERDAY        0.00          3.01 1964   0.12  -0.12     0.00
  MONTH TO DATE    1.09                      2.15  -1.06     4.59
  SINCE JUN 1      1.09                      2.15  -1.06     4.59
  SINCE JAN 1     20.40                     17.04   3.36    27.23

DEGREE DAYS
 HEATING
  YESTERDAY        0                         0      0        0
  MONTH TO DATE    0                         0      0        0
  SINCE JUN 1      0                         0      0        0
  SINCE JUL 1   1335                      2142   -807     1691

 COOLING
  YESTERDAY       22                        16      6       21
  MONTH TO DATE  263                       240     23      247
  SINCE JUN 1    263                       240     23      247
  SINCE JAN 1    832                       692    140      638
..................................................................


WIND (MPH)
  HIGHEST WIND SPEED    24   HIGHEST WIND DIRECTION     S (170)
  HIGHEST GUST SPEED    29   HIGHEST GUST DIRECTION     S (170)
  AVERAGE WIND SPEED    14.3


SKY COVER
  POSSIBLE SUNSHINE  MM
  AVERAGE SKY COVER 0.1


WEATHER CONDITIONS
 THE FOLLOWING WEATHER WAS RECORDED YESTERDAY.
  NO SIGNIFICANT WEATHER WAS OBSERVED.


RELATIVE HUMIDITY (PERCENT)
 HIGHEST    88           500 AM
 LOWEST     40           400 PM
 AVERAGE    64

..........................................................


THE WACO CLIMATE NORMALS FOR TODAY
                         NORMAL    RECORD    YEAR
 MAXIMUM TEMPERATURE (F)   92       104      2011
 MINIMUM TEMPERATURE (F)   71        58      1917


SUNRISE AND SUNSET
JUNE 17 2017..........SUNRISE   624 AM CDT   SUNSET   836 PM CDT
JUNE 18 2017..........SUNRISE   624 AM CDT   SUNSET   836 PM CDT


-  INDICATES NEGATIVE NUMBERS.
R  INDICATES RECORD WAS SET OR TIED.
MM INDICATES DATA IS MISSING.
T  INDICATES TRACE AMOUNT.




$$
