000
CDUS44 KFWD 180701
CLIACT


CLIMATE REPORT
NATIONAL WEATHER SERVICE FORT WORTH TX
201 AM CDT SAT JUL 18 2015


...................................

...THE WACO CLIMATE SUMMARY FOR JULY 17 2015...

CLIMATE NORMAL PERIOD 1981 TO 2010
CLIMATE RECORD PERIOD 1901 TO 2015


WEATHER ITEM   OBSERVED TIME   RECORD YEAR NORMAL DEPARTURE LAST
                VALUE   (LST)  VALUE       VALUE  FROM      YEAR
                                                  NORMAL
..................................................................
TEMPERATURE (F)
 YESTERDAY
  MAXIMUM         96    255 PM 106    1925  97     -1       85
  MINIMUM         75    540 AM  68    1961  74      1       73
  AVERAGE         86                        85      1       79

PRECIPITATION (IN)
  YESTERDAY        0.00          4.10 1911   0.05  -0.05     0.15
  MONTH TO DATE    0.00                      1.00  -1.00     0.15
  SINCE JUN 1      5.97                      4.43   1.54     8.46
  SINCE JAN 1     27.31                     19.32   7.99    19.60

DEGREE DAYS
 HEATING
  YESTERDAY        0                         0      0        0
  MONTH TO DATE    0                         0      0        0
  SINCE JUN 1      0                         0      0        0
  SINCE JUL 1      0                         0      0        0

 COOLING
  YESTERDAY       21                        20      1       14
  MONTH TO DATE  333                       333      0      304
  SINCE JUN 1    837                       821     16      785
  SINCE JAN 1   1272                      1273     -1     1172
..................................................................


WIND (MPH)
  HIGHEST WIND SPEED    18   HIGHEST WIND DIRECTION     S (170)
  HIGHEST GUST SPEED    23   HIGHEST GUST DIRECTION     S (180)
  AVERAGE WIND SPEED    12.8


SKY COVER
  POSSIBLE SUNSHINE  MM
  AVERAGE SKY COVER 0.0


WEATHER CONDITIONS
 THE FOLLOWING WEATHER WAS RECORDED YESTERDAY.
  NO SIGNIFICANT WEATHER WAS OBSERVED.


RELATIVE HUMIDITY (PERCENT)
 HIGHEST    94           600 AM
 LOWEST     43           200 PM
 AVERAGE    69

..........................................................


THE WACO CLIMATE NORMALS FOR TODAY
                         NORMAL    RECORD    YEAR
 MAXIMUM TEMPERATURE (F)   97       106      2006
                                             1925
 MINIMUM TEMPERATURE (F)   74        68      1945


SUNRISE AND SUNSET
JULY 18 2015..........SUNRISE   636 AM CDT   SUNSET   834 PM CDT
JULY 19 2015..........SUNRISE   637 AM CDT   SUNSET   833 PM CDT


-  INDICATES NEGATIVE NUMBERS.
R  INDICATES RECORD WAS SET OR TIED.
MM INDICATES DATA IS MISSING.
T  INDICATES TRACE AMOUNT.




$$
