000
CDUS44 KFWD 070644
CLIACT

CLIMATE REPORT
NATIONAL WEATHER SERVICE FORT WORTH TX
139 AM CDT SUN SEP 7 2014

...THE WACO CLIMATE SUMMARY FOR SEPTEMBER 6 2014...

CLIMATE NORMAL PERIOD 1981 TO 2010
CLIMATE RECORD PERIOD 1901 TO 2014


WEATHER ITEM   OBSERVED TIME   RECORD YEAR NORMAL DEPARTURE LAST
                VALUE   (LST)  VALUE       VALUE  FROM      YEAR
                                                  NORMAL
..................................................................
TEMPERATURE (F)
 YESTERDAY
  MAXIMUM         97    318 PM 104    1990  93      4      100
  MINIMUM         73    500 PM  53    2011  70      3       73
                                      1997
  AVERAGE         85                        81      4       87

PRECIPITATION (IN)
  YESTERDAY        0.83          2.15 1929   0.10   0.73     0.00
  MONTH TO DATE    0.83                      0.60   0.23     0.00
  SINCE SEP 1      0.83                      0.60   0.23     0.00
  SINCE JAN 1     21.41                     22.76  -1.35    21.43

DEGREE DAYS
 HEATING
  YESTERDAY        0                         0      0        0
  MONTH TO DATE    0                         0      0        0
  SINCE SEP 1      0                         0      0        0
  SINCE JUL 1      0                         0      0        0

 COOLING
  YESTERDAY       20                        16      4       22
  MONTH TO DATE  131                       102     29      138
  SINCE SEP 1    131                       102     29      138
  SINCE JAN 1   2206                      2297    -91     2349
..................................................................


WIND (MPH)
  HIGHEST WIND SPEED    24   HIGHEST WIND DIRECTION    SE (120)
  HIGHEST GUST SPEED    30   HIGHEST GUST DIRECTION    SE (130)
  AVERAGE WIND SPEED     6.8


SKY COVER
  POSSIBLE SUNSHINE  MM
  AVERAGE SKY COVER 0.4


WEATHER CONDITIONS
 THE FOLLOWING WEATHER WAS RECORDED YESTERDAY.
  THUNDERSTORM
  HEAVY RAIN
  LIGHT RAIN
  FOG


RELATIVE HUMIDITY (PERCENT)
 HIGHEST    93           600 AM
 LOWEST     38           300 PM
 AVERAGE    66

..........................................................


THE WACO CLIMATE NORMALS FOR TODAY
                         NORMAL    RECORD    YEAR
 MAXIMUM TEMPERATURE (F)   93       103      2012
 MINIMUM TEMPERATURE (F)   70        52      2011


SUNRISE AND SUNSET
SEPTEMBER  7 2014.....SUNRISE   708 AM CDT   SUNSET   745 PM CDT
SEPTEMBER  8 2014.....SUNRISE   709 AM CDT   SUNSET   744 PM CDT


-  INDICATES NEGATIVE NUMBERS.
R  INDICATES RECORD WAS SET OR TIED.
MM INDICATES DATA IS MISSING.
T  INDICATES TRACE AMOUNT.




$$
