823
CDUS44 KFWD 150701
CLIACT


CLIMATE REPORT
NATIONAL WEATHER SERVICE FORT WORTH TX
201 AM CDT FRI JUL 15 2016


...................................

...THE WACO CLIMATE SUMMARY FOR JULY 14 2016...

CLIMATE NORMAL PERIOD 1981 TO 2010
CLIMATE RECORD PERIOD 1901 TO 2016


WEATHER ITEM   OBSERVED TIME   RECORD YEAR NORMAL DEPARTURE LAST
                VALUE   (LST)  VALUE       VALUE  FROM      YEAR
                                                  NORMAL
..................................................................
TEMPERATURE (F)
 YESTERDAY
  MAXIMUM         98    500 PM 107    1925  96      2       96
  MINIMUM         77    620 AM  60    1990  74      3       75
  AVERAGE         88                        85      3       86

PRECIPITATION (IN)
  YESTERDAY        0.00          2.45 2013   0.05  -0.05     0.00
  MONTH TO DATE    T                         0.83  -0.83     0.00
  SINCE JUN 1      4.59                      4.26   0.33     5.97
  SINCE JAN 1     27.23                     19.15   8.08    27.31

DEGREE DAYS
 HEATING
  YESTERDAY        0                         0      0        0
  MONTH TO DATE    0                         0      0        0
  SINCE JUN 1      0                         0      0        0
  SINCE JUL 1      0                         0      0        0

 COOLING
  YESTERDAY       23                        20      3       21
  MONTH TO DATE  313                       273     40      274
  SINCE JUN 1    842                       761     81      778
  SINCE JAN 1   1233                      1213     20     1213
..................................................................


WIND (MPH)
  HIGHEST WIND SPEED    23   HIGHEST WIND DIRECTION     S (180)
  HIGHEST GUST SPEED    28   HIGHEST GUST DIRECTION     S (180)
  AVERAGE WIND SPEED    14.9


SKY COVER
  POSSIBLE SUNSHINE  MM
  AVERAGE SKY COVER 0.1


WEATHER CONDITIONS
 THE FOLLOWING WEATHER WAS RECORDED YESTERDAY.
  NO SIGNIFICANT WEATHER WAS OBSERVED.


RELATIVE HUMIDITY (PERCENT)
 HIGHEST    85           700 AM
 LOWEST     39           400 PM
 AVERAGE    62

..........................................................


THE WACO CLIMATE NORMALS FOR TODAY
                         NORMAL    RECORD    YEAR
 MAXIMUM TEMPERATURE (F)   96       107      1978
                                             1969
 MINIMUM TEMPERATURE (F)   74        63      1987


SUNRISE AND SUNSET
JULY 15 2016..........SUNRISE   635 AM CDT   SUNSET   835 PM CDT
JULY 16 2016..........SUNRISE   635 AM CDT   SUNSET   834 PM CDT


-  INDICATES NEGATIVE NUMBERS.
R  INDICATES RECORD WAS SET OR TIED.
MM INDICATES DATA IS MISSING.
T  INDICATES TRACE AMOUNT.




$$
