000
CDUS44 KFWD 140637
CLIACT

CLIMATE REPORT
NATIONAL WEATHER SERVICE FORT WORTH TX
136 AM CDT THU AUG 14 2014


...................................

...THE WACO CLIMATE SUMMARY FOR AUGUST 13 2014...

CLIMATE NORMAL PERIOD 1981 TO 2010
CLIMATE RECORD PERIOD 1901 TO 2014


WEATHER ITEM   OBSERVED TIME   RECORD YEAR NORMAL DEPARTURE LAST
                VALUE   (LST)  VALUE       VALUE  FROM      YEAR
                                                  NORMAL
..................................................................
TEMPERATURE (F)
 YESTERDAY
  MAXIMUM         96    429 PM 110    1969  98     -2      101
  MINIMUM         73   1157 PM  60    1967  74     -1       78
  AVERAGE         85                        86     -1       90

PRECIPITATION (IN)
  YESTERDAY        0.00          1.52 1941   0.06  -0.06     0.00
  MONTH TO DATE    0.21                      0.78  -0.57      T
  SINCE JUN 1      8.67                      6.00   2.67     7.12
  SINCE JAN 1     19.81                     20.89  -1.08    21.21

DEGREE DAYS
 HEATING
  YESTERDAY        0                         0      0        0
  MONTH TO DATE    0                         0      0        0
  SINCE JUN 1      0                         0      0        0
  SINCE JUL 1      0                         0      0        0

 COOLING
  YESTERDAY       20                        21     -1       25
  MONTH TO DATE  264                       273     -9      298
  SINCE JUN 1   1308                      1387    -79     1448
  SINCE JAN 1   1695                      1839   -144     1865
..................................................................


WIND (MPH)
  HIGHEST WIND SPEED    16   HIGHEST WIND DIRECTION     N (20)
  HIGHEST GUST SPEED    19   HIGHEST GUST DIRECTION    NE (40)
  AVERAGE WIND SPEED     4.8


SKY COVER
  POSSIBLE SUNSHINE  MM
  AVERAGE SKY COVER 0.0


WEATHER CONDITIONS
 THE FOLLOWING WEATHER WAS RECORDED YESTERDAY.
  NO SIGNIFICANT WEATHER WAS OBSERVED.


RELATIVE HUMIDITY (PERCENT)
 HIGHEST    90           500 AM
 LOWEST     28           300 PM
 AVERAGE    59

..........................................................


THE WACO CLIMATE NORMALS FOR TODAY
                         NORMAL    RECORD    YEAR
 MAXIMUM TEMPERATURE (F)   97       108      1969
 MINIMUM TEMPERATURE (F)   74        60      1967


SUNRISE AND SUNSET
AUGUST 14 2014........SUNRISE   653 AM CDT   SUNSET   813 PM CDT
AUGUST 15 2014........SUNRISE   654 AM CDT   SUNSET   812 PM CDT


-  INDICATES NEGATIVE NUMBERS.
R  INDICATES RECORD WAS SET OR TIED.
MM INDICATES DATA IS MISSING.
T  INDICATES TRACE AMOUNT.




$$
