000
CDUS44 KFWD 110642
CLIACT


CLIMATE REPORT
NATIONAL WEATHER SERVICE FORT WORTH TX
141 AM CDT SUN SEP 11 2016


...................................

...THE WACO CLIMATE SUMMARY FOR SEPTEMBER 10 2016...

CLIMATE NORMAL PERIOD 1981 TO 2010
CLIMATE RECORD PERIOD 1901 TO 2016


WEATHER ITEM   OBSERVED TIME   RECORD YEAR NORMAL DEPARTURE LAST
                VALUE   (LST)  VALUE       VALUE  FROM      YEAR
                                                  NORMAL
..................................................................
TEMPERATURE (F)
 YESTERDAY
  MAXIMUM         87    327 PM 102    1909  92     -5       96
  MINIMUM         69    720 AM  52    2011  68      1       75
  AVERAGE         78                        80     -2       86

PRECIPITATION (IN)
  YESTERDAY        0.02          3.51 1990   0.11  -0.09      T
  MONTH TO DATE    0.02                      1.02  -1.00     0.31
  SINCE SEP 1      0.02                      1.02  -1.00     0.31
  SINCE JAN 1     32.00                     23.18   8.82    28.48

DEGREE DAYS
 HEATING
  YESTERDAY        0                         0      0        0
  MONTH TO DATE    0                         0      0        0
  SINCE SEP 1      0                         0      0        0
  SINCE JUL 1      0                         0      0        0

 COOLING
  YESTERDAY       13                        15     -2       21
  MONTH TO DATE  178                       164     14      206
  SINCE SEP 1    178                       164     14      206
  SINCE JAN 1   2418                      2359     59     2461
..................................................................


WIND (MPH)
  HIGHEST WIND SPEED    28   HIGHEST WIND DIRECTION     N (10)
  HIGHEST GUST SPEED    37   HIGHEST GUST DIRECTION     N (10)
  AVERAGE WIND SPEED    10.1


SKY COVER
  POSSIBLE SUNSHINE  MM
  AVERAGE SKY COVER 0.3


WEATHER CONDITIONS
 THE FOLLOWING WEATHER WAS RECORDED YESTERDAY.
  THUNDERSTORM
  RAIN
  LIGHT RAIN
  FOG


RELATIVE HUMIDITY (PERCENT)
 HIGHEST   100           500 AM
 LOWEST     51           400 PM
 AVERAGE    76

..........................................................


THE WACO CLIMATE NORMALS FOR TODAY
                         NORMAL    RECORD    YEAR
 MAXIMUM TEMPERATURE (F)   91       104      2011
 MINIMUM TEMPERATURE (F)   68        55      1907


SUNRISE AND SUNSET
SEPTEMBER 11 2016.....SUNRISE   711 AM CDT   SUNSET   739 PM CDT
SEPTEMBER 12 2016.....SUNRISE   711 AM CDT   SUNSET   738 PM CDT


-  INDICATES NEGATIVE NUMBERS.
R  INDICATES RECORD WAS SET OR TIED.
MM INDICATES DATA IS MISSING.
T  INDICATES TRACE AMOUNT.




$$
