000
CDUS44 KFWD 170650
CLIACT


CLIMATE REPORT
NATIONAL WEATHER SERVICE FORT WORTH TX
146 AM CDT SUN SEP 17 2017

...................................

...THE WACO CLIMATE SUMMARY FOR SEPTEMBER 16 2017...

CLIMATE NORMAL PERIOD 1981 TO 2010
CLIMATE RECORD PERIOD 1901 TO 2017

WEATHER ITEM   OBSERVED TIME   RECORD YEAR NORMAL DEPARTURE LAST
                VALUE   (LST)  VALUE       VALUE  FROM      YEAR
                                                  NORMAL
..................................................................
TEMPERATURE (F)
 YESTERDAY
  MAXIMUM         95    312 PM 101    1980  90      5       96
  MINIMUM         74    639 AM  51    1993  66      8       71
                                      1989
  AVERAGE         85                        78      7       84

PRECIPITATION (IN)
  YESTERDAY        0.00          2.87 1987   0.10  -0.10     0.00
  MONTH TO DATE    0.00                      1.62  -1.62     0.05
  SINCE SEP 1      0.00                      1.62  -1.62     0.05
  SINCE JAN 1     28.71                     23.78   4.93    32.03

DEGREE DAYS
 HEATING
  YESTERDAY        0                         0      0        0
  MONTH TO DATE    0                         0      0        0
  SINCE SEP 1      0                         0      0        0
  SINCE JUL 1      0                         0      0        0

 COOLING
  YESTERDAY       20                        13      7       19
  MONTH TO DATE  202                       247    -45      277
  SINCE SEP 1    202                       247    -45      277
  SINCE JAN 1   2542                      2442    100     2517
..................................................................

WIND (MPH)
  HIGHEST WIND SPEED    18   HIGHEST WIND DIRECTION     S (180)
  HIGHEST GUST SPEED    24   HIGHEST GUST DIRECTION     S (160)
  AVERAGE WIND SPEED    11.4


SKY COVER
  POSSIBLE SUNSHINE  MM
  AVERAGE SKY COVER 0.3


WEATHER CONDITIONS
 THE FOLLOWING WEATHER WAS RECORDED YESTERDAY.
  NO SIGNIFICANT WEATHER WAS OBSERVED.


RELATIVE HUMIDITY (PERCENT)
 HIGHEST    87           300 AM
 LOWEST     41           200 PM
 AVERAGE    64

..........................................................

THE WACO CLIMATE NORMALS FOR TODAY
                         NORMAL    RECORD    YEAR
 MAXIMUM TEMPERATURE (F)   89       100      1997
                                             1911
 MINIMUM TEMPERATURE (F)   66        48      1903


SUNRISE AND SUNSET
SEPTEMBER 17 2017.....SUNRISE   714 AM CDT   SUNSET   732 PM CDT
SEPTEMBER 18 2017.....SUNRISE   715 AM CDT   SUNSET   730 PM CDT


-  INDICATES NEGATIVE NUMBERS.
R  INDICATES RECORD WAS SET OR TIED.
MM INDICATES DATA IS MISSING.
T  INDICATES TRACE AMOUNT.


$$
