366
CDUS44 KFWD 240656
CLIACT


CLIMATE REPORT
NATIONAL WEATHER SERVICE FORT WORTH TX
156 AM CDT MON JUL 24 2017


...................................

...THE WACO CLIMATE SUMMARY FOR JULY 23 2017...

CLIMATE NORMAL PERIOD 1981 TO 2010
CLIMATE RECORD PERIOD 1901 TO 2017


WEATHER ITEM   OBSERVED TIME   RECORD YEAR NORMAL DEPARTURE LAST
                VALUE   (LST)  VALUE       VALUE  FROM      YEAR
                                                  NORMAL
..................................................................
TEMPERATURE (F)
 YESTERDAY
  MAXIMUM        102    225 PM 107    1974  97      5      101
  MINIMUM         79   1124 PM  62    1915  75      4       78
  AVERAGE         91                        86      5       90

PRECIPITATION (IN)
  YESTERDAY        0.00          1.04 1936   0.06  -0.06     0.00
  MONTH TO DATE    2.09                      1.34   0.75      T
  SINCE JUN 1      6.83                      4.77   2.06     4.59
  SINCE JAN 1     26.14                     19.66   6.48    27.23

DEGREE DAYS
 HEATING
  YESTERDAY        0                         0      0        0
  MONTH TO DATE    0                         0      0        0
  SINCE JUN 1      0                         0      0        0
  SINCE JUL 1      0                         0      0        0

 COOLING
  YESTERDAY       26                        21      5       25
  MONTH TO DATE  481                       458     23      521
  SINCE JUN 1    998                       946     52     1050
  SINCE JAN 1   1567                      1398    169     1441
..................................................................


WIND (MPH)
  HIGHEST WIND SPEED    18   HIGHEST WIND DIRECTION    SW (230)
  HIGHEST GUST SPEED    24   HIGHEST GUST DIRECTION    SW (230)
  AVERAGE WIND SPEED     9.0


SKY COVER
  POSSIBLE SUNSHINE  MM
  AVERAGE SKY COVER 0.1


WEATHER CONDITIONS
 THE FOLLOWING WEATHER WAS RECORDED YESTERDAY.
  THUNDERSTORM


RELATIVE HUMIDITY (PERCENT)
 HIGHEST    85           600 AM
 LOWEST     37           100 PM
 AVERAGE    61

..........................................................


THE WACO CLIMATE NORMALS FOR TODAY
                         NORMAL    RECORD    YEAR
 MAXIMUM TEMPERATURE (F)   97       105      2011
                                             1977
                                             1969
 MINIMUM TEMPERATURE (F)   75        65      1989
                                             1942
                                             1915


SUNRISE AND SUNSET
JULY 24 2017..........SUNRISE   640 AM CDT   SUNSET   830 PM CDT
JULY 25 2017..........SUNRISE   641 AM CDT   SUNSET   830 PM CDT


-  INDICATES NEGATIVE NUMBERS.
R  INDICATES RECORD WAS SET OR TIED.
MM INDICATES DATA IS MISSING.
T  INDICATES TRACE AMOUNT.




$$
