000
CDUS44 KFWD 252231 RRA
CLIACT

CLIMATE REPORT
NATIONAL WEATHER SERVICE
FORT WORTH TX

428 PM CST WED FEB 25 2015


...................................

...THE WACO CLIMATE SUMMARY FOR FEBRUARY 25 2015...
VALID AS OF 0400 PM LOCAL TIME.

CLIMATE NORMAL PERIOD 1981 TO 2010
CLIMATE RECORD PERIOD 1901 TO 2015


WEATHER ITEM   OBSERVED TIME   RECORD YEAR NORMAL DEPARTURE LAST
                VALUE   (LST)  VALUE       VALUE  FROM      YEAR
                                                  NORMAL
..................................................................
TEMPERATURE (F)
 TODAY
  MAXIMUM         49    359 PM  95    1918  64    -15       60
  MINIMUM         32    937 AM  19    1960  42    -10       45
  AVERAGE         41

PRECIPITATION (IN)
  TODAY            0.36          2.00 2000   0.11   0.25     0.18
  MONTH TO DATE    1.16                      2.31  -1.15     0.45
  SINCE DEC 1      5.18                      7.18  -2.00     2.09
  SINCE JAN 1      4.64                      4.43   0.21     0.75

SNOWFALL (IN)
  TODAY            0.7          13.0  1924   0.0    0.7      0.0
  MONTH TO DATE    0.7                       0.5    0.2       T
  SINCE DEC 1      0.7                       0.8   -0.1       T
  SINCE JUL 1      0.7                       0.9   -0.2       T
  SNOW DEPTH       0

..................................................................


WIND (MPH)
  HIGHEST WIND SPEED    22   HIGHEST WIND DIRECTION     E (110)
  HIGHEST GUST SPEED    23   HIGHEST GUST DIRECTION     E (110)
  AVERAGE WIND SPEED     3.7




..........................................................


THE WACO CLIMATE NORMALS FOR TOMORROW
                         NORMAL    RECORD    YEAR
 MAXIMUM TEMPERATURE (F)   64        90      1954
 MINIMUM TEMPERATURE (F)   43        22      2002


SUNRISE AND SUNSET
FEBRUARY 25 2015......SUNRISE   701 AM CST   SUNSET   624 PM CST
FEBRUARY 26 2015......SUNRISE   659 AM CST   SUNSET   624 PM CST


-  INDICATES NEGATIVE NUMBERS.
R  INDICATES RECORD WAS SET OR TIED.
MM INDICATES DATA IS MISSING.
T  INDICATES TRACE AMOUNT.




$$
