000
CDUS44 KFWD 190640
CLIACT


CLIMATE REPORT
NATIONAL WEATHER SERVICE FORT WORTH TX
140 AM CDT FRI MAY 19 2017


...................................

...THE WACO CLIMATE SUMMARY FOR MAY 18 2017...

CLIMATE NORMAL PERIOD 1981 TO 2010
CLIMATE RECORD PERIOD 1901 TO 2017


WEATHER ITEM   OBSERVED TIME   RECORD YEAR NORMAL DEPARTURE LAST
                VALUE   (LST)  VALUE       VALUE  FROM      YEAR
                                                  NORMAL
..................................................................
TEMPERATURE (F)
 YESTERDAY
  MAXIMUM         92    313 PM  95    1956  86      6       69
  MINIMUM         75    541 AM  50    2009  65     10       60
                                      1976
  AVERAGE         84                        75      9       65

PRECIPITATION (IN)
  YESTERDAY        T             2.47 1930   0.13  -0.13      T
  MONTH TO DATE    0.07                      2.47  -2.40     2.78
  SINCE MAR 1     10.42                      8.31   2.11    14.66
  SINCE JAN 1     16.58                     13.06   3.52    17.11

DEGREE DAYS
 HEATING
  YESTERDAY        0                         0      0        0
  MONTH TO DATE    3                         4     -1        9
  SINCE MAR 1    159                       328   -169      212
  SINCE JUL 1   1335                      2140   -805     1689

 COOLING
  YESTERDAY       19                        10      9        0
  MONTH TO DATE  142                       144     -2      102
  SINCE MAR 1    373                       289     84      238
  SINCE JAN 1    431                       298    133      246
..................................................................


WIND (MPH)
  HIGHEST WIND SPEED    28   HIGHEST WIND DIRECTION    SE (150)
  HIGHEST GUST SPEED    36   HIGHEST GUST DIRECTION     S (160)
  AVERAGE WIND SPEED    16.6


SKY COVER
  POSSIBLE SUNSHINE  MM
  AVERAGE SKY COVER 0.6


WEATHER CONDITIONS
 THE FOLLOWING WEATHER WAS RECORDED YESTERDAY.
  LIGHT RAIN
  FOG
  HAZE


RELATIVE HUMIDITY (PERCENT)
 HIGHEST    94           600 AM
 LOWEST     47           400 PM
 AVERAGE    71

..........................................................


THE WACO CLIMATE NORMALS FOR TODAY
                         NORMAL    RECORD    YEAR
 MAXIMUM TEMPERATURE (F)   86        95      2008
                                             1956
                                             1933
 MINIMUM TEMPERATURE (F)   65        47      2002


SUNRISE AND SUNSET
MAY 19 2017...........SUNRISE   630 AM CDT   SUNSET   821 PM CDT
MAY 20 2017...........SUNRISE   629 AM CDT   SUNSET   822 PM CDT


-  INDICATES NEGATIVE NUMBERS.
R  INDICATES RECORD WAS SET OR TIED.
MM INDICATES DATA IS MISSING.
T  INDICATES TRACE AMOUNT.




$$
