000
CDUS44 KFWD 220648
CLIACT


CLIMATE REPORT
NATIONAL WEATHER SERVICE FORT WORTH TX
147 AM CDT SAT APR 22 2017

...THE WACO CLIMATE SUMMARY FOR APRIL 21 2017...

CLIMATE NORMAL PERIOD 1981 TO 2010
CLIMATE RECORD PERIOD 1901 TO 2017


WEATHER ITEM   OBSERVED TIME   RECORD YEAR NORMAL DEPARTURE LAST
                VALUE   (LST)  VALUE       VALUE  FROM      YEAR
                                                  NORMAL
..................................................................
TEMPERATURE (F)
 YESTERDAY
  MAXIMUM         84    421 PM  94    1925  79      5       79
  MINIMUM         68    309 AM  43    1910  56     12       60
  AVERAGE         76                        68      8       70

PRECIPITATION (IN)
  YESTERDAY        0.00          2.56 1945   0.10  -0.10     0.87
  MONTH TO DATE    6.94                      1.72   5.22     5.43
  SINCE MAR 1     10.26                      4.87   5.39    10.76
  SINCE JAN 1     16.42                      9.62   6.80    13.21

SNOWFALL (IN)
  YESTERDAY        0.0           0.0    MM   0.0    0.0      0.0
  MONTH TO DATE    0.0                       0.1   -0.1      0.0
  SINCE MAR 1      0.0                       0.2   -0.2      0.0
  SINCE JUL 1      T                         1.0   -1.0      0.0
  SNOW DEPTH       0

DEGREE DAYS
 HEATING
  YESTERDAY        0                         2     -2        0
  MONTH TO DATE   18                        68    -50       52
  SINCE MAR 1    136                       314   -178      203
  SINCE JUL 1   1312                      2126   -814     1680

 COOLING
  YESTERDAY       11                         4      7        5
  MONTH TO DATE  105                        64     41       43
  SINCE MAR 1    200                        98    102       74
  SINCE JAN 1    258                       107    151       82
..................................................................


WIND (MPH)
  HIGHEST WIND SPEED    24   HIGHEST WIND DIRECTION     S (190)
  HIGHEST GUST SPEED    30   HIGHEST GUST DIRECTION     S (200)
  AVERAGE WIND SPEED    15.0


SKY COVER
  POSSIBLE SUNSHINE  MM
  AVERAGE SKY COVER 0.5


WEATHER CONDITIONS
 THE FOLLOWING WEATHER WAS RECORDED YESTERDAY.
  NO SIGNIFICANT WEATHER WAS OBSERVED.


RELATIVE HUMIDITY (PERCENT)
 HIGHEST    93           300 AM
 LOWEST     55           200 PM
 AVERAGE    74

..........................................................


THE WACO CLIMATE NORMALS FOR TODAY
                         NORMAL    RECORD    YEAR
 MAXIMUM TEMPERATURE (F)   79        92      2009
                                             1963
                                             1925
 MINIMUM TEMPERATURE (F)   56        39      1931


SUNRISE AND SUNSET
APRIL 22 2017.........SUNRISE   652 AM CDT   SUNSET   803 PM CDT
APRIL 23 2017.........SUNRISE   651 AM CDT   SUNSET   803 PM CDT


-  INDICATES NEGATIVE NUMBERS.
R  INDICATES RECORD WAS SET OR TIED.
MM INDICATES DATA IS MISSING.
T  INDICATES TRACE AMOUNT.




$$
