000
CDUS44 KFWD 240642
CLIACT


CLIMATE REPORT
NATIONAL WEATHER SERVICE FORT WORTH TX
142 AM CDT SAT SEP 24 2016

...THE WACO CLIMATE SUMMARY FOR SEPTEMBER 23 2016...

CLIMATE NORMAL PERIOD 1981 TO 2010
CLIMATE RECORD PERIOD 1901 TO 2016


WEATHER ITEM   OBSERVED TIME   RECORD YEAR NORMAL DEPARTURE LAST
                VALUE   (LST)  VALUE       VALUE  FROM      YEAR
                                                  NORMAL
..................................................................
TEMPERATURE (F)
 YESTERDAY
  MAXIMUM         94    254 PM  99    2005  87      7       95
                                      2000
  MINIMUM         76    652 AM  45    1999  64     12       68
  AVERAGE         85                        76      9       82

PRECIPITATION (IN)
  YESTERDAY        T             1.13 1928   0.11  -0.11     0.00
  MONTH TO DATE    0.33                      2.33  -2.00     0.31
  SINCE SEP 1      0.33                      2.33  -2.00     0.31
  SINCE JAN 1     32.31                     24.49   7.82    28.48

DEGREE DAYS
 HEATING
  YESTERDAY        0                         0      0        0
  MONTH TO DATE    0                         0      0        0
  SINCE SEP 1      0                         0      0        0
  SINCE JUL 1      0                         0      0        0

 COOLING
  YESTERDAY       20                        11      9       17
  MONTH TO DATE  415                       330     85      432
  SINCE SEP 1    415                       330     85      432
  SINCE JAN 1   2655                      2525    130     2687
..................................................................


WIND (MPH)
  HIGHEST WIND SPEED    23   HIGHEST WIND DIRECTION    SE (150)
  HIGHEST GUST SPEED    29   HIGHEST GUST DIRECTION    SE (130)
  AVERAGE WIND SPEED    10.6


SKY COVER
  POSSIBLE SUNSHINE  MM
  AVERAGE SKY COVER 0.3


WEATHER CONDITIONS
 THE FOLLOWING WEATHER WAS RECORDED YESTERDAY.
  LIGHT RAIN


RELATIVE HUMIDITY (PERCENT)
 HIGHEST   100           600 AM
 LOWEST     47           500 PM
 AVERAGE    74

..........................................................


THE WACO CLIMATE NORMALS FOR TODAY
                         NORMAL    RECORD    YEAR
 MAXIMUM TEMPERATURE (F)   87       102      1977
 MINIMUM TEMPERATURE (F)   63        46      1989


SUNRISE AND SUNSET
SEPTEMBER 24 2016.....SUNRISE   719 AM CDT   SUNSET   722 PM CDT
SEPTEMBER 25 2016.....SUNRISE   719 AM CDT   SUNSET   721 PM CDT


-  INDICATES NEGATIVE NUMBERS.
R  INDICATES RECORD WAS SET OR TIED.
MM INDICATES DATA IS MISSING.
T  INDICATES TRACE AMOUNT.




$$
